DROP DATABASE IF EXISTS bethesda;
CREATE DATABASE bethesda;
use bethesda;


CREATE TABLE `abscence` (
  `id` int NOT NULL AUTO_INCREMENT,
  `abscence_sheet_id` int NOT NULL,
  `student_id` int NOT NULL,
  `weight` int NOT NULL,
  `reason` varchar(255) CHARACTER SET utf8mb4 COLLATE utf8mb4_unicode_ci NOT NULL,
  `justified` tinyint(1) NOT NULL DEFAULT '0',
  PRIMARY KEY (`id`),
  KEY `IDX_BD71CDAB4C610E` (`abscence_sheet_id`),
  KEY `IDX_BD71CDACB944F1A` (`student_id`),
  CONSTRAINT `FK_BD71CDAB4C610E` FOREIGN KEY (`abscence_sheet_id`) REFERENCES `abscence_sheet` (`id`),
  CONSTRAINT `FK_BD71CDACB944F1A` FOREIGN KEY (`student_id`) REFERENCES `student` (`id`)
) ENGINE=InnoDB AUTO_INCREMENT=2473 DEFAULT CHARSET=utf8mb4 COLLATE=utf8mb4_unicode_ci;

--
-- Dumping data for table `abscence`
--

INSERT INTO `abscence` VALUES (6,2,1424,8,'RAS',0),(7,2,1430,0,'RAS',0),(8,2,1440,0,'RAS',0),(9,2,1439,0,'RAS',0),(10,2,1441,0,'RAS',0),(11,2,1445,7,'RAS',0),(12,2,1422,0,'RAS',0),(13,2,1468,0,'RAS',0),(14,2,518,0,'RAS',0),(15,2,1447,0,'RAS',0),(16,2,1438,0,'RAS',0),(17,2,1444,12,'RAS',0),(18,2,1437,17,'RAS',0),(19,2,1429,0,'RAS',0),(20,2,1466,0,'RAS',0),(21,2,1436,0,'RAS',0),(22,2,1443,0,'RAS',0),(23,2,1425,0,'RAS',0),(24,2,1433,0,'RAS',0),(25,2,1442,0,'RAS',0),(26,2,1432,8,'RAS',0),(27,2,1467,0,'RAS',0),(28,2,1423,0,'RAS',0),(29,2,1435,0,'RAS',0),(30,2,1427,0,'RAS',0),(31,2,1431,15,'RAS',0),(32,2,1446,0,'RAS',0),(33,2,1426,8,'RAS',0),(34,2,1491,10,'RAS',0),(35,3,1330,0,'RAS',0),(36,3,1343,7,'RAS',0),(37,3,1347,0,'RAS',0),(38,3,1525,0,'RAS',0),(39,3,1337,0,'RAS',0),(40,3,1315,0,'RAS',0),(41,3,1344,0,'RAS',0),(42,3,1316,0,'RAS',0),(43,3,1309,19,'RAS',0),(44,3,1290,7,'RAS',0),(45,3,1456,0,'RAS',0),(46,3,1457,0,'RAS',0),(47,3,1331,0,'RAS',0),(48,3,1313,0,'RAS',0),(49,3,1454,0,'RAS',0),(50,3,1306,0,'RAS',0),(51,3,1327,0,'RAS',0),(52,3,1345,0,'RAS',0),(53,3,1496,0,'RAS',0),(54,3,1488,6,'RAS',0),(55,3,1490,21,'RAS',0),(56,3,1312,15,'RAS',0),(57,3,1455,12,'RAS',0),(58,3,1296,6,'RAS',0),(59,3,1304,5,'RAS',0),(60,3,1294,7,'RAS',0),(61,3,1310,0,'RAS',0),(62,3,1318,0,'RAS',0),(63,3,1487,0,'RAS',0),(64,3,1350,0,'RAS',0),(65,3,1450,0,'RAS',0),(66,3,1314,0,'RAS',0),(67,3,1329,0,'RAS',0),(68,3,1302,0,'RAS',0),(69,3,1354,5,'RAS',0),(70,3,1453,4,'RAS',0),(71,3,1387,7,'RAS',0),(72,3,1458,0,'RAS',0),(73,3,1449,0,'RAS',0),(74,3,1320,5,'RAS',0),(75,3,1342,7,'RAS',0),(76,3,1378,0,'RAS',0),(77,3,1307,18,'RAS',0),(78,3,1485,0,'RAS',0),(79,3,1498,0,'RAS',0),(80,3,1351,10,'RAS',0),(81,3,1293,0,'RAS',0),(82,3,1317,0,'RAS',0),(83,3,1336,0,'RAS',0),(84,3,1497,0,'RAS',0),(85,3,1352,0,'RAS',0),(86,3,1328,5,'RAS',0),(87,3,1292,0,'RAS',0),(88,3,1305,0,'RAS',0),(89,3,1321,12,'RAS',0),(90,3,1489,0,'RAS',0),(91,3,1323,5,'RAS',0),(92,3,1325,0,'RAS',0),(93,3,1349,0,'RAS',0),(94,3,1334,0,'RAS',0),(95,3,1335,7,'RAS',0),(96,3,1322,0,'RAS',0),(97,3,1404,0,'RAS',0),(98,3,1326,0,'RAS',0),(99,4,1017,0,'RAS',0),(100,4,1022,0,'RAS',0),(101,4,1465,0,'RAS',0),(102,4,971,0,'RAS',0),(103,4,987,0,'RAS',0),(104,4,1495,11,'RAS',0),(105,4,1007,0,'RAS',0),(106,4,1130,11,'RAS',0),(107,4,981,0,'RAS',0),(108,4,977,0,'RAS',0),(109,4,1021,60,'RAS',0),(110,4,1012,0,'RAS',0),(111,4,1386,0,'RAS',0),(112,4,1469,0,'RAS',0),(113,4,986,0,'RAS',0),(114,4,970,0,'RAS',0),(115,4,1013,0,'RAS',0),(116,4,972,0,'RAS',0),(117,4,1384,0,'RAS',0),(118,5,988,0,'RAS',0),(119,5,1001,13,'RAS',0),(120,5,1011,19,'RAS',0),(121,5,1476,0,'RAS',0),(122,5,1000,0,'RAS',0),(123,5,1271,0,'RAS',0),(124,5,994,0,'RAS',0),(125,5,1008,7,'RAS',0),(126,5,975,0,'RAS',0),(127,5,1010,6,'RAS',0),(128,5,1464,30,'RAS',0),(129,5,1470,59,'RAS',0),(130,5,989,0,'RAS',0),(131,5,1009,0,'RAS',0),(132,5,1015,0,'RAS',0),(133,5,983,7,'RAS',0),(134,5,984,11,'RAS',0),(135,5,999,0,'RAS',0),(136,5,1471,6,'RAS',0),(137,5,1248,0,'RAS',0),(138,5,1255,18,'RAS',0),(139,5,1287,0,'RAS',0),(140,5,1018,32,'RAS',0),(141,5,1524,0,'RAS',0),(142,6,1042,0,'RAS',0),(143,6,1069,3,'RAS',0),(144,6,839,8,'RAS',0),(145,6,498,0,'RAS',0),(146,6,822,0,'RAS',0),(147,6,1267,7,'RAS',0),(148,6,820,12,'RAS',0),(149,6,829,0,'RAS',0),(150,6,810,0,'RAS',0),(151,6,830,0,'RAS',0),(152,6,1474,74,'RAS',0),(153,6,1079,0,'RAS',0),(154,6,751,0,'RAS',0),(155,6,1067,6,'RAS',0),(156,6,817,0,'RAS',0),(157,6,1059,7,'RAS',0),(158,6,811,0,'RAS',0),(159,6,813,20,'RAS',0),(160,7,1165,0,'RAS',0),(161,7,744,0,'RAS',0),(162,7,853,5,'RAS',0),(163,7,832,20,'RAS',0),(164,7,734,6,'RAS',0),(165,7,746,0,'RAS',0),(166,7,1070,5,'RAS',0),(167,7,735,0,'RAS',0),(168,7,1389,0,'RAS',0),(169,7,1045,0,'RAS',0),(170,7,1164,0,'RAS',0),(171,7,747,0,'RAS',0),(172,7,828,0,'RAS',0),(173,7,1388,0,'RAS',0),(174,7,1218,0,'RAS',0),(175,7,838,4,'RAS',0),(176,7,1044,0,'RAS',0),(177,7,854,0,'RAS',0),(178,7,740,0,'RAS',0),(179,7,743,0,'RAS',0),(180,7,1251,0,'RAS',0),(181,7,825,0,'RAS',0),(182,7,1250,7,'RAS',0),(183,7,732,2,'RAS',0),(184,7,1475,0,'RAS',0),(185,7,1260,100,'RAS',0),(186,7,1058,0,'RAS',0),(187,7,1477,9,'RAS',0),(188,7,742,0,'RAS',0),(189,7,729,6,'RAS',0),(190,8,611,5,'RAS',0),(191,8,952,4,'RAS',0),(192,8,536,10,'RAS',0),(193,8,1383,21,'RAS',0),(194,8,588,0,'RAS',0),(195,8,1526,0,'RAS',0),(196,8,500,0,'RAS',0),(197,9,1394,0,'RAS',0),(198,9,573,7,'RAS',0),(199,9,1501,7,'RAS',0),(200,9,1500,0,'RAS',0),(201,9,583,0,'RAS',0),(202,9,1046,25,'RAS',0),(203,9,233,7,'RAS',0),(204,9,1518,0,'RAS',0),(205,9,1517,0,'RAS',0),(206,9,1395,31,'RAS',0),(207,9,1391,95,'RAS',0),(208,10,486,0,'RAS',0),(209,10,959,0,'RAS',0),(210,10,577,1,'RAS',0),(211,10,586,12,'RAS',0),(212,10,1392,0,'RAS',0),(213,10,550,0,'RAS',0),(214,10,1390,2,'RAS',0),(215,10,1503,24,'RAS',0),(216,10,491,0,'RAS',0),(217,10,567,0,'RAS',0),(218,10,1502,0,'RAS',0),(219,10,559,0,'RAS',0),(220,10,544,0,'RAS',0),(221,10,1108,8,'RAS',0),(222,10,934,8,'RAS',0),(223,10,848,0,'RAS',0),(224,10,1393,0,'RAS',0),(225,11,1258,8,'RAS',0),(226,11,1506,20,'RAS',0),(227,11,4,45,'RAS',0),(228,11,1177,0,'RAS',0),(229,11,1087,0,'RAS',0),(230,11,524,0,'RAS',0),(231,11,1028,14,'RAS',0),(232,12,1138,0,'RAS',0),(233,12,1478,2,'RAS',0),(234,12,1137,0,'RAS',0),(235,12,521,0,'RAS',0),(236,12,1479,0,'RAS',0),(237,12,1259,0,'RAS',0),(238,13,17,87,'RAS',0),(239,13,246,2,'RAS',0),(240,13,1504,21,'RAS',0),(241,13,772,0,'RAS',0),(242,13,1492,4,'RAS',0),(243,13,1256,15,'RAS',0),(244,14,1089,0,'RAS',0),(245,14,1505,13,'RAS',0),(246,14,1084,0,'RAS',0),(247,14,247,34,'RAS',0),(248,14,343,11,'RAS',0),(249,14,1513,32,'RAS',0),(250,14,1514,13,'RAS',0),(251,14,1074,0,'RAS',0),(252,14,523,0,'RAS',0),(253,14,1081,7,'RAS',0),(254,14,1494,53,'RAS',0),(255,14,1512,41,'RAS',0),(256,15,1483,18,'RAS',0),(257,15,531,0,'RAS',0),(258,15,6,8,'RAS',0),(259,15,97,0,'RAS',0),(260,15,969,10,'RAS',0),(261,15,1481,0,'RAS',0),(262,15,200,6,'RAS',0),(263,15,683,52,'RAS',0),(264,15,1134,0,'RAS',0),(265,15,530,0,'RAS',0),(266,15,1400,0,'RAS',0),(267,15,1230,0,'RAS',0),(268,15,104,0,'RAS',0),(269,15,1279,6,'RAS',0),(270,15,1480,2,'RAS',0),(271,15,784,14,'RAS',0),(272,16,1493,12,'RAS',0),(273,16,12,0,'RAS',0),(274,16,39,0,'RAS',0),(275,16,308,0,'RAS',0),(276,16,802,15,'RAS',0),(277,17,145,79,'RAS',0),(278,17,1484,4,'RAS',0),(279,17,303,0,'RAS',0),(280,17,515,6,'RAS',0),(281,17,139,19,'RAS',0),(282,17,964,32,'RAS',0),(283,17,1131,0,'RAS',0),(284,17,1281,0,'RAS',0),(285,17,1132,10,'RAS',0),(286,18,1399,98,'RAS',0),(287,18,1224,10,'RAS',0),(288,18,1265,32,'RAS',0),(289,19,1416,13,'RAS',0),(290,19,1412,0,'RAS',0),(291,19,1413,41,'RAS',0),(292,19,1417,0,'RAS',0),(293,19,1418,0,'RAS',0),(294,19,1419,40,'RAS',0),(295,19,1421,0,'RAS',0),(296,19,1523,29,'RAS',0),(297,19,1415,0,'RAS',0),(298,19,1409,13,'RAS',0),(299,19,1411,54,'RAS',0),(300,19,1414,7,'RAS',0),(301,19,1410,52,'RAS',0),(302,19,1420,0,'RAS',0),(303,20,1367,9,'RAS',0),(304,20,1368,0,'RAS',0),(305,20,1363,8,'RAS',0),(306,20,1357,0,'RAS',0),(307,20,1361,2,'RAS',0),(308,20,1486,2,'RAS',0),(309,20,1507,0,'RAS',0),(310,20,1462,8,'RAS',0),(311,20,1359,6,'RAS',0),(312,20,1355,69,'RAS',0),(313,20,1463,1,'RAS',0),(314,20,1460,37,'RAS',0),(315,20,1461,4,'RAS',0),(316,20,1509,10,'RAS',0),(317,20,1369,0,'RAS',0),(318,20,1371,0,'RAS',0),(319,20,1373,0,'RAS',0),(320,20,1510,0,'RAS',0),(321,20,1459,0,'RAS',0),(322,21,1183,0,'RAS',0),(323,21,1472,0,'RAS',0),(324,21,1242,0,'RAS',0),(325,21,1163,0,'RAS',0),(326,21,1473,11,'RAS',0),(327,21,1162,51,'RAS',0),(328,21,1154,0,'RAS',0),(329,21,1181,11,'RAS',0),(330,21,1175,26,'RAS',0),(331,21,967,0,'RAS',0),(332,21,1240,7,'RAS',0),(333,21,1253,19,'RAS',0),(334,21,1245,0,'RAS',0),(335,21,1272,45,'RAS',0),(336,21,1161,0,'RAS',0),(337,21,1173,18,'RAS',0),(338,21,1155,13,'RAS',0),(339,21,1375,0,'RAS',0),(340,21,1374,4,'RAS',0),(341,22,1285,0,'RAS',0),(342,22,1232,0,'RAS',0),(343,22,1516,21,'RAS',0),(344,22,1037,0,'RAS',0),(345,22,1239,31,'RAS',0),(346,22,1119,7,'RAS',0),(347,22,1511,4,'RAS',0),(348,22,1110,52,'RAS',0),(349,22,1515,0,'RAS',0),(350,22,1036,0,'RAS',0),(351,22,1122,0,'RAS',0),(352,22,1284,25,'RAS',0),(353,22,1286,10,'RAS',0),(354,22,1125,4,'RAS',0),(355,23,1097,14,'RAS',0),(356,23,1031,0,'RAS',0),(357,23,888,0,'RAS',0),(358,23,1123,0,'RAS',0),(359,23,1118,5,'RAS',0),(360,23,1117,0,'RAS',0),(361,23,1113,32,'RAS',0),(362,24,881,0,'RAS',0),(363,24,1197,0,'RAS',0),(364,24,429,0,'RAS',0),(365,24,1051,8,'RAS',0),(366,24,1195,0,'RAS',0),(367,24,603,0,'RAS',0),(368,24,1198,0,'RAS',0),(369,24,602,0,'RAS',0),(370,24,1194,8,'RAS',0),(371,24,1274,0,'RAS',0),(372,24,1521,48,'RAS',0),(373,24,1273,0,'RAS',0),(374,25,624,33,'RAS',0),(375,25,1522,8,'RAS',0),(376,25,1519,131,'RAS',0),(377,25,1377,15,'RAS',0),(378,25,1199,8,'RAS',0),(379,25,878,22,'RAS',0),(380,26,1330,0,'RAS',0),(381,26,1343,0,'RAS',0),(382,26,1347,0,'RAS',0),(383,26,1525,0,'RAS',0),(384,26,1337,0,'RAS',0),(385,26,1315,0,'RAS',0),(386,26,1344,0,'RAS',0),(387,26,1316,0,'RAS',0),(388,26,1309,0,'RAS',0),(389,26,1290,0,'RAS',0),(390,26,1456,0,'RAS',0),(391,26,1457,0,'RAS',0),(392,26,1331,0,'RAS',0),(393,26,1313,0,'RAS',0),(394,26,1454,0,'RAS',0),(395,26,1306,0,'RAS',0),(396,26,1327,0,'RAS',0),(397,26,1345,0,'RAS',0),(398,26,1496,0,'RAS',0),(399,26,1488,0,'RAS',0),(400,26,1490,0,'RAS',0),(401,26,1312,0,'RAS',0),(402,26,1455,0,'RAS',0),(403,26,1296,0,'RAS',0),(404,26,1304,0,'RAS',0),(405,26,1294,0,'RAS',0),(406,26,1310,0,'RAS',0),(407,26,1318,0,'RAS',0),(408,26,1487,0,'RAS',0),(409,26,1350,0,'RAS',0),(410,26,1450,0,'RAS',0),(411,26,1314,0,'RAS',0),(412,26,1329,0,'RAS',0),(413,26,1302,0,'RAS',0),(414,26,1354,0,'RAS',0),(415,26,1453,0,'RAS',0),(416,26,1387,0,'RAS',0),(417,26,1458,0,'RAS',0),(418,26,1449,0,'RAS',0),(419,26,1320,0,'RAS',0),(420,26,1342,0,'RAS',0),(421,26,1378,0,'RAS',0),(422,26,1307,0,'RAS',0),(423,26,1485,0,'RAS',0),(424,26,1498,0,'RAS',0),(425,26,1351,0,'RAS',0),(426,26,1293,0,'RAS',0),(427,26,1317,0,'RAS',0),(428,26,1336,0,'RAS',0),(429,26,1497,0,'RAS',0),(430,26,1352,0,'RAS',0),(431,26,1328,0,'RAS',0),(432,26,1292,0,'RAS',0),(433,26,1305,0,'RAS',0),(434,26,1321,0,'RAS',0),(435,26,1489,0,'RAS',0),(436,26,1323,0,'RAS',0),(437,26,1325,0,'RAS',0),(438,26,1349,0,'RAS',0),(439,26,1334,0,'RAS',0),(440,26,1335,0,'RAS',0),(441,26,1322,0,'RAS',0),(442,26,1404,0,'RAS',0),(443,26,1326,0,'ras',0),(444,27,1424,0,'RAS',0),(445,27,1430,0,'RAS',0),(446,27,1440,0,'RAS',0),(447,27,1439,0,'RAS',0),(448,27,1441,0,'RAS',0),(449,27,1445,0,'RAS',0),(450,27,1422,0,'RAS',0),(451,27,1468,0,'RAS',0),(452,27,518,0,'RAS',0),(453,27,1447,0,'RAS',0),(454,27,1438,0,'RAS',0),(455,27,1444,0,'RAS',0),(456,27,1437,0,'RAS',0),(457,27,1429,0,'RAS',0),(458,27,1466,0,'RAS',0),(459,27,1436,0,'RAS',0),(460,27,1443,0,'RAS',0),(461,27,1425,0,'RAS',0),(462,27,1433,0,'RAS',0),(463,27,1442,0,'RAS',0),(464,27,1432,0,'RAS',0),(465,27,1467,0,'RAS',0),(466,27,1423,0,'RAS',0),(467,27,1435,0,'RAS',0),(468,27,1427,0,'RAS',0),(469,27,1431,0,'RAS',0),(470,27,1446,0,'RAS',0),(471,27,1426,0,'RAS',0),(472,27,1491,0,'RAS',0),(473,28,1017,0,'RAS',0),(474,28,1022,0,'RAS',0),(475,28,1465,0,'RAS',0),(476,28,971,0,'RAS',0),(477,28,987,0,'RAS',0),(478,28,1495,0,'RAS',0),(479,28,1007,0,'RAS',0),(480,28,1130,0,'RAS',0),(481,28,981,0,'RAS',0),(482,28,977,0,'RAS',0),(483,28,1021,0,'RAS',0),(484,28,1012,0,'RAS',0),(485,28,1386,0,'RAS',0),(486,28,1469,0,'RAS',0),(487,28,986,0,'RAS',0),(488,28,970,0,'RAS',0),(489,28,1013,0,'RAS',0),(490,28,972,0,'RAS',0),(491,28,1384,0,'RAS',0),(492,29,1285,0,'RAS',0),(493,29,1232,0,'RAS',0),(494,29,1516,0,'RAS',0),(495,29,1037,0,'RAS',0),(496,29,1239,0,'RAS',0),(497,29,1119,0,'RAS',0),(498,29,1511,0,'RAS',0),(499,29,1110,0,'RAS',0),(500,29,1515,0,'RAS',0),(501,29,1036,0,'RAS',0),(502,29,1122,0,'RAS',0),(503,29,1284,0,'RAS',0),(504,29,1286,0,'RAS',0),(505,29,1125,0,'RAS',0),(506,30,1042,0,'RAS',0),(507,30,1069,0,'RAS',0),(508,30,839,0,'RAS',0),(509,30,498,0,'RAS',0),(510,30,822,0,'RAS',0),(511,30,1267,0,'RAS',0),(512,30,820,0,'RAS',0),(513,30,829,0,'RAS',0),(514,30,810,0,'RAS',0),(515,30,830,0,'RAS',0),(516,30,1474,0,'RAS',0),(517,30,1079,0,'RAS',0),(518,30,751,0,'RAS',0),(519,30,1067,0,'RAS',0),(520,30,817,0,'RAS',0),(521,30,1059,0,'RAS',0),(522,30,811,0,'RAS',0),(523,30,813,0,'RAS',0),(524,31,1089,0,'RAS',0),(525,31,1505,0,'RAS',0),(526,31,1084,0,'RAS',0),(527,31,247,0,'RAS',0),(528,31,343,0,'RAS',0),(529,31,1513,0,'RAS',0),(530,31,1514,0,'RAS',0),(531,31,1074,0,'RAS',0),(532,31,523,0,'RAS',0),(533,31,1081,0,'RAS',0),(534,31,1494,0,'RAS',0),(535,31,1512,0,'RAS',0),(536,32,1258,0,'RAS',0),(537,32,1506,0,'RAS',0),(538,32,4,0,'RAS',0),(539,32,1177,0,'RAS',0),(540,32,1087,0,'RAS',0),(541,32,524,0,'RAS',0),(542,32,1028,0,'RAS',0),(543,33,1138,0,'RAS',0),(544,33,1478,0,'RAS',0),(545,33,1137,0,'RAS',0),(546,33,521,0,'RAS',0),(547,33,1479,0,'RAS',0),(548,33,1259,0,'RAS',0),(549,34,611,0,'RAS',0),(550,34,952,0,'RAS',0),(551,34,536,0,'RAS',0),(552,34,1383,0,'RAS',0),(553,34,588,0,'RAS',0),(554,34,1526,0,'RAS',0),(555,34,500,0,'RAS',0),(556,35,1399,0,'RAS',0),(557,35,1224,0,'RAS',0),(558,35,1265,0,'RAS',0),(559,36,145,0,'RAS',0),(560,36,1484,0,'RAS',0),(561,36,303,0,'RAS',0),(562,36,515,0,'RAS',0),(563,36,139,0,'RAS',0),(564,36,964,0,'RAS',0),(565,36,1131,0,'RAS',0),(566,36,1281,0,'RAS',0),(567,36,1132,0,'RAS',0),(577,38,1493,0,'RAS',0),(578,38,12,0,'RAS',0),(579,38,39,0,'RAS',0),(580,38,308,0,'RAS',0),(581,38,802,0,'RAS',0),(582,39,1483,0,'RAS',0),(583,39,531,0,'RAS',0),(584,39,6,0,'RAS',0),(585,39,97,0,'RAS',0),(586,39,969,0,'RAS',0),(587,39,1481,0,'RAS',0),(588,39,200,0,'RAS',0),(589,39,683,0,'RAS',0),(590,39,1134,0,'RAS',0),(591,39,530,0,'RAS',0),(592,39,1400,0,'RAS',0),(593,39,1230,0,'RAS',0),(594,39,104,0,'RAS',0),(595,39,1279,0,'RAS',0),(596,39,1480,0,'RAS',0),(597,39,784,0,'RAS',0),(598,40,1165,0,'RAS',0),(599,40,744,0,'RAS',0),(600,40,853,0,'RAS',0),(601,40,832,0,'RAS',0),(602,40,734,0,'RAS',0),(603,40,746,0,'RAS',0),(604,40,1070,0,'RAS',0),(605,40,735,0,'RAS',0),(606,40,1389,0,'RAS',0),(607,40,1045,0,'RAS',0),(608,40,1164,0,'RAS',0),(609,40,747,0,'RAS',0),(610,40,828,0,'RAS',0),(611,40,1388,0,'RAS',0),(612,40,1218,0,'RAS',0),(613,40,838,0,'RAS',0),(614,40,1044,0,'RAS',0),(615,40,854,0,'RAS',0),(616,40,740,0,'RAS',0),(617,40,743,0,'RAS',0),(618,40,1251,0,'RAS',0),(619,40,825,0,'RAS',0),(620,40,1250,0,'RAS',0),(621,40,732,0,'RAS',0),(622,40,1475,0,'RAS',0),(623,40,1260,0,'RAS',0),(624,40,1058,0,'RAS',0),(625,40,1477,0,'RAS',0),(626,40,742,0,'RAS',0),(627,40,729,0,'RAS',0),(628,41,988,0,'RAS',0),(629,41,1001,0,'RAS',0),(630,41,1011,0,'RAS',0),(631,41,1476,0,'RAS',0),(632,41,1000,0,'RAS',0),(633,41,1271,0,'RAS',0),(634,41,994,0,'RAS',0),(635,41,1008,0,'RAS',0),(636,41,975,0,'RAS',0),(637,41,1010,0,'RAS',0),(638,41,1464,0,'RAS',0),(639,41,1470,0,'RAS',0),(640,41,989,0,'RAS',0),(641,41,1009,0,'RAS',0),(642,41,1015,0,'RAS',0),(643,41,983,0,'RAS',0),(644,41,984,0,'RAS',0),(645,41,999,0,'RAS',0),(646,41,1471,0,'RAS',0),(647,41,1248,0,'RAS',0),(648,41,1255,0,'RAS',0),(649,41,1287,0,'RAS',0),(650,41,1018,0,'RAS',0),(651,41,1524,0,'RAS',0),(652,42,1183,0,'RAS',0),(653,42,1472,0,'RAS',0),(654,42,1242,0,'RAS',0),(655,42,1163,0,'RAS',0),(656,42,1473,0,'RAS',0),(657,42,1162,0,'RAS',0),(658,42,1154,0,'RAS',0),(659,42,1181,0,'RAS',0),(660,42,1175,0,'RAS',0),(661,42,967,0,'RAS',0),(662,42,1240,0,'RAS',0),(663,42,1253,0,'RAS',0),(664,42,1245,0,'RAS',0),(665,42,1272,0,'RAS',0),(666,42,1161,0,'RAS',0),(667,42,1173,0,'RAS',0),(668,42,1155,0,'RAS',0),(669,42,1375,0,'RAS',0),(670,42,1374,0,'RAS',0),(671,43,1367,0,'RAS',0),(672,43,1368,0,'RAS',0),(673,43,1363,0,'RAS',0),(674,43,1357,0,'RAS',0),(675,43,1361,0,'RAS',0),(676,43,1486,0,'RAS',0),(677,43,1507,0,'RAS',0),(678,43,1462,0,'RAS',0),(679,43,1359,0,'RAS',0),(680,43,1355,0,'RAS',0),(681,43,1463,0,'RAS',0),(682,43,1460,0,'RAS',0),(683,43,1461,0,'RAS',0),(684,43,1509,0,'RAS',0),(685,43,1369,0,'RAS',0),(686,43,1371,0,'RAS',0),(687,43,1373,0,'RAS',0),(688,43,1510,0,'RAS',0),(689,43,1459,0,'RAS',0),(690,44,17,0,'RAS',0),(691,44,246,0,'RAS',0),(692,44,1504,0,'RAS',0),(693,44,772,0,'RAS',0),(694,44,1492,0,'RAS',0),(695,44,1256,0,'RAS',0),(696,45,1097,0,'RAS',0),(697,45,1031,0,'RAS',0),(698,45,888,0,'RAS',0),(699,45,1123,0,'RAS',0),(700,45,1118,0,'RAS',0),(701,45,1117,0,'RAS',0),(702,45,1113,0,'RAS',0),(703,46,624,0,'RAS',0),(704,46,1522,0,'RAS',0),(705,46,1519,0,'RAS',0),(706,46,1377,0,'RAS',0),(707,46,1199,0,'RAS',0),(708,46,878,0,'RAS',0),(709,47,881,0,'RAS',0),(710,47,1197,0,'RAS',0),(711,47,429,0,'RAS',0),(712,47,1051,0,'RAS',0),(713,47,1195,0,'RAS',0),(714,47,603,0,'RAS',0),(715,47,1198,0,'RAS',0),(716,47,602,0,'RAS',0),(717,47,1194,0,'RAS',0),(718,47,1274,0,'RAS',0),(719,47,1521,0,'RAS',0),(720,47,1273,0,'RAS',0),(721,48,486,0,'RAS',0),(722,48,959,0,'RAS',0),(723,48,577,0,'RAS',0),(724,48,586,0,'RAS',0),(725,48,1392,0,'RAS',0),(726,48,550,0,'RAS',0),(727,48,1390,0,'RAS',0),(728,48,1503,0,'RAS',0),(729,48,491,0,'RAS',0),(730,48,567,0,'RAS',0),(731,48,1502,0,'RAS',0),(732,48,559,0,'RAS',0),(733,48,544,0,'RAS',0),(734,48,1108,0,'RAS',0),(735,48,934,0,'RAS',0),(736,48,848,0,'RAS',0),(737,48,1393,0,'RAS',0),(738,49,1394,0,'RAS',0),(739,49,573,0,'RAS',0),(740,49,1501,0,'RAS',0),(741,49,1500,0,'RAS',0),(742,49,583,0,'RAS',0),(743,49,1046,0,'RAS',0),(744,49,233,0,'RAS',0),(745,49,1518,0,'RAS',0),(746,49,1517,0,'RAS',0),(747,49,1395,0,'RAS',0),(748,49,1391,0,'RAS',0),(749,50,1416,0,'RAS',0),(750,50,1412,0,'RAS',0),(751,50,1413,0,'ras',0),(752,50,1417,0,'RAS',0),(753,50,1418,0,'RAS',0),(754,50,1419,0,'RAS',0),(755,50,1421,0,'RAS',0),(756,50,1523,0,'RAS',0),(757,50,1415,0,'RAS',0),(758,50,1409,0,'RAS',0),(759,50,1411,0,'RAS',0),(760,50,1414,0,'RAS',0),(761,50,1410,0,'RAS',0),(762,50,1420,0,'RAS',0),(763,51,1491,0,'RAS',0),(764,51,1426,15,'RAS',0),(765,51,1446,0,'RAS',0),(766,51,1431,1,'RAS',0),(767,51,1427,0,'RAS',0),(768,51,1435,0,'RAS',0),(769,51,1423,0,'RAS',0),(770,51,1467,0,'RAS',0),(771,51,1432,32,'RAS',0),(772,51,1442,0,'RAS',0),(773,51,1433,0,'RAS',0),(774,51,1425,0,'RAS',0),(775,51,1443,0,'RAS',0),(776,51,1436,0,'RAS',0),(777,51,1466,0,'RAS',0),(778,51,1429,0,'RAS',0),(779,51,1437,4,'RAS',0),(780,51,1444,9,'RAS',0),(781,51,1438,0,'RAS',0),(782,51,1447,0,'RAS',0),(783,51,1434,0,'RAS',0),(784,51,1468,0,'RAS',0),(785,51,1422,0,'RAS',0),(786,51,1445,0,'RAS',0),(787,51,1441,0,'RAS',0),(788,51,1439,0,'RAS',0),(789,51,1440,1,'RAS',0),(790,51,1430,0,'RAS',0),(791,51,1424,0,'RAS',0),(792,52,1326,0,'RAS',0),(793,52,1404,0,'RAS',0),(794,52,1322,0,'RAS',0),(795,52,1335,0,'RAS',0),(796,52,1334,0,'RAS',0),(797,52,1349,0,'RAS',0),(798,52,1325,8,'RAS',0),(799,52,1323,7,'RAS',0),(800,52,1489,7,'RAS',0),(801,52,1321,0,'RAS',0),(802,52,1305,0,'RAS',0),(803,52,1292,7,'RAS',0),(804,52,1328,7,'RAS',0),(805,52,1352,0,'RAS',0),(806,52,1497,0,'RAS',0),(807,52,1336,0,'RAS',0),(808,52,1317,0,'RAS',0),(809,52,1293,0,'RAS',0),(810,52,1351,0,'RAS',0),(811,52,1498,0,'RAS',0),(812,52,1485,0,'RAS',0),(813,52,1307,21,'RAS',0),(814,52,1378,0,'RAS',0),(815,52,1342,7,'RAS',0),(816,52,1320,7,'RAS',0),(817,52,1449,0,'RAS',0),(818,52,1458,0,'RAS',0),(819,52,1387,7,'RAS',0),(820,52,1453,0,'RAS',0),(821,52,1354,0,'RAS',0),(822,52,1302,0,'RAS',0),(823,52,1329,0,'RAS',0),(824,52,1314,0,'RAS',0),(825,52,1450,14,'RAS',0),(826,52,1350,0,'RAS',0),(827,52,1487,34,'RAS',0),(828,52,1318,0,'RAS',0),(829,52,1310,24,'RAS',0),(830,52,1294,0,'RAS',0),(831,52,1304,0,'RAS',0),(832,52,1296,7,'RAS',0),(833,52,1455,0,'RAS',0),(834,52,1312,0,'RAS',0),(835,52,1490,42,'RAS',0),(836,52,1488,21,'RAS',0),(837,52,1496,0,'RAS',0),(838,52,1345,14,'RAS',0),(839,52,1327,0,'RAS',0),(840,52,1306,0,'RAS',0),(841,52,1454,0,'RAS',0),(842,52,1313,0,'RAS',0),(843,52,1331,0,'RAS',0),(844,52,1457,0,'RAS',0),(845,52,1456,0,'RAS',0),(846,52,1290,0,'RAS',0),(847,52,1527,0,'RAS',0),(848,52,1309,7,'RAS',0),(849,52,1316,0,'RAS',0),(850,52,1344,0,'RAS',0),(851,52,1315,0,'RAS',0),(852,52,1337,0,'RAS',0),(853,52,1525,7,'RAS',0),(854,52,1347,0,'RAS',0),(855,52,1343,7,'RAS',0),(856,52,1330,0,'RAS',0),(857,53,1524,0,'RAS',0),(858,53,1018,0,'RAS',0),(859,53,1287,0,'RAS',0),(860,53,1255,0,'RAS',0),(861,53,1248,0,'RAS',0),(862,53,1471,0,'RAS',0),(863,53,999,0,'RAS',0),(864,53,984,0,'RAS',0),(865,53,983,0,'RAS',0),(866,53,1015,0,'RAS',0),(867,53,1009,0,'RAS',0),(868,53,989,9,'RAS',0),(869,53,1470,27,'RAS',0),(870,53,1464,0,'RAS',0),(871,53,1010,0,'RAS',0),(872,53,975,0,'RAS',0),(873,53,1008,0,'RAS',0),(874,53,994,0,'RAS',0),(875,53,1271,6,'RAS',0),(876,53,1000,0,'RAS',0),(877,53,1476,0,'RAS',0),(878,53,1011,0,'RAS',0),(879,53,1001,0,'RAS',0),(880,53,988,0,'RAS',0),(881,53,1528,0,'RAS',0),(907,55,1491,0,'RAS',0),(908,55,1426,0,'RAS',0),(909,55,1446,0,'RAS',0),(910,55,1431,0,'RAS',0),(911,55,1427,0,'RAS',0),(912,55,1435,0,'RAS',0),(913,55,1423,0,'RAS',0),(914,55,1467,0,'RAS',0),(915,55,1432,0,'RAS',0),(916,55,1442,0,'RAS',0),(917,55,1433,0,'RAS',0),(918,55,1425,0,'RAS',0),(919,55,1443,0,'RAS',0),(920,55,1436,0,'RAS',0),(921,55,1466,0,'RAS',0),(922,55,1429,0,'RAS',0),(923,55,1437,0,'RAS',0),(924,55,1444,0,'RAS',0),(925,55,1438,0,'RAS',0),(926,55,1447,0,'RAS',0),(927,55,1434,0,'RAS',0),(928,55,1468,0,'RAS',0),(929,55,1422,0,'RAS',0),(930,55,1445,0,'RAS',0),(931,55,1441,0,'RAS',0),(932,55,1439,0,'RAS',0),(933,55,1440,0,'RAS',0),(934,55,1430,0,'RAS',0),(935,55,1424,0,'RAS',0),(1001,57,1326,0,'RAS',0),(1002,57,1404,0,'RAS',0),(1003,57,1322,0,'RAS',0),(1004,57,1335,0,'RAS',0),(1005,57,1334,0,'RAS',0),(1006,57,1349,0,'RAS',0),(1007,57,1325,0,'RAS',0),(1008,57,1323,0,'RAS',0),(1009,57,1489,0,'RAS',0),(1010,57,1321,0,'RAS',0),(1011,57,1305,0,'RAS',0),(1012,57,1292,0,'RAS',0),(1013,57,1328,0,'RAS',0),(1014,57,1352,0,'RAS',0),(1015,57,1497,0,'RAS',0),(1016,57,1336,0,'RAS',0),(1017,57,1317,0,'RAS',0),(1018,57,1293,0,'RAS',0),(1019,57,1351,0,'RAS',0),(1020,57,1498,0,'RAS',0),(1021,57,1485,0,'RAS',0),(1022,57,1307,0,'RAS',0),(1023,57,1378,0,'RAS',0),(1024,57,1342,0,'RAS',0),(1025,57,1320,0,'RAS',0),(1026,57,1449,0,'RAS',0),(1027,57,1458,0,'RAS',0),(1028,57,1387,0,'RAS',0),(1029,57,1453,0,'RAS',0),(1030,57,1354,0,'RAS',0),(1031,57,1302,0,'RAS',0),(1032,57,1329,0,'RAS',0),(1033,57,1314,0,'RAS',0),(1034,57,1450,0,'RAS',0),(1035,57,1350,0,'RAS',0),(1036,57,1487,0,'RAS',0),(1037,57,1318,0,'RAS',0),(1038,57,1310,0,'RAS',0),(1039,57,1294,0,'RAS',0),(1040,57,1304,0,'RAS',0),(1041,57,1296,0,'RAS',0),(1042,57,1455,0,'RAS',0),(1043,57,1312,0,'RAS',0),(1044,57,1490,0,'RAS',0),(1045,57,1488,0,'RAS',0),(1046,57,1496,0,'RAS',0),(1047,57,1345,0,'RAS',0),(1048,57,1327,0,'RAS',0),(1049,57,1306,0,'RAS',0),(1050,57,1454,0,'RAS',0),(1051,57,1313,0,'RAS',0),(1052,57,1331,0,'RAS',0),(1053,57,1457,0,'RAS',0),(1054,57,1456,0,'RAS',0),(1055,57,1290,0,'RAS',0),(1056,57,1527,0,'RAS',0),(1057,57,1309,0,'RAS',0),(1058,57,1316,0,'RAS',0),(1059,57,1344,0,'RAS',0),(1060,57,1315,0,'RAS',0),(1061,57,1337,0,'RAS',0),(1062,57,1525,0,'RAS',0),(1063,57,1347,0,'RAS',0),(1064,57,1343,0,'RAS',0),(1065,57,1330,0,'RAS',0),(1066,58,1524,0,'RAS',0),(1067,58,1018,0,'RAS',0),(1068,58,1287,0,'RAS',0),(1069,58,1255,0,'RAS',0),(1070,58,1248,0,'RAS',0),(1071,58,1471,0,'RAS',0),(1072,58,999,0,'RAS',0),(1073,58,984,0,'RAS',0),(1074,58,983,0,'RAS',0),(1075,58,1015,0,'RAS',0),(1076,58,1009,0,'RAS',0),(1077,58,989,0,'RAS',0),(1078,58,1470,0,'RAS',0),(1079,58,1464,0,'RAS',0),(1080,58,1010,0,'RAS',0),(1081,58,975,0,'RAS',0),(1082,58,1008,0,'RAS',0),(1083,58,994,0,'RAS',0),(1084,58,1271,0,'RAS',0),(1085,58,1000,0,'RAS',0),(1086,58,1476,0,'RAS',0),(1087,58,1011,0,'RAS',0),(1088,58,1001,0,'RAS',0),(1089,58,988,0,'RAS',0),(1090,58,1528,0,'RAS',0),(1091,59,1384,0,'RAS',0),(1092,59,972,0,'RAS',0),(1093,59,1013,0,'RAS',0),(1094,59,970,0,'RAS',0),(1095,59,986,0,'RAS',0),(1096,59,1469,0,'RAS',0),(1097,59,1386,0,'RAS',0),(1098,59,1012,0,'RAS',0),(1099,59,1021,0,'RAS',0),(1100,59,977,0,'RAS',0),(1101,59,981,0,'RAS',0),(1102,59,1130,0,'RAS',0),(1103,59,1007,0,'RAS',0),(1104,59,1495,0,'RAS',0),(1105,59,987,0,'RAS',0),(1106,59,971,0,'RAS',0),(1107,59,1465,0,'RAS',0),(1108,59,1022,0,'RAS',0),(1109,59,1017,0,'RAS',0),(1110,60,1384,2,'RAS',0),(1111,60,972,2,'RAS',0),(1112,60,1013,8,'RAS',0),(1113,60,970,0,'RAS',0),(1114,60,986,0,'RAS',0),(1115,60,1469,7,'RAS',0),(1116,60,1386,0,'RAS',0),(1117,60,1012,0,'RAS',0),(1118,60,1021,111,'RAS',0),(1119,60,977,0,'RAS',0),(1120,60,981,0,'RAS',0),(1121,60,1130,1,'RAS',0),(1122,60,1007,0,'RAS',0),(1123,60,1495,18,'RAS',0),(1124,60,987,17,'RAS',0),(1125,60,971,6,'RAS',0),(1126,60,1465,18,'RAS',0),(1127,60,1022,18,'RAS',0),(1128,60,1017,0,'RAS',0),(1129,61,729,0,'RAS',0),(1130,61,742,0,'RAS',0),(1131,61,1477,0,'RAS',0),(1132,61,1058,0,'RAS',0),(1133,61,1260,0,'RAS',0),(1134,61,1475,0,'RAS',0),(1135,61,732,0,'RAS',0),(1136,61,1250,0,'RAS',0),(1137,61,825,0,'RAS',0),(1138,61,1251,0,'RAS',0),(1139,61,743,0,'RAS',0),(1140,61,740,0,'RAS',0),(1141,61,854,0,'RAS',0),(1142,61,1044,0,'RAS',0),(1143,61,838,0,'RAS',0),(1144,61,1218,0,'RAS',0),(1145,61,1388,0,'RAS',0),(1146,61,828,0,'RAS',0),(1147,61,747,0,'RAS',0),(1148,61,1164,0,'RAS',0),(1149,61,1045,0,'RAS',0),(1150,61,1389,0,'RAS',0),(1151,61,735,0,'RAS',0),(1152,61,1070,0,'RAS',0),(1153,61,746,0,'RAS',0),(1154,61,734,0,'RAS',0),(1155,61,832,0,'RAS',0),(1156,61,853,0,'RAS',0),(1157,61,744,0,'RAS',0),(1158,61,1165,0,'RAS',0),(1159,62,729,2,'RAS',0),(1160,62,742,0,'RAS',0),(1161,62,1477,0,'RAS',0),(1162,62,1058,0,'RAS',0),(1163,62,1260,0,'RAS',0),(1164,62,1475,0,'RAS',0),(1165,62,732,0,'RAS',0),(1166,62,1250,0,'RAS',0),(1167,62,825,3,'RAS',0),(1168,62,1251,0,'RAS',0),(1169,62,743,0,'RAS',0),(1170,62,740,0,'RAS',0),(1171,62,854,0,'RAS',0),(1172,62,1044,4,'RAS',0),(1173,62,838,5,'RAS',0),(1174,62,1218,0,'RAS',0),(1175,62,1388,0,'RAS',0),(1176,62,828,0,'RAS',0),(1177,62,747,0,'RAS',0),(1178,62,1164,0,'RAS',0),(1179,62,1045,0,'RAS',0),(1180,62,1389,2,'RAS',0),(1181,62,735,0,'RAS',0),(1182,62,1070,2,'RAS',0),(1183,62,746,2,'RAS',0),(1184,62,734,0,'RAS',0),(1185,62,832,2,'RAS',0),(1186,62,853,1,'RAS',0),(1187,62,744,0,'RAS',0),(1188,62,1165,0,'RAS',0),(1189,63,813,0,'RAS',0),(1190,63,811,0,'RAS',0),(1191,63,1059,0,'RAS',0),(1192,63,817,0,'RAS',0),(1193,63,1067,0,'RAS',0),(1194,63,751,0,'RAS',0),(1195,63,1079,0,'RAS',0),(1196,63,1474,0,'RAS',0),(1197,63,830,0,'RAS',0),(1198,63,810,0,'RAS',0),(1199,63,829,0,'RAS',0),(1200,63,820,0,'RAS',0),(1201,63,1267,0,'RAS',0),(1202,63,822,0,'RAS',0),(1203,63,498,0,'RAS',0),(1204,63,839,0,'RAS',0),(1205,63,1069,0,'RAS',0),(1206,63,1042,0,'RAS',0),(1207,64,813,3,'RAS',0),(1208,64,811,0,'RAS',0),(1209,64,1059,0,'RAS',0),(1210,64,817,0,'RAS',0),(1211,64,1067,0,'RAS',0),(1212,64,751,0,'RAS',0),(1213,64,1079,0,'RAS',0),(1214,64,1474,5,'RAS',0),(1215,64,830,0,'RAS',0),(1216,64,810,0,'RAS',0),(1217,64,829,2,'RAS',0),(1218,64,820,0,'RAS',0),(1219,64,1267,0,'RAS',0),(1220,64,822,0,'RAS',0),(1221,64,498,0,'RAS',0),(1222,64,839,0,'RAS',0),(1223,64,1069,0,'RAS',0),(1224,64,1042,0,'RAS',0),(1225,65,1393,0,'RAS',0),(1226,65,848,0,'RAS',0),(1227,65,1108,0,'RAS',0),(1228,65,544,0,'RAS',0),(1229,65,559,0,'RAS',0),(1230,65,1502,0,'RAS',0),(1231,65,567,0,'RAS',0),(1232,65,491,0,'RAS',0),(1233,65,1503,0,'RAS',0),(1234,65,1390,0,'RAS',0),(1235,65,550,0,'RAS',0),(1236,65,1392,0,'RAS',0),(1237,65,586,0,'RAS',0),(1238,65,577,0,'RAS',0),(1239,65,959,0,'RAS',0),(1240,65,486,0,'RAS',0),(1241,66,1393,17,'RAS',0),(1242,66,848,0,'RAS',0),(1243,66,1108,0,'RAS',0),(1244,66,544,0,'RAS',0),(1245,66,559,2,'RAS',0),(1246,66,1502,0,'RAS',0),(1247,66,567,4,'RAS',0),(1248,66,491,2,'RAS',0),(1249,66,1503,5,'RAS',0),(1250,66,1390,0,'RAS',0),(1251,66,550,56,'RAS',0),(1252,66,1392,0,'RAS',0),(1253,66,586,0,'RAS',0),(1254,66,577,0,'RAS',0),(1255,66,959,2,'RAS',0),(1256,66,486,0,'RAS',0),(1257,67,500,0,'RAS',0),(1258,67,1526,0,'RAS',0),(1259,67,588,0,'RAS',0),(1260,67,1383,0,'RAS',0),(1261,67,536,0,'RAS',0),(1262,67,952,0,'RAS',0),(1263,67,611,0,'RAS',0),(1264,68,500,0,'RAS',0),(1265,68,1526,33,'RAS',0),(1266,68,588,0,'RAS',0),(1267,68,1383,21,'RAS',0),(1268,68,536,15,'RAS',0),(1269,68,952,4,'RAS',0),(1270,68,611,5,'RAS',0),(1271,69,1391,0,'RAS',0),(1272,69,1395,0,'RAS',0),(1273,69,1517,0,'RAS',0),(1274,69,934,0,'RAS',0),(1275,69,1518,0,'RAS',0),(1276,69,233,0,'RAS',0),(1277,69,1046,0,'RAS',0),(1278,69,583,0,'RAS',0),(1279,69,1500,0,'RAS',0),(1280,69,1501,0,'RAS',0),(1281,69,573,0,'RAS',0),(1282,69,1394,0,'RAS',0),(1283,70,1391,33,'RAS',0),(1284,70,1395,8,'RAS',0),(1285,70,1517,7,'RAS',0),(1286,70,934,2,'RAS',0),(1287,70,1518,19,'RAS',0),(1288,70,233,0,'RAS',0),(1289,70,1046,29,'RAS',0),(1290,70,583,0,'RAS',0),(1291,70,1500,4,'RAS',0),(1292,70,1501,20,'RAS',0),(1293,70,573,22,'RAS',0),(1294,70,1394,0,'RAS',0),(1295,71,1256,0,'RAS',0),(1296,71,1492,0,'RAS',0),(1297,71,772,0,'RAS',0),(1298,71,1504,0,'RAS',0),(1299,71,246,0,'RAS',0),(1300,71,17,0,'RAS',0),(1301,72,1256,4,'RAS',0),(1302,72,1492,0,'RAS',0),(1303,72,772,0,'RAS',0),(1304,72,1504,0,'RAS',0),(1305,72,246,0,'RAS',0),(1306,72,17,0,'RAS',0),(1307,73,1512,0,'RAS',0),(1308,73,1494,0,'RAS',0),(1309,73,1081,0,'RAS',0),(1310,73,523,0,'RAS',0),(1311,73,1074,0,'RAS',0),(1312,73,1514,0,'RAS',0),(1313,73,1513,0,'RAS',0),(1314,73,343,0,'RAS',0),(1315,73,247,0,'RAS',0),(1316,73,1084,0,'RAS',0),(1317,73,1505,0,'RAS',0),(1318,73,1089,0,'RAS',0),(1331,75,1512,5,'RAS',0),(1332,75,1494,3,'RAS',0),(1333,75,1081,4,'RAS',0),(1334,75,523,0,'RAS',0),(1335,75,1074,0,'RAS',0),(1336,75,1514,7,'RAS',0),(1337,75,1513,6,'RAS',0),(1338,75,343,5,'RAS',0),(1339,75,247,95,'RAS',0),(1340,75,1084,0,'RAS',0),(1341,75,1505,0,'RAS',0),(1342,75,1089,0,'RAS',0),(1355,77,1028,0,'RAS',0),(1356,77,524,0,'RAS',0),(1357,77,1087,0,'RAS',0),(1358,77,1177,0,'RAS',0),(1359,77,4,0,'RAS',0),(1360,77,1506,0,'RAS',0),(1361,77,1258,0,'RAS',0),(1362,78,1028,14,'RAS',0),(1363,78,524,0,'RAS',0),(1364,78,1087,0,'RAS',0),(1365,78,1177,10,'RAS',0),(1366,78,4,82,'RAS',0),(1367,78,1506,20,'RAS',0),(1368,78,1258,8,'RAS',0),(1369,79,1259,0,'RAS',0),(1370,79,1479,0,'RAS',0),(1371,79,521,0,'RAS',0),(1372,79,1137,0,'RAS',0),(1373,79,1478,0,'RAS',0),(1374,79,1138,0,'RAS',0),(1375,80,1259,0,'RAS',0),(1376,80,1479,12,'RAS',0),(1377,80,521,0,'RAS',0),(1378,80,1137,0,'RAS',0),(1379,80,1478,2,'RAS',0),(1380,80,1138,2,'RAS',0),(1381,81,1265,0,'RAS',0),(1382,81,1224,0,'RAS',0),(1383,81,1399,0,'RAS',0),(1384,82,1265,27,'RAS',0),(1385,82,1224,0,'RAS',0),(1386,82,1399,27,'RAS',0),(1387,83,1132,0,'RAS',0),(1388,83,1281,0,'RAS',0),(1389,83,1131,0,'RAS',0),(1390,83,964,0,'RAS',0),(1391,83,139,0,'RAS',0),(1392,83,515,0,'RAS',0),(1393,83,303,0,'RAS',0),(1394,83,1484,0,'RAS',0),(1395,83,145,0,'RAS',0),(1396,84,1132,23,'RAS',0),(1397,84,1281,29,'RAS',0),(1398,84,1131,0,'RAS',0),(1399,84,964,62,'RAS',0),(1400,84,139,0,'RAS',0),(1401,84,515,0,'RAS',0),(1402,84,303,20,'RAS',0),(1403,84,1484,7,'RAS',0),(1404,84,145,24,'RAS',0),(1405,85,802,0,'RAS',0),(1406,85,308,0,'RAS',0),(1407,85,39,0,'RAS',0),(1408,85,12,0,'RAS',0),(1409,85,1493,0,'RAS',0),(1410,86,802,5,'RAS',0),(1411,86,308,0,'RAS',0),(1412,86,39,0,'RAS',0),(1413,86,12,2,'RAS',0),(1414,86,1493,0,'RAS',0),(1415,87,784,0,'RAS',0),(1416,87,1480,0,'RAS',0),(1417,87,1279,0,'RAS',0),(1418,87,104,0,'RAS',0),(1419,87,1230,0,'RAS',0),(1420,87,1400,0,'RAS',0),(1421,87,530,0,'RAS',0),(1422,87,1134,0,'RAS',0),(1423,87,683,0,'RAS',0),(1424,87,200,0,'RAS',0),(1425,87,1481,0,'RAS',0),(1426,87,969,0,'RAS',0),(1427,87,97,0,'RAS',0),(1428,87,6,0,'RAS',0),(1429,87,531,0,'RAS',0),(1430,87,1483,0,'RAS',0),(1431,88,784,0,'RAS',0),(1432,88,1480,5,'RAS',0),(1433,88,1279,0,'RAS',0),(1434,88,104,0,'RAS',0),(1435,88,1230,4,'RAS',0),(1436,88,1400,0,'RAS',0),(1437,88,530,5,'RAS',0),(1438,88,1134,0,'RAS',0),(1439,88,683,5,'RAS',0),(1440,88,200,0,'RAS',0),(1441,88,1481,1,'RAS',0),(1442,88,969,2,'RAS',0),(1443,88,97,0,'RAS',0),(1444,88,6,0,'RAS',0),(1445,88,531,0,'RAS',0),(1446,88,1483,3,'RAS',0),(1447,89,1420,0,'RAS',0),(1448,89,1410,0,'RAS',0),(1449,89,1414,0,'RAS',0),(1450,89,1411,0,'RAS',0),(1451,89,1409,0,'RAS',0),(1452,89,1415,0,'RAS',0),(1453,89,1523,0,'RAS',0),(1454,89,1421,0,'RAS',0),(1455,89,1419,0,'RAS',0),(1456,89,1418,0,'RAS',0),(1457,89,1417,0,'RAS',0),(1458,89,1413,0,'RAS',0),(1459,89,1412,0,'RAS',0),(1460,89,1416,0,'RAS',0),(1461,90,1420,0,'RAS',0),(1462,90,1410,0,'RAS',0),(1463,90,1414,26,'RAS',0),(1464,90,1411,57,'RAS',0),(1465,90,1409,0,'RAS',0),(1466,90,1415,46,'RAS',0),(1467,90,1523,0,'RAS',0),(1468,90,1421,16,'RAS',0),(1469,90,1419,4,'RAS',0),(1470,90,1418,14,'RAS',0),(1471,90,1417,25,'RAS',0),(1472,90,1413,21,'RAS',0),(1473,90,1412,10,'RAS',0),(1474,90,1416,16,'RAS',0),(1475,91,1459,0,'RAS',0),(1476,91,1510,0,'RAS',0),(1477,91,1373,0,'RAS',0),(1478,91,1371,0,'RAS',0),(1479,91,1369,0,'RAS',0),(1480,91,1509,0,'RAS',0),(1481,91,1461,0,'RAS',0),(1482,91,1460,0,'RAS',0),(1483,91,1463,0,'RAS',0),(1484,91,1355,0,'RAS',0),(1485,91,1359,0,'RAS',0),(1486,91,1462,0,'RAS',0),(1487,91,1507,0,'RAS',0),(1488,91,1486,0,'RAS',0),(1489,91,1361,0,'RAS',0),(1490,91,1357,0,'RAS',0),(1491,91,1363,0,'RAS',0),(1492,91,1368,0,'RAS',0),(1493,91,1367,0,'RAS',0),(1494,92,1459,0,'RAS',0),(1495,92,1510,1,'RAS',0),(1496,92,1373,0,'RAS',0),(1497,92,1371,0,'RAS',0),(1498,92,1369,0,'RAS',0),(1499,92,1509,14,'RAS',0),(1500,92,1461,1,'RAS',0),(1501,92,1460,0,'RAS',0),(1502,92,1463,3,'RAS',0),(1503,92,1355,0,'RAS',0),(1504,92,1359,70,'RAS',0),(1505,92,1462,0,'RAS',0),(1506,92,1507,7,'RAS',0),(1507,92,1486,3,'RAS',0),(1508,92,1361,0,'RAS',0),(1509,92,1357,1,'RAS',0),(1510,92,1363,9,'RAS',0),(1511,92,1368,0,'RAS',0),(1512,92,1367,14,'RAS',0),(1513,93,1374,0,'RAS',0),(1514,93,1375,0,'RAS',0),(1515,93,1155,0,'RAS',0),(1516,93,1173,0,'RAS',0),(1517,93,1161,0,'RAS',0),(1518,93,1272,0,'RAS',0),(1519,93,1245,0,'RAS',0),(1520,93,1253,0,'RAS',0),(1521,93,1240,0,'RAS',0),(1522,93,967,0,'RAS',0),(1523,93,1175,0,'RAS',0),(1524,93,1181,0,'RAS',0),(1525,93,1154,0,'RAS',0),(1526,93,1162,0,'RAS',0),(1527,93,1473,0,'RAS',0),(1528,93,1163,0,'RAS',0),(1529,93,1242,0,'RAS',0),(1530,93,1472,0,'RAS',0),(1531,93,1183,0,'RAS',0),(1532,94,1374,20,'RAS',0),(1533,94,1375,0,'RAS',0),(1534,94,1155,43,'RAS',0),(1535,94,1173,0,'RAS',0),(1536,94,1161,2,'RAS',0),(1537,94,1272,20,'RAS',0),(1538,94,1245,0,'RAS',0),(1539,94,1253,0,'RAS',0),(1540,94,1240,0,'RAS',0),(1541,94,967,0,'RAS',0),(1542,94,1175,14,'RAS',0),(1543,94,1181,0,'RAS',0),(1544,94,1154,0,'RAS',0),(1545,94,1162,27,'RAS',0),(1546,94,1473,0,'RAS',0),(1547,94,1163,0,'RAS',0),(1548,94,1242,0,'RAS',0),(1549,94,1472,0,'RAS',0),(1550,94,1183,0,'RAS',0),(1551,95,1125,0,'RAS',0),(1552,95,1286,0,'RAS',0),(1553,95,1284,0,'RAS',0),(1554,95,1122,0,'RAS',0),(1555,95,1036,0,'RAS',0),(1556,95,1515,0,'RAS',0),(1557,95,1110,0,'RAS',0),(1558,95,1511,0,'RAS',0),(1559,95,1119,0,'RAS',0),(1560,95,1239,0,'RAS',0),(1561,95,1037,0,'RAS',0),(1562,95,1516,0,'RAS',0),(1563,95,1232,0,'RAS',0),(1564,95,1285,0,'RAS',0),(1565,96,1125,4,'RAS',0),(1566,96,1286,10,'RAS',0),(1567,96,1284,62,'RAS',0),(1568,96,1122,0,'RAS',0),(1569,96,1036,0,'RAS',0),(1570,96,1515,0,'RAS',0),(1571,96,1110,52,'RAS',0),(1572,96,1511,4,'RAS',0),(1573,96,1119,7,'RAS',0),(1574,96,1239,74,'RAS',0),(1575,96,1037,0,'RAS',0),(1576,96,1516,2,'RAS',0),(1577,96,1232,0,'RAS',0),(1578,96,1285,0,'RAS',0),(1579,97,1113,0,'RAS',0),(1580,97,1117,0,'RAS',0),(1581,97,1118,0,'RAS',0),(1582,97,1123,0,'RAS',0),(1583,97,888,0,'RAS',0),(1584,97,1031,0,'RAS',0),(1585,97,1097,0,'RAS',0),(1586,98,1113,32,'RAS',0),(1587,98,1117,0,'RAS',0),(1588,98,1118,5,'RAS',0),(1589,98,1123,0,'RAS',0),(1590,98,888,0,'RAS',0),(1591,98,1031,0,'RAS',0),(1592,98,1097,14,'RAS',0),(1593,99,1273,0,'RAS',0),(1594,99,1521,0,'RAS',0),(1595,99,1274,0,'RAS',0),(1596,99,1194,0,'RAS',0),(1597,99,602,0,'RAS',0),(1598,99,1198,0,'RAS',0),(1599,99,603,0,'RAS',0),(1600,99,1195,0,'RAS',0),(1601,99,1051,0,'RAS',0),(1602,99,429,0,'RAS',0),(1603,99,1197,0,'RAS',0),(1604,99,881,0,'RAS',0),(1605,100,1273,6,'RAS',0),(1606,100,1521,74,'RAS',0),(1607,100,1274,0,'RAS',0),(1608,100,1194,7,'RAS',0),(1609,100,602,6,'RAS',0),(1610,100,1198,0,'RAS',0),(1611,100,603,8,'RAS',0),(1612,100,1195,0,'RAS',0),(1613,100,1051,0,'RAS',0),(1614,100,429,0,'RAS',0),(1615,100,1197,0,'RAS',0),(1616,100,881,1,'RAS',0),(1617,101,878,0,'RAS',0),(1618,101,1199,0,'RAS',0),(1619,101,1377,0,'RAS',0),(1620,101,1519,0,'RAS',0),(1621,101,1522,0,'RAS',0),(1622,101,624,0,'RAS',0),(1623,102,878,2,'RAS',0),(1624,102,1199,8,'RAS',0),(1625,102,1377,0,'RAS',0),(1626,102,1519,13,'RAS',0),(1627,102,1522,53,'RAS',0),(1628,102,624,17,'RAS',0),(1629,103,1491,0,'RAS',0),(1630,103,1426,0,'RAS',0),(1631,103,1446,0,'RAS',0),(1632,103,1431,0,'RAS',0),(1633,103,1427,0,'RAS',0),(1634,103,1435,0,'RAS',0),(1635,103,1423,0,'RAS',0),(1636,103,1467,0,'RAS',0),(1637,103,1432,0,'RAS',0),(1638,103,1442,0,'RAS',0),(1639,103,1433,0,'RAS',0),(1640,103,1425,0,'RAS',0),(1641,103,1443,0,'RAS',0),(1642,103,1436,0,'RAS',0),(1643,103,1466,0,'RAS',0),(1644,103,1429,0,'RAS',0),(1645,103,1437,0,'RAS',0),(1646,103,1444,0,'RAS',0),(1647,103,1438,0,'RAS',0),(1648,103,1447,0,'RAS',0),(1649,103,1434,0,'RAS',0),(1650,103,1468,0,'RAS',0),(1651,103,1422,0,'RAS',0),(1652,103,1445,0,'RAS',0),(1653,103,1441,0,'RAS',0),(1654,103,1439,0,'RAS',0),(1655,103,1440,0,'RAS',0),(1656,103,1430,0,'RAS',0),(1657,103,1424,0,'RAS',0),(1658,104,1491,0,'RAS',0),(1659,104,1426,0,'RAS',0),(1660,104,1446,0,'RAS',0),(1661,104,1431,0,'RAS',0),(1662,104,1427,0,'RAS',0),(1663,104,1435,0,'RAS',0),(1664,104,1423,0,'RAS',0),(1665,104,1467,0,'RAS',0),(1666,104,1432,0,'RAS',0),(1667,104,1442,0,'RAS',0),(1668,104,1433,0,'RAS',0),(1669,104,1425,0,'RAS',0),(1670,104,1443,0,'RAS',0),(1671,104,1436,0,'RAS',0),(1672,104,1466,0,'RAS',0),(1673,104,1429,0,'RAS',0),(1674,104,1437,0,'RAS',0),(1675,104,1444,0,'RAS',0),(1676,104,1438,0,'RAS',0),(1677,104,1447,0,'RAS',0),(1678,104,1434,0,'RAS',0),(1679,104,1468,0,'RAS',0),(1680,104,1422,0,'RAS',0),(1681,104,1445,0,'RAS',0),(1682,104,1441,0,'RAS',0),(1683,104,1439,0,'RAS',0),(1684,104,1440,0,'RAS',0),(1685,104,1430,0,'RAS',0),(1686,104,1424,0,'RAS',0),(1687,105,1708,84,'Pension non payé à temps ',1),(1688,105,1679,42,'Pension non payé à temps',1),(1689,105,1711,10,'RAS',0),(1690,105,1592,20,'RAS',0),(1691,105,1700,0,'RAS',0),(1692,105,1715,10,'RAS',0),(1693,105,1946,2,'RAS',0),(1694,105,1703,30,'RAS',0),(1695,105,1748,30,'RAS',0),(1696,105,1689,70,'RAS',0),(1697,105,1705,21,'RAS',0),(1698,105,1704,14,'RAS',0),(1699,105,1718,7,'RAS',0),(1700,105,1943,10,'RAS',0),(1701,105,1953,30,'RAS',0),(1702,105,1710,10,'RAS',0),(1703,105,1709,20,'RAS',0),(1704,105,1702,15,'RAS',0),(1705,105,1749,20,'RAS',0),(1706,105,1683,30,'RAS',0),(1707,105,1717,10,'RAS',0),(1708,105,1707,15,'RAS',0),(1709,105,1682,25,'RAS',0),(1710,105,1687,30,'RAS',0),(1711,105,1945,70,'RAS',0),(1712,105,1690,25,'RAS',0),(1713,105,1699,20,'RAS',0),(1714,105,1713,12,'RAS',0),(1715,105,1533,15,'RAS',0),(1716,105,1750,40,'RAS',0),(1717,105,1716,10,'RAS',0),(1718,105,1680,25,'RAS',0),(1719,105,1942,80,'RAS',0),(1720,105,1701,90,'RAS',0),(1721,105,1688,30,'RAS',0),(1722,105,1944,50,'RAS',0),(1723,105,1706,35,'RAS',0),(1724,105,1681,45,'RAS',0),(1725,105,1697,60,'RAS',0),(1726,105,1685,80,'RAS',0),(1727,105,1698,10,'RAS',0),(1728,105,1947,13,'RAS',0),(1729,106,1634,11,'Malade',1),(1730,106,1880,4,'RAS',0),(1731,106,1547,93,'RAS',0),(1732,106,1657,4,'RAS',0),(1733,106,1747,0,'RAS',0),(1734,106,1827,10,'malade',1),(1735,106,1655,82,'RAS',0),(1736,106,1877,11,'RAS',0),(1737,106,1658,17,'RAS',0),(1738,106,1636,0,'RAS',0),(1739,106,1545,0,'RAS',0),(1740,106,1659,3,'RAS',0),(1741,106,1653,12,'RAS',0),(1742,106,1662,20,'RAS',0),(1743,106,1551,0,'RAS',0),(1744,106,1950,106,'malade',1),(1745,106,1536,16,'RAS',0),(1746,106,1652,0,'RAS',0),(1747,106,1673,0,'RAS',0),(1748,106,1648,14,'RAS',0),(1749,106,1638,8,'RAS',0),(1750,106,1671,7,'RAS',0),(1751,106,1540,0,'RAS',0),(1752,106,1656,5,'RAS',0),(1753,106,1639,12,'RAS',0),(1754,106,1550,1,'RAS',0),(1755,106,1640,16,'RAS',0),(1756,106,1669,5,'RAS',0),(1757,106,1631,26,'RAS',0),(1758,106,1535,0,'RAS',0),(1759,106,1635,0,'RAS',0),(1760,106,1556,0,'RAS',0),(1761,106,1549,0,'RAS',0),(1762,106,1641,7,'RAS',0),(1763,106,1663,27,'RAS',0),(1764,106,1661,8,'RAS',0),(1765,106,1660,0,'RAS',0),(1766,106,1554,0,'RAS',0),(1767,106,1541,8,'RAS',0),(1768,106,1553,4,'RAS',0),(1769,106,1544,6,'RAS',0),(1770,106,1538,44,'RAS',0),(1771,106,1637,0,'RAS',0),(1772,106,1646,67,'RAS',0),(1773,106,1881,4,'RAS',0),(1774,106,1665,4,'RAS',0),(1775,106,1817,6,'RAS',0),(1776,106,1548,29,'RAS',0),(1777,106,1882,0,'RAS',0),(1778,106,1590,0,'RAS',0),(1779,106,1654,19,'RAS',0),(1780,106,1668,31,'RAS',0),(1781,106,1642,5,'RAS',0),(1782,106,1647,0,'RAS',0),(1783,106,1534,0,'RAS',0),(1784,106,1667,59,'RAS',0),(1785,106,1632,105,'RAS',0),(1786,106,1949,14,'RAS',0),(1787,106,1879,115,'RAS',0),(1788,106,1672,0,'RAS',0),(1789,106,1878,11,'RAS',0),(1790,106,1645,14,'RAS',0),(1791,106,1539,9,'RAS',0),(1792,106,1666,25,'RAS',0),(1793,106,1670,15,'RAS',0),(1794,106,1588,0,'RAS',0),(1795,106,1649,7,'RAS',0),(1796,106,1546,0,'RAS',0),(1797,106,1643,4,'RAS',0),(1798,106,1591,14,'RAS',0),(1799,106,1552,6,'RAS',0),(1800,106,1644,15,'RAS',0),(1801,106,1633,0,'RAS',0),(1802,106,1664,17,'RAS',0),(1803,106,1537,28,'RAS',0),(1804,106,1543,18,'RAS',0),(1805,107,1876,0,'RAS',0),(1806,107,1871,0,'RAS',0),(1807,107,1572,0,'RAS',0),(1808,107,1875,0,'RAS',0),(1809,107,1578,0,'RAS',0),(1810,107,1674,0,'RAS',0),(1811,107,1865,5,'RAS',0),(1812,107,1678,0,'RAS',0),(1813,107,1866,15,'RAS',0),(1814,107,1580,4,'RAS',0),(1815,107,1873,54,'RAS',0),(1816,107,1868,54,'RAS',0),(1817,107,1576,14,'RAS',0),(1818,107,1579,2,'RAS',0),(1819,107,1677,0,'RAS',0),(1820,107,1585,0,'RAS',0),(1821,107,1869,8,'RAS',0),(1822,107,1955,0,'RAS',0),(1823,107,1870,110,'RAS',0),(1824,107,1584,4,'RAS',0),(1825,107,1874,9,'RAS',0),(1826,107,1692,0,'RAS',0),(1827,107,1954,11,'RAS',0),(1828,107,1571,23,'RAS',0),(1829,107,1694,0,'RAS',0),(1830,107,1956,0,'RAS',0),(1831,107,1626,0,'RAS',0),(1832,107,1867,0,'RAS',0),(1833,107,1872,0,'RAS',0),(1834,107,1570,0,'RAS',0),(1835,108,1925,80,'RAS',0),(1836,108,1839,34,'RAS',0),(1837,108,1928,49,'RAS',0),(1838,108,1840,18,'RAS',0),(1839,108,1409,0,'RAS',0),(1840,108,1415,13,'RAS',0),(1841,108,1926,49,'RAS',0),(1842,108,1924,22,'RAS',0),(1843,108,1927,24,'RAS',0),(1844,108,1842,30,'RAS',0),(1845,108,1841,1,'RAS',0),(1846,108,1923,80,'RAS',0),(1847,108,1843,26,'RAS',0),(1848,109,1761,6,'RAS',0),(1849,109,1766,27,'RAS',0),(1850,110,1767,22,'RAS',0),(1851,110,1494,31,'RAS',0),(1852,110,1081,32,'RAS',0),(1853,110,523,4,'RAS',0),(1854,110,1768,15,'RAS',0),(1855,110,515,6,'RAS',0),(1856,110,1074,28,'RAS',0),(1857,110,1958,8,'RAS',0),(1858,110,13,150,'RAS',0),(1859,110,1084,0,'RAS',0),(1860,110,1763,32,'RAS',0),(1861,110,145,48,'RAS',0),(1862,110,1762,0,'RAS',0),(1863,110,1852,6,'RAS',0),(1864,111,1859,56,'RAS',0),(1865,111,524,22,'RAS',0),(1866,111,1858,18,'RAS',0),(1867,111,39,0,'RAS',0),(1868,111,1752,8,'RAS',0),(1869,111,1857,0,'RAS',0),(1870,111,1506,8,'RAS',0),(1871,111,1258,24,'RAS',0),(1872,112,1760,8,'RAS',0),(1873,112,1259,8,'RAS',0),(1874,112,1759,115,'RAS',0),(1875,112,1751,2,'RAS',0),(1876,112,1756,0,'RAS',0),(1877,112,1754,4,'RAS',0),(1878,112,1137,2,'RAS',0),(1879,112,1755,10,'RAS',0),(1880,112,1138,8,'RAS',0),(1881,112,4,18,'RAS',0),(1882,112,1753,2,'RAS',0),(1883,113,1256,109,'RAS',0),(1884,113,500,6,'RAS',0),(1885,113,1492,109,'RAS',0),(1886,113,1504,70,'RAS',0),(1887,113,1383,110,'RAS',0),(1888,113,1219,29,'RAS',0),(1889,113,611,61,'RAS',0),(1890,113,1883,59,'RAS',0),(1891,114,1847,169,'RAS',0),(1892,114,1850,11,'RAS',0),(1893,114,1848,9,'RAS',0),(1894,114,233,5,'RAS',0),(1895,114,1851,0,'RAS',0),(1896,114,1046,68,'RAS',0),(1897,114,1849,85,'RAS',0),(1898,114,583,5,'RAS',0),(1899,114,1500,18,'RAS',0),(1900,114,1501,110,'RAS',0),(1901,114,1884,4,'RAS',0),(1902,115,1741,12,'RAS',0),(1903,115,1951,72,'RAS',0),(1904,115,1726,26,'RAS',0),(1905,115,1736,13,'RAS',0),(1906,115,1720,0,'RAS',0),(1907,115,1733,2,'RAS',0),(1908,115,1743,15,'RAS',0),(1909,116,1734,7,'RAS',0),(1910,116,1739,10,'RAS',0),(1911,116,1725,5,'RAS',0),(1912,116,1728,33,'RAS',0),(1913,116,1723,10,'RAS',0),(1914,116,1740,55,'RAS',0),(1915,116,1742,25,'RAS',0),(1916,116,1730,12,'RAS',0),(1917,116,1722,5,'RAS',0),(1918,116,1721,27,'RAS',0),(1919,116,1737,5,'RAS',0),(1920,116,1724,65,'RAS',0),(1921,116,1729,34,'RAS',0),(1922,116,1738,2,'RAS',0),(1923,116,1727,56,'RAS',0),(1924,116,1735,2,'RAS',0),(1925,116,1732,5,'RAS',0),(1926,116,1885,10,'RAS',0),(1927,116,1731,0,'RAS',0),(1928,117,1459,25,'RAS',0),(1929,117,1595,5,'RAS',0),(1930,117,1602,0,'RAS',0),(1931,117,1369,5,'RAS',0),(1932,117,1599,15,'RAS',0),(1933,117,1601,6,'RAS',0),(1934,117,1864,0,'RAS',0),(1935,117,1507,22,'RAS',0),(1936,117,1242,0,'RAS',0),(1937,117,1363,28,'RAS',0),(1938,117,1605,24,'RAS',0),(1939,118,1621,20,'RAS',0),(1940,118,1286,5,'RAS',0),(1941,118,1593,0,'RAS',0),(1942,118,1565,0,'RAS',0),(1943,118,1110,28,'RAS',0),(1944,118,1564,5,'RAS',0),(1945,118,1941,6,'RAS',0),(1946,118,1853,54,'RAS',0),(1947,118,1037,16,'RAS',0),(1948,118,1854,29,'RAS',0),(1949,118,1232,21,'RAS',0),(1950,118,1939,11,'RAS',0),(1951,119,1846,21,'RAS',0),(1952,119,1845,4,'RAS',0),(1953,119,1844,32,'RAS',0),(1954,119,1558,22,'RAS',0),(1955,119,1561,2,'RAS',0),(1956,119,1563,5,'RAS',0),(1957,120,1761,8,'malade',1),(1958,120,1766,14,'malade',1),(1959,121,1767,5,'RAS',0),(1960,121,1494,0,'RAS',0),(1961,121,1081,10,'malade',1),(1962,121,523,2,'RAS',0),(1963,121,1768,1,'RAS',0),(1964,121,515,0,'RAS',0),(1965,121,1074,2,'RAS',0),(1966,121,1958,5,'scolarité',1),(1967,121,13,14,'scolarité',1),(1968,121,1084,1,'RAS',0),(1969,121,1763,0,'RAS',0),(1970,121,145,0,'RAS',0),(1971,121,1762,0,'RAS',0),(1972,121,1852,5,'RAS',0),(1973,122,1859,20,'RAS',0),(1974,122,524,0,'RAS',0),(1975,122,1858,5,'RAS',0),(1976,122,39,0,'RAS',0),(1977,122,1752,0,'RAS',0),(1978,122,1857,10,'malade',1),(1979,122,1506,0,'RAS',0),(1980,122,1258,0,'RAS',0),(1981,123,1760,0,'RAS',0),(1982,123,1259,0,'RAS',0),(1983,123,1759,20,'RAS',0),(1984,123,1751,2,'RAS',0),(1985,123,1756,0,'RAS',0),(1986,123,1754,0,'RAS',0),(1987,123,1137,0,'RAS',0),(1988,123,1755,0,'RAS',0),(1989,123,1138,0,'RAS',0),(1990,123,4,0,'RAS',0),(1991,123,1753,0,'RAS',0),(2003,125,1384,5,'RAS',0),(2004,125,972,5,'RAS',0),(2005,125,1013,10,'RAS',0),(2006,125,970,1,'RAS',0),(2007,125,986,0,'RAS',0),(2008,125,1469,10,'RAS',0),(2009,125,1386,10,'RAS',0),(2010,125,1012,5,'RAS',0),(2011,125,1930,0,'RAS',0),(2012,125,981,0,'RAS',0),(2013,125,1130,0,'RAS',0),(2014,125,1495,10,'RAS',0),(2015,125,987,15,'RAS',0),(2016,125,1929,10,'RAS',0),(2017,125,1465,2,'RAS',0),(2018,125,1022,0,'RAS',0),(2019,125,1017,0,'RAS',0),(2020,126,1524,5,'RAS',0),(2021,126,1937,0,'RAS',0),(2022,126,1931,20,'RAS',0),(2023,126,1018,0,'RAS',0),(2024,126,1932,0,'RAS',0),(2025,126,1830,5,'RAS',0),(2026,126,1712,0,'RAS',0),(2027,126,1934,10,'RAS',0),(2028,126,1255,5,'RAS',0),(2029,126,1477,0,'RAS',0),(2030,126,999,10,'RAS',0),(2031,126,984,0,'RAS',0),(2032,126,1935,0,'RAS',0),(2033,126,983,0,'RAS',0),(2034,126,1015,0,'RAS',0),(2035,126,1009,2,'RAS',0),(2036,126,989,0,'RAS',0),(2037,126,1829,2,'RAS',0),(2038,126,1828,2,'RAS',0),(2039,126,1464,0,'RAS',0),(2040,126,1010,0,'RAS',0),(2041,126,975,0,'RAS',0),(2042,126,1008,0,'RAS',0),(2043,126,994,5,'RAS',0),(2044,126,1014,0,'RAS',0),(2045,126,1933,0,'RAS',0),(2046,126,1271,0,'RAS',0),(2047,126,1000,0,'RAS',0),(2048,126,1825,10,'RAS',0),(2049,126,1936,0,'RAS',0),(2050,126,1476,0,'RAS',0),(2051,126,735,0,'RAS',0),(2052,126,1938,0,'RAS',0),(2053,126,1001,0,'RAS',0),(2054,126,1826,20,'RAS',0),(2055,126,1835,5,'RAS',0),(2056,126,1528,0,'RAS',0),(2057,127,1256,10,'RAS',0),(2058,127,500,0,'RAS',0),(2059,127,1492,0,'RAS',0),(2060,127,1504,0,'RAS',0),(2061,127,1383,10,'RAS',0),(2062,127,1219,5,'RAS',0),(2063,127,611,0,'RAS',0),(2064,127,1883,0,'RAS',0),(2065,128,1741,0,'RAS',0),(2066,128,1951,10,'RAS',0),(2067,128,1726,0,'RAS',0),(2068,128,1736,5,'RAS',0),(2069,128,1720,0,'RAS',0),(2070,128,1733,0,'RAS',0),(2071,128,1743,5,'RAS',0),(2072,129,1734,0,'RAS',0),(2073,129,1739,5,'RAS',0),(2074,129,1725,0,'RAS',0),(2075,129,1728,5,'RAS',0),(2076,129,1723,0,'RAS',0),(2077,129,1740,0,'RAS',0),(2078,129,1742,0,'RAS',0),(2079,129,1730,0,'RAS',0),(2080,129,1722,0,'RAS',0),(2081,129,1721,0,'RAS',0),(2082,129,1737,0,'RAS',0),(2083,129,1724,5,'RAS',0),(2084,129,1729,0,'RAS',0),(2085,129,1738,0,'RAS',0),(2086,129,1727,20,'RAS',0),(2087,129,1735,0,'RAS',0),(2088,129,1732,0,'RAS',0),(2089,129,1885,0,'RAS',0),(2090,129,1731,0,'RAS',0),(2091,130,1708,30,'RAS',0),(2092,130,1679,0,'RAS',0),(2093,130,1711,5,'RAS',0),(2094,130,1592,0,'RAS',0),(2095,130,1700,0,'RAS',0),(2096,130,1715,0,'RAS',0),(2097,130,1946,0,'RAS',0),(2098,130,1703,0,'RAS',0),(2099,130,1748,0,'RAS',0),(2100,130,1689,0,'RAS',0),(2101,130,1705,0,'RAS',0),(2102,130,1704,0,'RAS',0),(2103,130,1718,0,'RAS',0),(2104,130,1943,2,'RAS',0),(2105,130,1953,2,'RAS',0),(2106,130,1710,0,'RAS',0),(2107,130,1709,0,'RAS',0),(2108,130,1702,0,'RAS',0),(2109,130,1749,0,'RAS',0),(2110,130,1683,0,'RAS',0),(2111,130,1717,0,'RAS',0),(2112,130,1707,0,'RAS',0),(2113,130,1682,0,'RAS',0),(2114,130,1687,0,'RAS',0),(2115,130,1945,2,'RAS',0),(2116,130,1690,2,'RAS',0),(2117,130,1699,0,'RAS',0),(2118,130,1713,0,'RAS',0),(2119,130,1533,0,'RAS',0),(2120,130,1750,0,'RAS',0),(2121,130,1716,0,'RAS',0),(2122,130,1680,0,'RAS',0),(2123,130,1942,10,'RAS',0),(2124,130,1701,15,'RAS',0),(2125,130,1688,0,'RAS',0),(2126,130,1944,0,'RAS',0),(2127,130,1706,5,'RAS',0),(2128,130,1681,5,'RAS',0),(2129,130,1697,0,'RAS',0),(2130,130,1685,10,'RAS',0),(2131,130,1698,0,'RAS',0),(2132,130,1947,0,'RAS',0),(2133,131,1374,5,'RAS',0),(2134,131,1860,2,'RAS',0),(2135,131,1161,2,'RAS',0),(2136,131,1175,0,'RAS',0),(2137,131,1617,2,'RAS',0),(2138,131,1162,4,'RAS',0),(2139,131,1616,0,'RAS',0),(2140,131,1182,0,'RAS',0),(2141,132,1846,2,'RAS',0),(2142,132,1845,0,'RAS',0),(2143,132,1844,0,'RAS',0),(2144,132,1558,0,'RAS',0),(2145,132,1561,0,'RAS',0),(2146,132,1563,2,'RAS',0),(2147,133,1614,0,'RAS',0),(2148,133,1620,0,'RAS',0),(2149,133,1170,0,'RAS',0),(2150,133,1863,2,'RAS',0),(2151,133,1862,5,'RAS',0),(2152,133,1253,5,'RAS',0),(2153,133,1615,0,'RAS',0),(2154,133,1861,5,'RAS',0),(2155,133,1607,2,'RAS',0),(2156,133,1154,0,'RAS',0),(2157,133,1473,0,'RAS',0),(2158,133,1183,0,'RAS',0),(2159,134,1374,5,'RAS',0),(2160,134,1860,2,'RAS',0),(2161,134,1161,0,'RAS',0),(2162,134,1175,0,'RAS',0),(2163,134,1617,0,'RAS',0),(2164,134,1162,0,'RAS',0),(2165,134,1616,0,'RAS',0),(2166,134,1182,0,'RAS',0),(2167,135,1634,0,'RAS',0),(2168,135,1880,0,'RAS',0),(2169,135,1547,20,'RAS',0),(2170,135,1657,5,'RAS',0),(2171,135,1747,0,'RAS',0),(2172,135,1827,0,'RAS',0),(2173,135,1655,0,'RAS',0),(2174,135,1877,0,'RAS',0),(2175,135,1658,5,'RAS',0),(2176,135,1636,0,'RAS',0),(2177,135,1545,0,'RAS',0),(2178,135,1659,0,'RAS',0),(2179,135,1653,0,'RAS',0),(2180,135,1662,0,'RAS',0),(2181,135,1551,0,'RAS',0),(2182,135,1950,0,'RAS',0),(2183,135,1536,0,'RAS',0),(2184,135,1652,0,'RAS',0),(2185,135,1673,0,'RAS',0),(2186,135,1648,5,'RAS',0),(2187,135,1638,2,'RAS',0),(2188,135,1671,0,'RAS',0),(2189,135,1540,5,'RAS',0),(2190,135,1656,2,'RAS',0),(2191,135,1639,1,'RAS',0),(2192,135,1550,5,'RAS',0),(2193,135,1640,0,'RAS',0),(2194,135,1669,0,'RAS',0),(2195,135,1631,0,'RAS',0),(2196,135,1535,3,'RAS',0),(2197,135,1635,5,'RAS',0),(2198,135,1556,0,'RAS',0),(2199,135,1549,0,'RAS',0),(2200,135,1641,5,'RAS',0),(2201,135,1663,0,'RAS',0),(2202,135,1661,2,'RAS',0),(2203,135,1660,4,'RAS',0),(2204,135,1554,5,'RAS',0),(2205,135,1541,2,'RAS',0),(2206,135,1553,0,'RAS',0),(2207,135,1544,2,'RAS',0),(2208,135,1538,3,'RAS',0),(2209,135,1637,0,'RAS',0),(2210,135,1646,0,'RAS',0),(2211,135,1881,2,'RAS',0),(2212,135,1665,3,'RAS',0),(2213,135,1817,2,'RAS',0),(2214,135,1548,15,'RAS',0),(2215,135,1882,5,'RAS',0),(2216,135,1590,4,'RAS',0),(2217,135,1654,0,'RAS',0),(2218,135,1668,5,'RAS',0),(2219,135,1642,2,'RAS',0),(2220,135,1647,0,'RAS',0),(2221,135,1534,0,'RAS',0),(2222,135,1667,2,'RAS',0),(2223,135,1632,20,'RAS',0),(2224,135,1949,0,'RAS',0),(2225,135,1879,20,'RAS',0),(2226,135,1672,0,'RAS',0),(2227,135,1878,2,'RAS',0),(2228,135,1645,2,'RAS',0),(2229,135,1539,1,'RAS',0),(2230,135,1666,0,'RAS',0),(2231,135,1670,0,'RAS',0),(2232,135,1588,1,'RAS',0),(2233,135,1649,0,'RAS',0),(2234,135,1546,0,'RAS',0),(2235,135,1643,0,'RAS',0),(2236,135,1591,0,'RAS',0),(2237,135,1552,2,'RAS',0),(2238,135,1644,3,'RAS',0),(2239,135,1633,0,'RAS',0),(2240,135,1664,2,'RAS',0),(2241,135,1537,0,'RAS',0),(2242,135,1543,2,'RAS',0),(2243,136,1459,0,'RAS',0),(2244,136,1595,0,'RAS',0),(2245,136,1602,2,'RAS',0),(2246,136,1369,5,'RAS',0),(2247,136,1599,0,'RAS',0),(2248,136,1601,0,'RAS',0),(2249,136,1864,5,'RAS',0),(2250,136,1507,2,'RAS',0),(2251,136,1242,0,'RAS',0),(2252,136,1363,2,'RAS',0),(2253,136,1605,3,'RAS',0),(2265,138,1925,5,'RAS',0),(2266,138,1839,2,'RAS',0),(2267,138,1928,0,'RAS',0),(2268,138,1840,2,'RAS',0),(2269,138,1409,5,'RAS',0),(2270,138,1415,0,'RAS',0),(2271,138,1926,4,'RAS',0),(2272,138,1924,0,'RAS',0),(2273,138,1927,6,'RAS',0),(2274,138,1842,4,'RAS',0),(2275,138,1841,0,'RAS',0),(2276,138,1923,0,'RAS',0),(2277,138,1843,4,'RAS',0),(2291,140,1876,5,'RAS',0),(2292,140,1871,2,'RAS',0),(2293,140,1572,5,'RAS',0),(2294,140,1875,4,'RAS',0),(2295,140,1578,2,'RAS',0),(2296,140,1674,40,'RAS',0),(2297,140,1865,5,'RAS',0),(2298,140,1678,2,'RAS',0),(2299,140,1866,0,'RAS',0),(2300,140,1580,4,'RAS',0),(2301,140,1873,2,'RAS',0),(2302,140,1868,0,'RAS',0),(2303,140,1576,4,'RAS',0),(2304,140,1579,5,'RAS',0),(2305,140,1677,4,'RAS',0),(2306,140,1585,2,'RAS',0),(2307,140,1869,2,'RAS',0),(2308,140,1955,5,'RAS',0),(2309,140,1870,20,'RAS',0),(2310,140,1584,5,'RAS',0),(2311,140,1874,4,'RAS',0),(2312,140,1692,4,'RAS',0),(2313,140,1954,2,'RAS',0),(2314,140,1571,4,'RAS',0),(2315,140,1694,2,'RAS',0),(2316,140,1956,0,'RAS',0),(2317,140,1626,0,'RAS',0),(2318,140,1867,0,'RAS',0),(2319,140,1872,0,'RAS',0),(2320,140,1570,2,'RAS',0),(2321,141,1799,5,'RAS',0),(2322,141,1889,2,'RAS',0),(2323,141,1886,0,'RAS',0),(2324,141,1787,12,'RAS',0),(2325,141,1772,2,'RAS',0),(2326,141,1888,4,'RAS',0),(2327,141,1797,4,'RAS',0),(2328,141,1782,8,'RAS',0),(2329,141,1784,5,'RAS',0),(2330,141,1798,0,'RAS',0),(2331,141,1781,0,'RAS',0),(2332,141,1887,8,'RAS',0),(2333,141,1796,4,'RAS',0),(2334,141,1783,0,'RAS',0),(2395,144,1899,0,'RAS',0),(2396,144,1902,1,'RAS',0),(2397,144,1317,1,'RAS',0),(2398,144,1809,2,'RAS',0),(2399,144,1816,2,'RAS',0),(2400,144,1807,2,'RAS',0),(2401,144,1819,2,'RAS',0),(2402,144,1906,2,'RAS',0),(2403,144,1814,0,'RAS',0),(2404,144,1904,2,'RAS',0),(2405,144,1329,2,'RAS',0),(2406,144,1905,2,'RAS',0),(2407,144,1813,2,'RAS',0),(2408,144,1812,0,'RAS',0),(2409,144,1901,2,'RAS',0),(2410,144,1898,2,'RAS',0),(2411,144,1952,2,'RAS',0),(2412,144,1833,2,'RAS',0),(2413,144,1834,2,'RAS',0),(2414,144,1903,2,'RAS',0),(2415,144,1823,2,'RAS',0),(2416,144,1803,4,'RAS',0),(2417,144,1900,4,'RAS',0),(2418,144,1897,0,'RAS',0),(2419,144,1896,0,'RAS',0),(2420,144,1907,0,'RAS',0),(2421,144,1802,5,'RAS',0),(2422,144,1811,2,'RAS',0),(2423,144,1804,2,'RAS',0),(2424,144,1831,2,'RAS',0),(2425,145,1918,18,'RAS',0),(2426,145,1822,2,'RAS',0),(2427,145,1911,3,'RAS',0),(2428,145,1914,3,'RAS',0),(2429,145,1824,3,'RAS',0),(2430,145,1916,2,'RAS',0),(2431,145,1921,0,'RAS',0),(2432,145,1909,0,'RAS',0),(2433,145,1913,2,'RAS',0),(2434,145,1820,0,'RAS',0),(2435,145,1910,0,'RAS',0),(2436,145,1342,0,'RAS',0),(2437,145,1581,0,'RAS',0),(2438,145,1806,2,'RAS',0),(2439,145,1919,0,'RAS',0),(2440,145,1296,0,'RAS',0),(2441,145,1821,0,'RAS',0),(2442,145,1915,2,'RAS',0),(2443,145,1957,2,'RAS',0),(2444,145,1922,2,'RAS',0),(2445,145,1912,2,'RAS',0),(2446,145,1920,3,'RAS',0),(2447,145,1805,5,'RAS',0),(2448,145,1810,5,'RAS',0),(2449,145,1808,3,'RAS',0),(2450,146,1795,5,'RAS',0),(2451,146,1067,5,'RAS',0),(2452,146,1474,2,'RAS',0),(2453,146,1794,2,'RAS',0),(2454,146,1890,2,'RAS',0),(2455,147,1791,5,'RAS',0),(2456,147,1891,2,'RAS',0),(2457,147,1893,4,'RAS',0),(2458,147,1892,5,'RAS',0),(2459,147,1769,2,'RAS',0),(2460,147,1894,7,'RAS',0),(2461,147,1895,7,'RAS',0),(2462,147,1776,9,'RAS',0),(2463,147,1788,20,'RAS',0),(2464,147,1785,3,'RAS',0),(2465,147,1775,3,'RAS',0),(2466,147,1789,2,'RAS',0),(2467,147,1770,2,'RAS',0),(2468,147,1786,2,'RAS',0),(2469,147,1778,5,'RAS',0),(2470,147,1836,2,'RAS',0),(2471,147,1779,2,'RAS',0),(2472,147,1790,7,'RAS',0);

--
-- Table structure for table `abscence_sheet`
--

CREATE TABLE `abscence_sheet` (
  `id` int NOT NULL AUTO_INCREMENT,
  `sequence_id` int DEFAULT NULL,
  `class_room_id` int NOT NULL,
  `start_date` date NOT NULL,
  `end_date` date NOT NULL,
  `created_at` datetime NOT NULL DEFAULT CURRENT_TIMESTAMP,
  `updated_at` datetime NOT NULL DEFAULT CURRENT_TIMESTAMP,
  PRIMARY KEY (`id`),
  KEY `IDX_AC67567598FB19AE` (`sequence_id`),
  KEY `IDX_AC6756759162176F` (`class_room_id`),
  CONSTRAINT `FK_AC6756759162176F` FOREIGN KEY (`class_room_id`) REFERENCES `class_room` (`id`),
  CONSTRAINT `FK_AC67567598FB19AE` FOREIGN KEY (`sequence_id`) REFERENCES `sequence` (`id`)
) ENGINE=InnoDB AUTO_INCREMENT=148 DEFAULT CHARSET=utf8mb4 COLLATE=utf8mb4_unicode_ci;

--
-- Dumping data for table `abscence_sheet`
--

INSERT INTO `abscence_sheet` VALUES (2,33,2,'2023-12-11','2023-12-11','2023-12-11 22:12:51','2023-12-11 22:12:51'),(3,33,1,'2023-12-11','2023-12-11','2023-12-11 22:23:10','2023-12-11 22:23:10'),(4,33,3,'2023-12-11','2023-12-11','2023-12-11 22:26:48','2023-12-11 22:26:48'),(5,33,17,'2023-12-11','2023-12-11','2023-12-11 22:30:33','2023-12-11 22:30:33'),(6,33,5,'2023-12-11','2023-12-11','2023-12-11 22:34:02','2023-12-11 22:34:02'),(7,33,16,'2023-12-11','2023-12-11','2023-12-11 22:39:06','2023-12-11 22:39:06'),(8,33,9,'2023-12-11','2023-12-11','2023-12-11 22:41:51','2023-12-11 22:41:51'),(9,33,10,'2023-12-11','2023-12-11','2023-12-11 22:43:55','2023-12-11 22:43:55'),(10,33,26,'2023-12-11','2023-12-11','2023-12-11 22:47:40','2023-12-11 22:47:40'),(11,33,7,'2023-12-11','2023-12-11','2023-12-11 22:49:27','2023-12-11 22:49:27'),(12,33,8,'2023-12-11','2023-12-11','2023-12-11 22:50:56','2023-12-11 22:50:56'),(13,33,21,'2023-12-11','2023-12-11','2023-12-11 22:52:28','2023-12-11 22:52:28'),(14,33,6,'2023-12-11','2023-12-11','2023-12-11 22:54:32','2023-12-11 22:54:32'),(15,33,15,'2023-12-11','2023-12-11','2023-12-11 22:57:06','2023-12-11 22:57:06'),(16,33,14,'2023-12-11','2023-12-11','2023-12-11 22:58:32','2023-12-11 22:58:32'),(17,33,13,'2023-12-11','2023-12-11','2023-12-11 23:00:31','2023-12-11 23:00:31'),(18,33,12,'2023-12-11','2023-12-11','2023-12-11 23:01:49','2023-12-11 23:01:49'),(19,33,20,'2023-12-11','2023-12-11','2023-12-11 23:04:13','2023-12-11 23:04:13'),(20,33,19,'2023-12-11','2023-12-11','2023-12-11 23:06:28','2023-12-11 23:06:28'),(21,33,18,'2023-12-11','2023-12-11','2023-12-11 23:09:14','2023-12-11 23:09:14'),(22,33,4,'2023-12-11','2023-12-11','2023-12-11 23:11:47','2023-12-11 23:11:47'),(23,33,23,'2023-12-11','2023-12-11','2023-12-11 23:13:05','2023-12-11 23:13:05'),(24,33,25,'2023-12-11','2023-12-11','2023-12-11 23:15:00','2023-12-11 23:15:00'),(25,33,24,'2023-12-11','2023-12-11','2023-12-11 23:16:17','2023-12-11 23:16:17'),(26,32,1,'2023-12-13','2023-12-13','2023-12-13 14:42:37','2023-12-13 14:42:37'),(27,32,2,'2023-12-13','2023-12-13','2023-12-13 17:17:50','2023-12-13 17:17:50'),(28,32,3,'2023-12-13','2023-12-13','2023-12-13 17:18:47','2023-12-13 17:18:47'),(29,32,4,'2023-12-13','2023-12-13','2023-12-13 17:20:30','2023-12-13 17:20:30'),(30,32,5,'2023-12-13','2023-12-13','2023-12-13 17:21:58','2023-12-13 17:21:58'),(31,32,6,'2023-12-13','2023-12-13','2023-12-13 17:22:56','2023-12-13 17:22:56'),(32,32,7,'2023-12-13','2023-12-13','2023-12-13 17:24:14','2023-12-13 17:24:14'),(33,32,8,'2023-12-13','2023-12-13','2023-12-13 17:25:21','2023-12-13 17:25:21'),(34,32,9,'2023-12-13','2023-12-13','2023-12-13 17:26:12','2023-12-13 17:26:12'),(35,32,12,'2023-12-13','2023-12-13','2023-12-13 17:27:01','2023-12-13 17:27:01'),(36,32,13,'2023-12-13','2023-12-13','2023-12-13 17:29:14','2023-12-13 17:29:14'),(38,32,14,'2023-12-13','2023-12-13','2023-12-13 18:06:51','2023-12-13 18:06:51'),(39,32,15,'2023-12-13','2023-12-13','2023-12-13 18:08:17','2023-12-13 18:08:17'),(40,32,16,'2023-12-13','2023-12-13','2023-12-13 18:09:42','2023-12-13 18:09:42'),(41,32,17,'2023-12-13','2023-12-13','2023-12-13 18:25:01','2023-12-13 18:25:01'),(42,32,18,'2023-12-13','2023-12-13','2023-12-13 18:25:55','2023-12-13 18:25:55'),(43,32,19,'2023-12-13','2023-12-13','2023-12-13 18:27:12','2023-12-13 18:27:12'),(44,32,21,'2023-12-13','2023-12-13','2023-12-13 18:28:27','2023-12-13 18:28:27'),(45,32,23,'2023-12-13','2023-12-13','2023-12-13 18:28:58','2023-12-13 18:28:58'),(46,32,24,'2023-12-13','2023-12-13','2023-12-13 18:29:27','2023-12-13 18:29:27'),(47,32,25,'2023-12-13','2023-12-13','2023-12-13 18:29:57','2023-12-13 18:29:57'),(48,32,26,'2023-12-13','2023-12-13','2023-12-13 18:30:52','2023-12-13 18:30:52'),(49,32,10,'2023-12-13','2023-12-13','2023-12-13 19:53:13','2023-12-13 19:53:13'),(50,32,20,'2023-12-13','2023-12-13','2023-12-13 20:12:28','2023-12-13 20:12:28'),(51,35,2,'2024-03-19','2024-03-19','2024-03-19 11:16:04','2024-03-19 11:16:04'),(52,35,1,'2024-03-19','2024-03-19','2024-03-19 11:24:02','2024-03-19 11:24:02'),(53,35,17,'2024-03-19','2024-03-19','2024-03-19 11:27:10','2024-03-19 11:27:10'),(55,34,2,'2024-03-20','2024-03-20','2024-03-20 00:09:01','2024-03-20 00:09:01'),(57,34,1,'2024-03-20','2024-03-20','2024-03-20 08:10:37','2024-03-20 08:10:37'),(58,34,17,'2024-03-20','2024-03-20','2024-03-20 08:24:26','2024-03-20 08:24:26'),(59,34,3,'2024-03-20','2024-03-20','2024-03-20 08:27:46','2024-03-20 08:27:46'),(60,35,3,'2024-03-20','2024-03-20','2024-03-20 08:30:32','2024-03-20 08:30:32'),(61,34,16,'2024-03-20','2024-03-20','2024-03-20 08:36:53','2024-03-20 08:36:53'),(62,37,16,'2024-03-20','2024-03-20','2024-03-20 08:39:39','2024-03-20 08:39:39'),(63,34,5,'2024-03-20','2024-03-20','2024-03-20 08:43:23','2024-03-20 08:43:23'),(64,37,5,'2024-03-20','2024-03-20','2024-03-20 08:45:09','2024-03-20 08:45:09'),(65,34,26,'2024-03-20','2024-03-20','2024-03-20 08:52:09','2024-03-20 08:52:09'),(66,35,26,'2024-03-20','2024-03-20','2024-03-20 08:54:16','2024-03-20 08:54:16'),(67,34,9,'2024-03-20','2024-03-20','2024-03-20 08:57:30','2024-03-20 08:57:30'),(68,35,9,'2024-03-20','2024-03-20','2024-03-20 08:59:13','2024-03-20 08:59:13'),(69,34,10,'2024-03-20','2024-03-20','2024-03-20 09:08:15','2024-03-20 09:08:15'),(70,35,10,'2024-03-20','2024-03-20','2024-03-20 09:11:53','2024-03-20 09:11:53'),(71,34,21,'2024-03-20','2024-03-20','2024-03-20 09:19:40','2024-03-20 09:19:40'),(72,37,21,'2024-03-20','2024-03-20','2024-03-20 09:21:49','2024-03-20 09:21:49'),(73,34,6,'2024-03-20','2024-03-20','2024-03-20 09:23:34','2024-03-20 09:23:34'),(75,37,6,'2024-03-20','2024-03-20','2024-03-20 09:28:13','2024-03-20 09:28:13'),(77,34,7,'2024-03-20','2024-03-20','2024-03-20 09:29:39','2024-03-20 09:29:39'),(78,35,7,'2024-03-20','2024-03-20','2024-03-20 09:30:46','2024-03-20 09:30:46'),(79,34,8,'2024-03-20','2024-03-20','2024-03-20 09:31:30','2024-03-20 09:31:30'),(80,35,8,'2024-03-20','2024-03-20','2024-03-20 09:32:32','2024-03-20 09:32:32'),(81,34,12,'2024-03-20','2024-03-20','2024-03-20 09:38:33','2024-03-20 09:38:33'),(82,35,12,'2024-03-20','2024-03-20','2024-03-20 09:39:12','2024-03-20 09:39:12'),(83,34,13,'2024-03-20','2024-03-20','2024-03-20 09:40:12','2024-03-20 09:40:12'),(84,35,13,'2024-03-20','2024-03-20','2024-03-20 09:41:23','2024-03-20 09:41:23'),(85,34,14,'2024-03-20','2024-03-20','2024-03-20 09:42:22','2024-03-20 09:42:22'),(86,37,14,'2024-03-20','2024-03-20','2024-03-20 09:45:21','2024-03-20 09:45:21'),(87,34,15,'2024-03-20','2024-03-20','2024-03-20 09:49:26','2024-03-20 09:49:26'),(88,37,15,'2024-03-20','2024-03-20','2024-03-20 09:52:07','2024-03-20 09:52:07'),(89,34,20,'2024-03-20','2024-03-20','2024-03-20 10:01:48','2024-03-20 10:01:48'),(90,35,20,'2024-03-20','2024-03-20','2024-03-20 10:03:26','2024-03-20 10:03:26'),(91,34,19,'2024-03-20','2024-03-20','2024-03-20 10:04:30','2024-03-20 10:04:30'),(92,35,19,'2024-03-20','2024-03-20','2024-03-20 10:06:35','2024-03-20 10:06:35'),(93,34,18,'2024-03-20','2024-03-20','2024-03-20 10:07:40','2024-03-20 10:07:40'),(94,35,18,'2024-03-20','2024-03-20','2024-03-20 10:09:38','2024-03-20 10:09:38'),(95,34,4,'2024-03-20','2024-03-20','2024-03-20 10:10:27','2024-03-20 10:10:27'),(96,35,4,'2024-03-20','2024-03-20','2024-03-20 10:13:01','2024-03-20 10:13:01'),(97,34,23,'2024-03-20','2024-03-20','2024-03-20 10:13:50','2024-03-20 10:13:50'),(98,35,23,'2024-03-20','2024-03-20','2024-03-20 10:14:51','2024-03-20 10:14:51'),(99,34,25,'2024-03-20','2024-03-20','2024-03-20 10:15:49','2024-03-20 10:15:49'),(100,35,25,'2024-03-20','2024-03-20','2024-03-20 10:17:08','2024-03-20 10:17:08'),(101,34,24,'2024-03-20','2024-03-20','2024-03-20 10:17:51','2024-03-20 10:17:51'),(102,35,24,'2024-03-20','2024-03-20','2024-03-20 10:18:53','2024-03-20 10:18:53'),(103,36,2,'2024-05-27','2024-05-27','2024-05-27 09:56:39','2024-05-27 09:56:39'),(104,37,2,'2024-05-27','2024-05-27','2024-05-27 09:58:09','2024-05-27 09:58:09'),(105,43,1,'2025-03-26','2025-03-26','2025-03-26 22:00:39','2025-03-26 22:00:39'),(106,43,2,'2025-03-30','2025-03-30','2025-03-30 11:12:46','2025-03-30 11:12:46'),(107,43,20,'2025-03-30','2025-03-30','2025-03-30 14:26:57','2025-03-30 14:26:57'),(108,43,19,'2025-03-30','2025-03-30','2025-03-30 20:17:33','2025-03-30 20:17:33'),(109,43,12,'2025-03-31','2025-03-31','2025-03-31 07:27:51','2025-03-31 07:27:51'),(110,43,13,'2025-03-31','2025-03-31','2025-03-31 07:36:17','2025-03-31 07:36:17'),(111,43,14,'2025-03-31','2025-03-31','2025-03-31 07:38:56','2025-03-31 07:38:56'),(112,43,15,'2025-03-31','2025-03-31','2025-03-31 07:44:36','2025-03-31 07:44:36'),(113,43,21,'2025-03-31','2025-03-31','2025-03-31 08:50:41','2025-03-31 08:50:41'),(114,43,6,'2025-03-31','2025-03-31','2025-03-31 08:59:36','2025-03-31 08:59:36'),(115,43,7,'2025-03-31','2025-03-31','2025-03-31 09:16:54','2025-03-31 09:16:54'),(116,43,8,'2025-03-31','2025-03-31','2025-03-31 09:23:03','2025-03-31 09:23:03'),(117,43,18,'2025-03-31','2025-03-31','2025-03-31 09:26:22','2025-03-31 09:26:22'),(118,43,24,'2025-03-31','2025-03-31','2025-03-31 09:30:34','2025-03-31 09:30:34'),(119,43,25,'2025-03-31','2025-03-31','2025-03-31 09:33:07','2025-03-31 09:33:07'),(120,45,12,'2025-05-24','2025-05-24','2025-05-24 12:38:25','2025-05-24 12:38:25'),(121,45,13,'2025-05-24','2025-05-24','2025-05-24 12:41:09','2025-05-24 12:41:09'),(122,45,14,'2025-05-24','2025-05-24','2025-05-24 12:42:41','2025-05-24 12:42:41'),(123,45,15,'2025-05-24','2025-05-24','2025-05-24 12:44:49','2025-05-24 12:44:49'),(125,45,5,'2025-05-30','2025-05-30','2025-05-30 03:24:08','2025-05-30 03:24:08'),(126,45,16,'2025-05-30','2025-05-30','2025-05-30 03:30:30','2025-05-30 03:30:30'),(127,45,21,'2025-05-30','2025-05-30','2025-05-30 03:34:02','2025-05-30 03:34:02'),(128,45,7,'2025-05-30','2025-05-30','2025-05-30 03:35:32','2025-05-30 03:35:32'),(129,45,8,'2025-05-30','2025-05-30','2025-05-30 03:37:41','2025-05-30 03:37:41'),(130,45,1,'2025-05-30','2025-05-30','2025-05-30 16:06:34','2025-05-30 16:06:34'),(131,45,24,'2025-05-30','2025-05-30','2025-05-30 16:15:21','2025-05-30 16:15:21'),(132,45,25,'2025-05-30','2025-05-30','2025-05-30 16:19:36','2025-05-30 16:19:36'),(133,45,23,'2025-05-30','2025-05-30','2025-05-30 16:45:39','2025-05-30 16:45:39'),(134,45,4,'2025-05-30','2025-05-30','2025-05-30 17:10:54','2025-05-30 17:10:54'),(135,45,2,'2025-05-30','2025-05-30','2025-05-30 17:22:36','2025-05-30 17:22:36'),(136,45,18,'2025-05-30','2025-05-30','2025-05-30 17:43:18','2025-05-30 17:43:18'),(138,45,19,'2025-05-30','2025-05-30','2025-05-30 17:48:39','2025-05-30 17:48:39'),(140,45,20,'2025-05-30','2025-05-30','2025-05-30 17:55:13','2025-05-30 17:55:13'),(141,45,10,'2025-05-30','2025-05-30','2025-05-30 17:56:52','2025-05-30 17:56:52'),(144,45,3,'2025-05-30','2025-05-30','2025-05-30 19:08:39','2025-05-30 19:08:39'),(145,45,17,'2025-05-30','2025-05-30','2025-05-30 19:10:31','2025-05-30 19:10:31'),(146,45,9,'2025-05-30','2025-05-30','2025-05-30 19:12:29','2025-05-30 19:12:29'),(147,45,26,'2025-05-30','2025-05-30','2025-05-30 19:13:59','2025-05-30 19:13:59');

--
-- Table structure for table `attribution`
--

CREATE TABLE `attribution` (
  `id` int NOT NULL AUTO_INCREMENT,
  `course_id` int NOT NULL,
  `teacher_id` int NOT NULL,
  `year_id` int NOT NULL,
  `head_teacher` tinyint(1) NOT NULL DEFAULT '0',
  PRIMARY KEY (`id`),
  KEY `IDX_C751ED49591CC992` (`course_id`),
  KEY `IDX_C751ED4941807E1D` (`teacher_id`),
  KEY `IDX_C751ED4940C1FEA7` (`year_id`),
  CONSTRAINT `FK_C751ED4940C1FEA7` FOREIGN KEY (`year_id`) REFERENCES `school_year` (`id`),
  CONSTRAINT `FK_C751ED4941807E1D` FOREIGN KEY (`teacher_id`) REFERENCES `user` (`id`),
  CONSTRAINT `FK_C751ED49591CC992` FOREIGN KEY (`course_id`) REFERENCES `course` (`id`)
) ENGINE=InnoDB AUTO_INCREMENT=3135 DEFAULT CHARSET=utf8mb4 COLLATE=utf8mb4_unicode_ci;

--
-- Dumping data for table `attribution`
--

INSERT INTO `attribution` VALUES (1,18,24,1,0),(2,19,24,1,0),(3,290,18,1,0),(4,291,20,1,0),(5,158,21,1,0),(6,37,5,1,0),(7,92,5,1,0),(8,119,29,1,0),(9,98,29,1,0),(10,99,42,1,0),(11,139,29,1,0),(12,142,29,1,0),(13,162,29,1,0),(14,174,29,1,0),(15,288,29,1,0),(16,229,29,1,0),(17,230,29,1,0),(18,232,29,1,0),(19,233,29,1,0),(20,30,14,1,0),(21,31,14,1,0),(22,11,14,1,0),(23,10,14,1,0),(24,8,14,1,0),(25,9,14,1,0),(26,177,20,1,0),(27,176,20,1,0),(28,184,20,1,0),(29,223,7,1,0),(30,268,20,1,0),(31,292,20,1,0),(32,239,20,1,0),(33,250,20,1,0),(34,254,20,1,0),(35,277,20,1,0),(36,241,20,1,0),(37,278,20,1,0),(38,266,20,1,0),(39,291,20,1,0),(40,264,20,1,0),(41,68,25,1,0),(42,81,25,1,0),(44,29,25,1,0),(45,28,25,1,0),(46,214,25,1,0),(47,42,25,1,0),(48,43,25,1,0),(49,215,25,1,0),(50,217,25,1,0),(51,216,25,1,0),(52,150,7,1,0),(53,3,7,1,0),(54,147,14,1,0),(55,156,4,1,0),(57,166,4,1,0),(58,165,4,1,0),(59,180,4,1,0),(60,181,4,1,0),(61,188,4,1,0),(62,189,4,1,0),(63,235,4,1,0),(64,231,4,1,0),(65,222,30,1,0),(66,129,30,1,0),(67,5,30,1,0),(68,73,10,1,0),(69,70,10,1,0),(70,71,10,1,0),(71,72,10,1,0),(72,284,10,1,0),(73,260,10,1,0),(74,161,8,1,0),(75,172,8,1,0),(76,225,8,1,0),(77,112,8,1,0),(78,113,8,1,0),(79,126,8,1,0),(80,136,12,1,0),(81,226,12,1,0),(82,224,12,1,0),(83,90,23,1,0),(84,77,23,1,0),(85,62,8,1,0),(86,63,8,1,0),(87,24,23,1,0),(88,25,23,1,0),(89,202,3,1,0),(90,203,3,1,0),(91,157,3,1,0),(92,169,3,1,0),(93,122,3,1,0),(94,79,22,1,0),(95,4,22,1,0),(96,94,22,1,0),(97,95,22,1,0),(98,116,22,1,0),(99,151,22,1,0),(100,152,22,1,0),(101,164,22,1,0),(102,185,20,1,0),(103,35,22,1,0),(104,2,22,1,0),(105,60,31,1,0),(106,61,31,1,0),(109,46,2,1,0),(110,52,2,1,0),(111,47,2,1,0),(112,53,2,1,0),(113,86,2,1,0),(114,48,2,1,0),(115,49,2,1,0),(116,84,2,1,0),(117,85,2,1,0),(118,50,2,1,0),(119,51,2,1,0),(120,83,2,1,0),(121,273,2,1,0),(122,244,27,1,0),(123,257,27,1,0),(124,246,27,1,0),(125,259,27,1,0),(126,281,27,1,0),(127,282,27,1,0),(128,272,27,1,0),(129,287,27,1,0),(130,271,27,1,0),(131,270,27,1,0),(132,280,32,1,0),(133,258,32,1,0),(134,283,32,1,0),(135,234,32,1,0),(136,245,32,1,0),(137,293,32,1,0),(138,256,32,1,0),(139,269,32,1,0),(140,279,32,1,0),(141,243,32,1,0),(142,130,33,1,0),(143,131,33,1,0),(144,153,33,1,0),(145,149,33,1,0),(146,168,33,1,0),(147,148,33,1,0),(148,194,33,1,0),(149,154,33,1,0),(150,196,33,1,0),(151,197,33,1,0),(152,190,33,1,0),(153,195,33,1,0),(154,167,33,1,0),(155,191,33,1,0),(156,192,33,1,0),(157,193,33,1,0),(158,127,14,1,0),(159,114,14,1,0),(160,115,14,1,0),(161,78,14,1,0),(162,91,14,1,0),(163,261,28,1,0),(164,89,34,1,0),(165,21,34,1,0),(166,20,34,1,0),(167,204,34,1,0),(168,205,34,1,0),(169,82,16,1,0),(170,69,16,1,0),(171,45,16,1,0),(172,32,16,1,0),(173,44,16,1,0),(174,33,16,1,0),(175,267,26,1,0),(176,289,26,1,0),(177,295,26,1,0),(178,242,26,1,0),(179,255,26,1,0),(180,265,26,1,0),(181,294,26,1,0),(182,240,26,1,0),(183,251,26,1,0),(184,26,14,1,0),(185,27,14,1,0),(186,64,14,1,0),(187,65,14,1,0),(188,140,14,1,0),(189,141,14,1,0),(190,296,14,1,0),(191,163,14,1,0),(192,297,14,1,0),(193,298,14,1,0),(194,299,14,1,0),(195,300,14,1,0),(196,286,27,1,0),(197,274,28,1,0),(198,285,28,1,0),(199,236,28,1,0),(200,247,28,1,0),(201,262,28,1,0),(202,275,28,1,0),(203,237,28,1,0),(204,248,28,1,0),(205,276,18,1,0),(206,290,18,1,0),(207,263,18,1,0),(208,238,18,1,0),(209,249,18,1,0),(210,208,21,1,0),(211,159,15,1,0),(212,171,15,1,0),(213,209,21,1,0),(214,117,21,1,0),(215,18,24,1,0),(216,19,24,1,0),(217,56,24,1,0),(218,57,24,1,0),(219,75,24,1,0),(220,175,14,1,0),(221,88,24,1,0),(222,121,24,1,0),(223,108,24,1,0),(224,219,14,1,0),(225,218,14,1,0),(226,220,14,1,0),(227,221,14,1,0),(228,170,15,1,0),(229,206,21,1,0),(230,207,21,1,0),(231,123,21,1,0),(232,109,24,1,0),(233,137,24,1,0),(234,173,24,1,0),(235,143,24,1,0),(236,160,24,1,0),(237,198,24,1,0),(238,199,24,1,0),(239,200,24,1,0),(240,201,24,1,0),(241,67,9,1,0),(242,74,9,1,0),(243,58,3,1,0),(244,76,35,1,0),(245,66,35,1,0),(246,186,4,1,0),(247,178,4,1,0),(248,210,35,1,0),(249,211,35,1,0),(250,179,4,1,0),(251,187,4,1,0),(252,212,35,1,0),(253,213,35,1,0),(254,118,19,1,0),(255,97,19,1,0),(256,120,19,1,0),(257,146,14,1,0),(258,132,14,1,0),(259,133,14,1,0),(260,80,19,1,0),(261,87,19,1,0),(262,134,13,1,0),(263,144,13,1,0),(264,106,19,1,0),(265,107,19,1,0),(266,96,19,1,0),(267,101,14,1,0),(268,100,14,1,0),(269,125,14,1,0),(270,102,14,1,0),(271,124,14,1,0),(272,103,14,1,0),(273,110,13,1,0),(274,93,13,1,0),(275,111,13,1,0),(276,227,2,1,0),(277,228,35,1,0),(278,36,35,1,0),(279,38,28,1,0),(280,39,35,1,0),(281,54,17,1,0),(282,40,17,1,0),(283,41,17,1,0),(284,14,17,1,0),(285,6,17,1,0),(286,15,17,1,0),(287,7,17,1,0),(288,55,17,1,0),(289,12,14,1,0),(290,13,14,1,0),(291,23,21,1,0),(292,22,21,1,0),(293,58,3,1,0),(294,59,34,1,0),(299,55,9,2,0),(300,18,38,2,0),(301,19,38,2,0),(302,56,38,2,0),(303,312,38,2,0),(304,57,38,2,0),(305,75,38,2,0),(306,88,38,2,0),(307,108,38,2,0),(308,109,38,2,0),(309,121,38,2,0),(310,137,38,2,0),(311,143,38,2,0),(312,160,38,2,0),(313,173,38,2,0),(314,198,38,2,0),(316,200,38,2,0),(317,201,38,2,0),(318,67,9,2,0),(319,15,17,2,0),(320,14,17,2,0),(321,237,39,2,0),(322,247,39,2,0),(323,248,39,2,0),(324,262,39,2,0),(325,28,25,2,0),(326,29,25,2,0),(327,42,25,2,0),(328,43,25,2,0),(329,307,25,2,0),(330,68,25,2,0),(331,81,25,2,0),(332,98,25,2,0),(333,99,42,2,0),(334,119,25,2,0),(335,217,25,2,0),(336,139,25,2,0),(337,142,25,2,0),(338,162,25,2,0),(339,174,25,2,0),(340,214,25,2,0),(342,216,25,2,0),(343,194,33,2,0),(345,193,33,2,0),(346,196,33,2,0),(347,197,33,2,0),(348,190,33,2,0),(350,192,33,2,0),(351,118,19,2,0),(352,120,19,2,0),(353,96,19,2,0),(354,97,19,2,0),(355,305,19,2,0),(356,130,19,2,0),(357,149,19,2,0),(358,306,19,2,0),(359,106,19,2,0),(360,168,19,2,0),(361,153,19,2,0),(362,107,19,2,0),(363,131,17,2,0),(364,148,17,2,0),(365,167,19,2,0),(366,154,19,2,0),(367,6,17,2,0),(368,7,17,2,0),(369,3,7,2,0),(370,150,7,2,0),(371,223,7,2,0),(372,86,2,2,0),(373,31,14,2,0),(374,52,10,2,0),(375,71,10,2,0),(376,46,10,2,0),(377,50,10,2,0),(378,12,14,2,0),(379,9,14,2,0),(380,51,10,2,0),(381,47,10,2,0),(382,49,10,2,0),(383,53,10,2,0),(384,79,22,2,0),(386,176,22,2,0),(387,185,22,2,0),(388,184,22,2,0),(389,94,22,2,0),(390,95,22,2,0),(391,116,22,2,0),(392,213,36,2,0),(393,211,36,2,0),(394,212,36,2,0),(395,210,36,2,0),(396,315,2,2,0),(397,354,2,2,0),(398,314,2,2,0),(399,355,2,2,0),(400,204,34,2,0),(401,76,31,2,0),(402,157,3,2,0),(403,205,34,2,0),(404,20,34,2,0),(405,89,34,2,0),(406,111,3,2,0),(407,169,3,2,0),(408,110,3,2,0),(409,59,3,2,0),(410,58,3,2,0),(411,202,13,2,0),(412,203,13,2,0),(413,310,13,2,0),(414,123,13,2,0),(415,22,13,2,0),(416,23,13,2,0),(417,60,31,2,0),(418,61,13,2,0),(419,311,31,2,0),(420,117,31,2,0),(421,313,12,2,0),(422,226,12,2,0),(423,136,12,2,0),(424,224,12,2,0),(425,126,12,2,0),(426,172,8,2,0),(427,161,8,2,0),(428,112,8,2,0),(429,113,8,2,0),(430,225,8,2,0),(431,63,8,2,0),(432,62,8,2,0),(433,24,23,2,0),(434,25,23,2,0),(435,90,23,2,0),(436,77,23,2,0),(437,92,7,2,0),(438,356,8,2,0),(439,10,14,2,0),(440,30,14,2,0),(441,83,2,2,0),(442,70,10,2,0),(443,73,10,2,0),(444,85,2,2,0),(445,84,2,2,0),(446,235,40,2,0),(447,231,22,2,0),(448,273,22,2,0),(449,229,25,2,0),(450,288,25,2,0),(451,230,25,2,0),(452,232,25,2,0),(453,296,38,2,0),(454,233,25,2,0),(455,26,38,2,0),(456,115,38,2,0),(457,32,38,2,0),(458,177,22,2,0),(459,187,14,2,0),(460,179,14,2,0),(461,191,33,2,0),(462,195,33,2,0),(463,199,38,2,0),(464,215,25,2,0),(465,219,38,2,0),(466,178,14,2,0),(467,186,14,2,0),(468,218,38,2,0),(469,181,4,2,0),(470,189,4,2,0),(471,221,38,2,0),(472,180,4,2,0),(473,188,4,2,0),(474,220,38,2,0),(475,140,38,2,0),(476,141,38,2,0),(477,132,4,2,0),(478,133,4,2,0),(479,147,4,2,0),(480,146,4,2,0),(481,155,4,2,0),(482,156,4,2,0),(483,163,38,2,0),(484,155,4,2,0),(485,159,15,2,0),(487,158,15,2,0),(488,165,4,2,0),(489,166,4,2,0),(490,170,15,2,0),(491,171,15,2,0),(492,356,8,2,0),(493,354,2,2,0),(494,355,2,2,0),(495,175,38,2,0),(496,127,38,2,0),(497,119,25,2,0),(498,307,25,2,0),(499,308,38,2,0),(500,119,25,2,0),(501,8,14,2,0),(504,103,4,2,0),(505,100,4,2,0),(506,102,4,2,0),(507,101,4,2,0),(508,114,38,2,0),(509,304,4,2,0),(510,303,4,2,0),(511,80,41,2,0),(512,87,41,2,0),(513,280,27,2,0),(516,244,27,2,0),(517,257,27,2,0),(518,275,28,2,0),(519,266,20,2,0),(520,268,20,2,0),(521,318,20,2,0),(527,335,27,2,0),(528,282,27,2,0),(531,359,20,2,0),(532,292,20,2,0),(533,258,27,2,0),(534,270,27,2,0),(535,152,44,2,0),(537,342,20,2,0),(539,329,18,2,0),(541,209,15,2,0),(542,207,15,2,0),(543,206,15,2,0),(544,208,15,2,0),(551,134,43,2,0),(552,144,43,2,0),(553,309,43,2,0),(554,122,43,2,0),(555,35,44,2,0),(556,151,44,2,0),(557,164,44,2,0),(558,228,2,2,0),(559,227,2,2,0),(564,93,45,2,0),(565,124,4,2,0),(566,125,4,2,0),(567,302,22,2,0),(568,2,44,2,0),(569,4,44,2,0),(570,5,45,2,0),(571,21,34,2,0),(572,91,38,2,0),(573,27,38,2,0),(574,64,38,2,0),(575,65,38,2,0),(576,13,14,2,0),(577,11,14,2,0),(578,33,16,2,0),(579,129,45,2,0),(580,283,27,2,0),(581,234,27,2,0),(582,36,45,2,0),(583,44,16,2,0),(584,45,16,2,0),(585,39,44,2,0),(586,37,35,2,0),(587,38,44,2,0),(588,48,10,2,0),(589,40,17,2,0),(590,54,17,2,0),(591,41,9,2,0),(592,72,10,2,0),(593,74,9,2,0),(594,69,16,2,0),(595,78,38,2,0),(596,66,44,2,0),(597,82,16,2,0),(598,278,20,2,0),(599,254,20,2,0),(600,256,32,2,0),(601,249,18,2,0),(602,297,38,2,0),(603,250,35,2,0),(604,251,35,2,0),(605,255,35,2,0),(606,259,35,2,0),(607,279,32,2,0),(608,281,35,2,0),(609,274,28,2,0),(611,298,38,2,0),(612,294,35,2,0),(613,277,35,2,0),(614,276,18,2,0),(615,295,35,2,0),(616,361,35,2,0),(617,320,35,2,0),(618,260,22,2,0),(619,285,28,2,0),(620,261,28,2,0),(621,271,35,2,0),(622,272,35,2,0),(623,300,38,2,0),(624,299,38,2,0),(625,291,20,2,0),(626,290,18,2,0),(627,269,32,2,0),(628,267,35,2,0),(630,326,35,2,0),(631,284,22,2,0),(632,286,35,2,0),(633,264,35,2,0),(634,266,20,2,0),(635,265,35,2,0),(636,293,32,2,0),(637,287,35,2,0),(638,340,35,2,0),(639,289,35,2,0),(640,331,22,2,0),(641,332,28,2,0),(642,334,39,2,0),(643,333,28,2,0),(644,337,32,2,0),(645,341,35,2,0),(646,268,20,2,0),(647,357,35,2,0),(648,358,35,2,0),(649,339,32,2,0),(650,338,32,2,0),(651,328,18,2,0),(652,327,35,2,0),(653,360,35,2,0),(654,336,32,2,0),(655,330,22,2,0),(656,242,35,2,0),(657,239,35,2,0),(658,241,20,2,0),(659,240,35,2,0),(660,236,28,2,0),(661,243,35,2,0),(662,245,27,2,0),(663,238,18,2,0),(664,246,35,2,0),(665,222,45,2,0),(666,290,18,2,0),(667,329,18,2,0),(668,263,18,2,0),(769,156,2,4,0),(998,284,50,4,0),(2100,82,16,6,0),(2103,75,92,6,0),(2111,68,88,6,0),(2112,369,79,6,0),(2115,56,91,6,0),(2116,57,91,6,0),(2120,49,75,6,0),(2122,51,75,6,0),(2123,52,75,6,0),(2126,59,13,6,0),(2128,43,88,6,0),(2144,9,10,6,0),(2145,10,10,6,0),(2147,12,10,6,0),(2148,13,10,6,0),(2158,24,73,6,0),(2169,32,16,6,0),(2176,121,92,6,0),(2180,101,10,6,0),(2189,96,19,6,0),(2201,110,101,6,0),(2202,111,101,6,0),(2207,137,91,6,0),(2210,173,91,6,0),(2213,146,93,6,0),(2217,165,75,6,0),(2225,151,22,6,0),(2244,223,7,6,0),(2251,211,11,6,0),(2256,174,88,6,0),(2265,288,88,6,0),(2285,196,33,6,0),(2287,198,91,6,0),(2290,201,91,6,0),(2294,181,93,6,0),(2295,186,93,6,0),(2298,38,105,6,0),(2299,39,105,6,0),(2300,66,105,6,0),(2308,202,34,6,0),(2309,203,34,6,0),(2310,189,93,6,0),(2313,177,22,6,0),(2317,224,73,6,0),(2326,60,106,6,0),(2327,61,106,6,0),(2330,236,99,6,0),(2336,261,28,6,0),(2340,332,28,6,0),(2345,247,107,6,0),(2350,285,99,6,0),(2352,339,108,6,0),(2354,245,108,6,0),(2358,284,94,6,0),(2367,279,70,6,0),(2376,271,97,6,0),(2379,366,52,6,0),(2381,263,52,6,0),(2384,290,52,6,0),(2389,249,52,6,0),(2392,391,59,6,0),(2397,386,111,6,0),(2409,239,102,6,0),(2411,265,51,6,0),(2412,294,51,6,0),(2422,342,8,6,0),(2429,295,110,6,0),(2434,399,59,6,0),(2435,398,59,6,0),(2436,376,122,1,0),(2437,372,79,6,0),(2438,389,111,6,0),(2440,390,114,6,0),(2441,392,114,6,0),(2442,384,52,6,0),(2443,385,117,6,0),(2444,388,116,6,0),(2445,328,114,6,0),(2446,377,73,6,0),(2447,365,73,6,0),(2448,178,93,6,0),(2449,179,93,6,0),(2450,180,93,6,0),(2451,187,93,6,0),(2452,188,93,6,0),(2453,200,91,6,0),(2454,204,13,6,0),(2455,206,96,6,0),(2456,208,96,6,0),(2457,216,88,6,0),(2458,184,22,6,0),(2459,185,22,6,0),(2460,212,11,6,0),(2461,213,11,6,0),(2462,205,13,6,0),(2463,207,96,6,0),(2464,209,96,6,0),(2465,225,87,6,0),(2466,217,88,6,0),(2467,220,90,6,0),(2468,214,88,6,0),(2469,215,88,6,0),(2470,218,90,6,0),(2471,142,88,6,0),(2472,221,90,6,0),(2473,193,33,6,0),(2474,197,33,6,0),(2475,192,33,6,0),(2476,336,70,6,0),(2477,338,108,6,0),(2478,360,80,6,0),(2479,190,33,6,0),(2480,191,33,6,0),(2481,326,51,6,0),(2482,327,51,6,0),(2483,367,18,6,0),(2484,340,52,6,0),(2485,358,97,6,0),(2486,357,97,6,0),(2487,318,112,6,0),(2489,195,33,6,0),(2490,194,33,6,0),(2491,162,88,6,0),(2492,78,40,6,0),(2493,330,22,6,0),(2494,199,92,6,0),(2495,219,90,6,0),(2496,176,22,6,0),(2498,396,111,6,0),(2500,30,10,6,0),(2501,8,10,6,0),(2502,22,46,6,0),(2503,11,10,6,0),(2504,31,10,6,0),(2505,23,46,6,0),(2506,19,91,6,0),(2507,2,72,6,0),(2508,4,72,6,0),(2509,28,88,6,0),(2510,29,88,6,0),(2511,25,73,6,0),(2512,21,34,6,0),(2513,20,34,6,0),(2515,27,90,6,0),(2517,382,79,6,0),(2518,381,79,6,0),(2519,14,19,6,0),(2520,6,90,6,0),(2521,15,19,6,0),(2522,33,16,6,0),(2523,3,7,6,0),(2525,320,80,6,0),(2526,397,111,6,0),(2527,335,81,6,0),(2528,337,70,6,0),(2529,341,52,6,0),(2530,331,22,6,0),(2531,329,18,6,0),(2532,334,39,6,0),(2533,26,90,6,0),(2534,139,88,6,0),(2539,42,88,6,0),(2541,81,88,6,0),(2542,98,88,6,0),(2543,286,97,6,0),(2544,283,108,6,0),(2545,394,111,6,0),(2546,292,8,6,0),(2547,289,110,6,0),(2548,291,8,6,0),(2549,293,70,6,0),(2550,287,80,6,0),(2551,264,102,6,0),(2552,393,111,6,0),(2553,299,51,6,0),(2554,300,51,6,0),(2555,269,70,6,0),(2556,266,8,6,0),(2557,333,28,6,0),(2558,267,110,6,0),(2559,233,88,6,0),(2560,268,112,6,0),(2561,232,88,6,0),(2562,229,88,6,0),(2563,230,88,6,0),(2564,210,11,6,0),(2565,222,103,6,0),(2566,273,43,6,0),(2567,274,28,6,0),(2568,275,28,6,0),(2569,280,108,6,0),(2570,281,97,6,0),(2571,282,81,6,0),(2572,361,80,6,0),(2575,278,112,6,0),(2576,379,28,6,0),(2577,298,51,6,0),(2578,276,52,6,0),(2579,143,92,6,0),(2580,132,93,6,0),(2581,133,93,6,0),(2582,147,93,6,0),(2583,134,46,6,0),(2584,144,46,6,0),(2586,150,7,6,0),(2587,314,11,6,0),(2589,35,22,6,0),(2590,136,87,6,0),(2591,130,19,6,0),(2592,131,90,6,0),(2593,148,90,6,0),(2594,149,19,6,0),(2595,129,103,6,0),(2597,92,7,6,0),(2599,156,75,6,0),(2600,166,75,6,0),(2601,158,96,6,0),(2602,171,31,6,0),(2603,160,91,6,0),(2604,159,31,6,0),(2605,169,101,6,0),(2607,170,96,6,0),(2608,354,11,6,0),(2611,164,22,6,0),(2612,161,87,6,0),(2613,172,73,6,0),(2614,153,19,6,0),(2616,168,19,6,0),(2617,154,90,6,0),(2618,167,90,6,0),(2619,356,73,6,0),(2620,117,162,6,0),(2621,311,106,6,0),(2622,310,31,6,0),(2623,125,10,6,0),(2624,127,31,6,0),(2625,102,10,6,0),(2626,100,10,6,0),(2627,304,10,6,0),(2628,109,92,6,0),(2629,108,92,6,0),(2630,312,92,6,0),(2631,99,88,6,0),(2632,123,31,6,0),(2634,103,10,6,0),(2635,116,105,6,0),(2636,308,31,6,0),(2637,124,10,6,0),(2638,309,101,6,0),(2639,93,103,6,0),(2640,115,31,6,0),(2641,95,105,6,0),(2642,114,31,6,0),(2643,119,88,6,0),(2644,94,105,6,0),(2646,112,100,6,0),(2647,113,100,6,0),(2649,126,100,6,0),(2653,118,19,6,0),(2654,313,100,6,0),(2655,305,19,6,0),(2656,374,16,6,0),(2657,375,16,6,0),(2658,376,16,6,0),(2659,373,16,6,0),(2660,97,19,6,0),(2662,155,75,6,0),(2664,256,43,6,0),(2665,257,104,6,0),(2666,258,108,6,0),(2667,248,107,6,0),(2668,259,59,6,0),(2669,250,102,6,0),(2670,251,51,6,0),(2671,254,112,6,0),(2672,255,80,6,0),(2673,231,43,6,0),(2674,297,51,6,0),(2675,46,75,6,0),(2676,47,75,6,0),(2677,48,75,6,0),(2678,50,75,6,0),(2679,53,75,6,0),(2680,58,13,6,0),(2681,62,100,6,0),(2682,63,100,6,0),(2683,40,19,6,0),(2685,41,19,6,0),(2686,36,7,6,0),(2687,45,16,6,0),(2688,44,16,6,0),(2689,37,7,6,0),(2690,370,79,6,0),(2691,378,79,6,0),(2692,70,93,6,0),(2693,71,93,6,0),(2694,73,93,6,0),(2695,72,93,6,0),(2696,76,34,6,0),(2698,77,100,6,0),(2699,69,16,6,0),(2700,67,90,6,0),(2701,235,40,6,0),(2702,227,11,6,0),(2703,228,11,6,0),(2704,243,57,6,0),(2705,244,104,6,0),(2706,238,52,6,0),(2707,242,110,6,0),(2709,241,8,6,0),(2710,246,59,6,0),(2711,296,50,6,0),(2712,237,107,6,0),(2713,240,51,6,0),(2714,88,92,6,0),(2715,83,75,6,0),(2716,84,75,6,0),(2717,86,75,6,0),(2718,85,75,6,0),(2719,89,13,6,0),(2720,79,22,6,0),(2721,90,87,6,0),(2723,277,102,6,0),(2724,18,91,6,0),(2725,5,94,6,0),(2726,7,90,6,0),(2727,368,79,6,0),(2728,226,87,6,0),(2729,315,11,6,0),(2730,355,11,6,0),(2731,157,101,6,0),(2732,307,88,6,0),(2733,303,10,6,0),(2734,302,105,6,0),(2735,272,80,6,0),(2736,260,43,6,0),(2737,234,108,6,0),(2738,270,81,6,0),(2739,395,59,6,0),(2740,262,99,6,0),(2741,74,113,6,0),(2744,106,113,6,0),(2745,107,113,6,0),(2746,306,113,6,0),(2747,80,113,6,0),(2748,87,19,6,0),(2749,54,90,6,0),(2750,55,90,6,0),(2751,152,22,6,0),(2752,64,90,6,0),(2753,65,90,6,0),(2754,140,35,6,0),(2755,141,35,6,0),(2756,163,35,6,0),(2757,175,35,6,0),(2758,91,90,6,0),(2759,362,87,6,0),(2760,401,96,6,0),(2761,400,96,6,0),(2762,403,73,6,0),(2763,402,96,6,0),(2764,2,22,7,0),(2765,4,22,7,0),(2766,66,22,7,0),(2767,176,22,7,1),(2768,177,22,7,1),(2769,94,105,7,0),(2770,95,105,7,0),(2771,151,105,7,1),(2772,152,105,7,0),(2773,164,105,7,0),(2774,184,72,7,0),(2775,185,72,7,0),(2776,35,105,7,1),(2777,302,105,7,0),(2778,38,72,7,1),(2779,39,72,7,1),(2780,79,72,7,0),(2781,3,7,7,0),(2782,37,7,7,0),(2783,92,7,7,0),(2784,150,7,7,0),(2785,223,7,7,0),(2786,8,75,7,0),(2787,9,75,7,0),(2788,10,75,7,0),(2789,11,75,7,0),(2790,12,75,7,0),(2791,13,75,7,0),(2792,30,75,7,0),(2793,31,75,7,0),(2794,46,116,7,0),(2795,47,116,7,0),(2796,48,116,7,0),(2797,49,116,7,0),(2798,50,116,7,0),(2799,51,116,7,0),(2800,52,116,7,0),(2801,53,116,7,0),(2802,178,116,7,0),(2803,179,116,7,0),(2804,70,75,7,0),(2805,71,75,7,0),(2806,72,75,7,0),(2807,73,75,7,0),(2808,83,75,7,0),(2809,84,75,7,0),(2810,85,75,7,0),(2811,86,75,7,1),(2812,132,10,7,0),(2813,133,10,7,0),(2814,146,10,7,0),(2815,147,10,7,0),(2816,155,10,7,0),(2817,156,10,7,0),(2818,100,118,7,0),(2819,101,118,7,0),(2820,102,118,7,0),(2821,103,118,7,0),(2822,93,103,7,0),(2823,129,103,7,0),(2824,222,103,7,0),(2825,36,94,7,0),(2826,5,94,7,0),(2827,28,88,7,0),(2828,29,88,7,0),(2829,42,88,7,0),(2830,43,88,7,0),(2831,68,88,7,0),(2832,81,88,7,0),(2833,98,88,7,0),(2834,99,88,7,0),(2835,139,88,7,0),(2836,142,88,7,0),(2837,162,88,7,0),(2838,174,88,7,0),(2839,214,88,7,0),(2840,215,88,7,0),(2841,216,88,7,0),(2842,217,88,7,0),(2843,165,10,7,0),(2844,166,10,7,0),(2845,32,16,7,0),(2846,33,16,7,0),(2847,69,16,7,0),(2848,44,16,7,0),(2849,45,16,7,0),(2850,82,16,7,0),(2851,229,88,7,0),(2852,230,88,7,0),(2853,232,88,7,0),(2854,233,88,7,0),(2855,368,162,7,0),(2856,369,162,7,0),(2857,372,79,7,0),(2858,370,162,7,0),(2859,303,118,7,0),(2860,304,118,7,0),(2861,307,88,7,0),(2862,373,16,7,0),(2863,374,16,7,0),(2864,375,16,7,0),(2865,378,162,7,0),(2866,186,116,7,0),(2867,187,116,7,0),(2868,180,118,7,0),(2869,181,118,7,0),(2870,188,118,7,0),(2871,189,118,7,0),(2872,58,13,7,0),(2873,204,13,7,0),(2874,205,13,7,1),(2875,59,13,7,0),(2876,89,34,7,0),(2877,76,46,7,0),(2878,20,34,7,1),(2879,21,34,7,1),(2880,202,34,7,0),(2881,203,34,7,0),(2882,110,101,7,0),(2883,111,101,7,0),(2884,134,46,7,0),(2885,144,46,7,0),(2886,157,101,7,0),(2887,169,101,7,1),(2888,309,101,7,1),(2889,381,162,7,0),(2890,382,162,7,0),(2891,63,100,7,0),(2892,24,73,7,0),(2893,25,73,7,0),(2894,62,100,7,0),(2895,77,87,7,0),(2896,90,100,7,0),(2897,112,87,7,0),(2898,113,87,7,0),(2899,313,87,7,0),(2900,225,87,7,0),(2901,161,100,7,0),(2902,136,100,7,0),(2903,172,73,7,0),(2904,226,100,7,0),(2905,224,73,7,1),(2906,362,87,7,0),(2907,365,87,7,0),(2908,377,73,7,0),(2909,356,73,7,0),(2910,22,46,7,1),(2911,23,46,7,1),(2912,310,46,7,0),(2913,311,106,7,0),(2914,158,96,7,1),(2915,170,96,7,1),(2916,159,106,7,0),(2917,171,106,7,0),(2918,206,96,7,0),(2919,207,96,7,0),(2920,208,96,7,0),(2921,209,96,7,0),(2922,400,96,7,0),(2923,401,96,7,0),(2924,402,96,7,0),(2925,403,96,7,0),(2926,210,11,7,0),(2927,211,11,7,0),(2928,212,11,7,0),(2929,213,11,7,0),(2930,227,11,7,0),(2931,228,11,7,0),(2932,314,11,7,0),(2933,315,11,7,0),(2934,354,11,7,0),(2935,355,11,7,0),(2936,60,120,7,0),(2937,61,120,7,0),(2938,18,91,7,0),(2939,19,91,7,0),(2940,56,121,7,0),(2941,57,121,7,0),(2942,88,91,7,0),(2943,75,121,7,0),(2944,108,121,7,0),(2945,109,121,7,0),(2946,137,121,7,0),(2947,143,121,7,0),(2948,160,91,7,0),(2949,173,91,7,1),(2950,198,121,7,0),(2951,199,121,7,0),(2952,200,91,7,0),(2953,201,91,7,0),(2954,26,90,7,0),(2955,27,90,7,0),(2956,64,120,7,0),(2957,65,120,7,0),(2958,78,40,7,0),(2959,91,35,7,0),(2960,114,40,7,0),(2961,115,40,7,0),(2962,140,51,7,0),(2963,141,51,7,0),(2964,163,51,7,0),(2965,175,51,7,0),(2966,218,120,7,0),(2967,219,120,7,0),(2968,220,120,7,0),(2969,221,120,7,0),(2970,231,40,7,0),(2971,234,81,7,0),(2972,244,81,7,0),(2973,245,81,7,0),(2974,257,81,7,0),(2975,258,81,7,0),(2976,270,81,7,0),(2977,283,81,7,0),(2978,335,81,7,0),(2979,312,91,7,0),(2980,308,40,7,0),(2981,280,81,7,1),(2982,296,51,7,0),(2983,297,51,7,0),(2984,298,51,7,0),(2985,299,51,7,0),(2986,300,51,7,0),(2987,338,51,7,0),(2988,339,81,7,0),(2989,246,59,7,0),(2990,259,59,7,0),(2991,379,59,7,0),(2992,391,59,7,0),(2993,395,59,7,0),(2994,398,59,7,0),(2995,399,59,7,0),(2996,242,110,7,0),(2997,255,110,7,1),(2998,267,110,7,0),(2999,289,110,7,0),(3000,295,110,7,0),(3001,241,8,7,0),(3002,254,8,7,0),(3003,278,8,7,0),(3004,291,8,7,0),(3005,292,8,7,0),(3006,266,8,7,0),(3007,318,8,7,0),(3008,359,8,7,0),(3009,268,8,7,0),(3010,340,110,7,0),(3011,341,110,7,0),(3012,342,8,7,0),(3013,358,97,7,0),(3014,357,97,7,0),(3015,271,97,7,0),(3016,281,97,7,0),(3017,286,97,7,0),(3018,243,117,7,0),(3019,256,123,7,0),(3020,269,123,7,0),(3021,279,117,7,0),(3022,282,81,7,0),(3023,293,117,7,0),(3024,336,117,7,0),(3025,337,117,7,0),(3026,389,123,7,0),(3027,384,123,7,0),(3028,385,123,7,0),(3029,386,123,7,0),(3030,388,123,7,0),(3031,390,123,7,0),(3032,392,123,7,0),(3033,393,123,7,0),(3034,394,123,7,0),(3035,396,123,7,0),(3036,397,123,7,0),(3037,235,94,7,0),(3038,273,94,7,0),(3039,260,22,7,0),(3040,284,22,7,0),(3041,330,22,7,0),(3042,331,22,7,0),(3043,236,99,7,0),(3044,237,107,7,0),(3045,247,107,7,0),(3046,248,107,7,0),(3047,274,28,7,0),(3048,275,28,7,0),(3049,262,99,7,0),(3050,261,28,7,1),(3051,285,28,7,1),(3052,332,28,7,0),(3053,333,28,7,0),(3054,334,28,7,1),(3055,238,52,7,1),(3056,249,52,7,0),(3057,263,18,7,0),(3058,329,52,7,0),(3059,276,18,7,0),(3060,328,52,7,0),(3061,366,18,7,0),(3062,367,52,7,0),(3063,239,102,7,0),(3064,250,102,7,0),(3065,277,102,7,0),(3066,290,18,7,0),(3067,264,102,7,0),(3068,327,102,7,0),(3069,240,51,7,0),(3070,251,51,7,0),(3071,265,51,7,0),(3072,272,97,7,0),(3073,287,97,7,0),(3074,320,97,7,0),(3075,294,51,7,0),(3076,326,51,7,0),(3077,360,97,7,1),(3078,361,97,7,0),(3079,14,113,7,0),(3080,15,113,7,0),(3081,40,19,7,0),(3082,41,19,7,0),(3083,67,113,7,0),(3084,80,90,7,0),(3085,96,113,7,0),(3086,97,113,7,0),(3087,130,90,7,0),(3088,149,90,7,0),(3089,153,90,7,0),(3090,168,90,7,0),(3091,194,19,7,0),(3092,195,19,7,0),(3093,196,19,7,0),(3094,197,19,7,0),(3095,305,113,7,0),(3096,288,88,7,0),(3097,6,90,7,0),(3098,7,90,7,0),(3099,54,19,7,0),(3100,55,19,7,0),(3101,74,113,7,0),(3102,87,19,7,0),(3103,106,19,7,1),(3104,107,19,7,1),(3105,131,19,7,0),(3106,148,19,7,0),(3107,154,19,7,0),(3108,167,19,7,0),(3109,190,90,7,0),(3110,191,90,7,0),(3111,192,90,7,0),(3112,193,90,7,0),(3113,306,19,7,1),(3114,407,113,7,1),(3115,408,113,7,0),(3116,409,19,7,0),(3117,410,19,7,0),(3118,411,19,7,0),(3119,412,19,7,0),(3120,413,113,7,0),(3121,414,113,7,0),(3122,416,113,7,0),(3123,417,113,7,0),(3124,418,113,7,0),(3125,419,113,7,0),(3126,420,113,7,0),(3127,421,19,7,0),(3128,422,19,7,0),(3129,423,19,7,0),(3130,424,19,7,0),(3131,425,162,7,0),(3132,426,162,7,0),(3133,427,162,7,0),(3134,428,162,7,0);

--
-- Table structure for table `class_room`
--

CREATE TABLE `class_room` (
  `id` int NOT NULL AUTO_INCREMENT,
  `level_id` int NOT NULL,
  `name` varchar(255) CHARACTER SET utf8mb4 COLLATE utf8mb4_unicode_ci NOT NULL,
  `apc` tinyint(1) NOT NULL DEFAULT '0',
  PRIMARY KEY (`id`),
  KEY `IDX_C6E266D45FB14BA7` (`level_id`),
  CONSTRAINT `FK_C6E266D45FB14BA7` FOREIGN KEY (`level_id`) REFERENCES `level` (`id`)
) ENGINE=InnoDB AUTO_INCREMENT=27 DEFAULT CHARSET=utf8mb4 COLLATE=utf8mb4_unicode_ci;

--
-- Dumping data for table `class_room`
--

INSERT INTO `class_room` VALUES (1,1,'CINQUIEME',0),(2,2,'SIXIEME',0),(3,3,'QUATRIEME ALL',0),(4,13,'FROM IV ARTS',0),(5,5,'TROISIEME ALL',1),(6,8,'PREMIERE A4 ESP',1),(7,8,'PREMIERE_C',1),(8,8,'PREMIERE_D',1),(9,7,'Seconde A ALL',0),(10,7,'Seconde A Esp',0),(11,7,'Seconde D',0),(12,9,'Terminale A ALL',1),(13,9,'Terminale A ESP',1),(14,9,'Terminale C',1),(15,9,'TERMINALE_D',1),(16,5,'TROISIEME ESP',1),(17,3,'QUATRIEME ESP',0),(18,10,'FROM III',0),(19,12,'FROM II',0),(20,11,'FROM I',0),(21,8,'PREMIERE A4 ALL',1),(23,13,'FROM IV SCIENCE',0),(24,13,'FORM V ARTS',1),(25,13,'FORM V SCIENCE',1),(26,7,'Seconde C',0);

--
-- Table structure for table `course`
--

CREATE TABLE `course` (
  `id` int NOT NULL AUTO_INCREMENT,
  `domain_id` int NOT NULL,
  `module_id` int DEFAULT NULL,
  `wording` varchar(255) CHARACTER SET utf8mb4 COLLATE utf8mb4_unicode_ci NOT NULL,
  `coefficient` int NOT NULL,
  `code` varchar(255) CHARACTER SET utf8mb4 COLLATE utf8mb4_unicode_ci NOT NULL,
  PRIMARY KEY (`id`),
  KEY `IDX_169E6FB9115F0EE5` (`domain_id`),
  KEY `IDX_169E6FB9AFC2B591` (`module_id`),
  CONSTRAINT `FK_169E6FB9115F0EE5` FOREIGN KEY (`domain_id`) REFERENCES `domain` (`id`),
  CONSTRAINT `FK_169E6FB9AFC2B591` FOREIGN KEY (`module_id`) REFERENCES `module` (`id`)
) ENGINE=InnoDB AUTO_INCREMENT=429 DEFAULT CHARSET=utf8mb4 COLLATE=utf8mb4_unicode_ci;

--
-- Dumping data for table `course`
--

INSERT INTO `course` VALUES (2,5,2,'ANGLAIS',3,'EN4ALL'),(3,11,2,'ALLEMAND',2,'ALL_4'),(4,5,4,'ANGLAIS',3,'EN4ESP'),(5,9,4,'ALL/ESP',2,'ESP4'),(6,8,2,'HISTOIRE',2,'HG_4ALL'),(7,8,4,'HISTOIRE',2,'HIST_4ESP'),(8,2,2,'EXPR. ORALE',1,'EXPORL4ALL'),(9,2,4,'EXPR. ORALE',1,'EXPORL4ESP'),(10,2,2,'EXPR. ECRITE',1,'EXPECRI4ALL'),(11,2,4,'EXPR. ECRITE',1,'EXPECRIT4ESP'),(12,2,2,'ET. DE TEXTE',1,'ETUDTXT4ALL'),(13,2,4,'ET. DE TEXTE',1,'ETUDTXT4ESP'),(14,8,2,'ECM',2,'ECM4ALL'),(15,8,4,'ECM',2,'ECM4ESP'),(18,1,5,'INFO',2,'INFO4ALL'),(19,1,6,'INFO',2,'INFO4ESP'),(20,4,5,'MATHS',4,'MATH4ALL'),(21,4,6,'MATHS',4,'MATH4ESP'),(22,3,5,'PCT',2,'PCT_4ALL'),(23,3,6,'PCT',2,'PCT_4ESP'),(24,6,5,'SCIENCES',2,'SVT4ALL'),(25,6,6,'SCIENCES',2,'SVT4ESP'),(26,10,7,'TM',1,'TM_4ALL'),(27,10,8,'TM',1,'TM_4ESP'),(28,7,7,'EPS',2,'EPS4ALL'),(29,7,8,'EPS',2,'EPS4EPS'),(30,2,2,'COR. ORTH.',1,'COR_ORTH_4ALL'),(31,2,4,'COR. ORTH.',1,'COR_ORTH_4ESP'),(32,10,7,'ESF',1,'ESF_4ALL'),(33,10,8,'ESF',1,'ESF_4ESP'),(35,5,14,'ANGLAIS',4,'EN_6ESP'),(36,9,10,'ALL/ESP',2,'ALL_ESP_3_ESP'),(37,11,9,'ALL/ESP',2,'ALL_ESP_3_ALL'),(38,5,9,'ANGLAIS',3,'EN3ALL'),(39,5,10,'ANGLAIS',3,'EN3ESP'),(40,8,9,'ECM',2,'ECM_3ALL'),(41,8,10,'ECM',2,'ECM_3ESP'),(42,7,13,'EPS',2,'EPS3ALL'),(43,7,17,'EPS',2,'EPS_3EPS'),(44,10,13,'ESF',1,'ESF_3ALL'),(45,10,17,'ESF',1,'ESF_3ESP'),(46,2,9,'COR. ORTH.',1,'COR_ORTH_3ALL'),(47,2,10,'COR. ORTH.',1,'COR_ORTH_3ESP'),(48,2,9,'EXPR. ECRITE',1,'EXPR_ECR_3ALL'),(49,2,10,'EXPR. ECRITE',1,'EXPR_ECR_3EXP'),(50,2,9,'EXPR. ORALE',1,'EXP_ORL_3ALL'),(51,2,10,'EXPR. ORALE',1,'EXP_ORL_3ESP'),(52,2,9,'ET. DE TEXTE',1,'ETUD_TXT_3ALL'),(53,2,10,'ET. DE TEXTE',1,'ETUD_TXT_3ESP'),(54,8,9,'HISTOIRE',2,'H_3ALL'),(55,8,10,'HISTOIRE',2,'H_3ESP'),(56,1,11,'INFO',2,'INFO_3ALL'),(57,1,12,'INFO',2,'INFO_3ESP'),(58,4,11,'MATHEMATIQUES',4,'MATH_3ALL'),(59,4,12,'MATHS',4,'MATH_3ESP'),(60,3,11,'P.C.T',2,'PCT_3ALL'),(61,3,12,'P.C.T',2,'PCT_3ESP'),(62,6,11,'SCIENCES',2,'SVT_3ALL'),(63,6,12,'SCIENCES',2,'SVT_3ESP'),(64,10,13,'TM',1,'TM_3ALL'),(65,10,17,'TM',1,'TM_3ESP'),(66,5,19,'ANGLAIS',3,'EN_2'),(67,8,19,'ECM',2,'ECM_2'),(68,7,20,'EPS',2,'EPS_2'),(69,10,20,'ESF',1,'ESF_2'),(70,2,19,'COR. ORTH.',1,'COR_ORTH_2'),(71,2,19,'EXPR. ECRITE',2,'EXP_ECR_2'),(72,2,19,'EXPR. ORALE',2,'EXP_ORL_2'),(73,2,19,'ET. DE TEXTE',1,'ETUD_TXT_2'),(74,8,19,'HISTOIRE',2,'HIST_2'),(75,1,18,'INFO',2,'INFO_2'),(76,4,18,'MATHS',4,'MATH_2'),(77,6,18,'SCIENCES',2,'SVT_2'),(78,10,20,'TM',1,'TM_2'),(79,5,21,'ANGLAIS',3,'EN_1'),(80,8,21,'ECM',2,'ECM_1'),(81,7,23,'EPS',2,'ESP_1'),(82,10,23,'ESF',1,'ESF_1'),(83,2,21,'COR. ORTH.',1,'COR_ORTH_1'),(84,2,21,'EXPR. ECRITE',2,'EXP_ECR_1'),(85,2,21,'EXPR. ORALE',2,'EXP_ORL_1'),(86,2,21,'ET. DE TEXTE',1,'ETUD_TXT_1'),(87,8,21,'HIST-GEO',2,'HIST_1'),(88,1,22,'INFO',2,'INFO_1'),(89,4,22,'MATHS',4,'MATH_1'),(90,6,22,'SCIENCES',2,'SVT_1'),(91,10,23,'TM',1,'TM_1'),(92,11,24,'ALL',3,'ALL_5'),(93,9,25,'ESPAGNOL',3,'ESP_5'),(94,5,24,'ANGLAIS',4,'EN_5_ALL'),(95,5,25,'ANGLAIS',4,'EN_5_ESP'),(96,8,24,'ECM',2,'ECM_5ALL'),(97,8,25,'ECM',2,'ECM_5ESP'),(98,7,28,'EPS',2,'ESP_5ALL'),(99,7,29,'EPS',2,'EPS_5ESP'),(100,2,25,'LANGUE',2,'LANG_5ESP'),(101,2,24,'LANGUE',2,'LANG_5ALL'),(102,2,24,'LITTER.',3,'LITT_5ALL'),(103,2,25,'LITTER.',3,'LITT_5ESP'),(106,8,24,'HISTOIRE',2,'HIST_5ALL'),(107,8,25,'HISTOIRE',2,'HIST_5ESP'),(108,1,26,'INFO',2,'INFO_5ALL'),(109,1,27,'INFO',2,'INFO_5ESP'),(110,4,26,'MATHS',2,'MATH_5ALL'),(111,4,27,'MATHS',2,'MATH_5ESP'),(112,6,26,'SCIENCES',1,'SVT_5ALL'),(113,6,27,'SCIENCES',1,'SVT_5ESP'),(114,10,28,'TM',1,'TM_5ALL'),(115,10,29,'TM',1,'TM_5ESP'),(116,5,31,'ANGLAIS',3,'EN_5D'),(117,3,30,'CHIMIE',2,'CHI_5D'),(118,8,31,'ECM',2,'ECM_5D'),(119,7,32,'EPS',2,'EPS_5D'),(120,8,31,'HISTOIRE',1,'HIST_5D'),(121,1,30,'INFO',2,'INFO_5D'),(122,4,30,'MATHS',4,'MATH_5D'),(123,3,30,'PHY',2,'PHY_5D'),(124,2,31,'LITTER',2,'LITT_5D'),(125,2,31,'LANGUE',1,'LANG_5D'),(126,6,30,'SVT',6,'SVT_5D'),(127,10,32,'TM',1,'TM_5D'),(129,9,14,'ESPAGNOL',3,'ESP_6'),(130,8,14,'ECM',2,'ECM_6ESP'),(131,8,14,'HISTOIRE',2,'HIST_6ESP'),(132,2,14,'LANGUE',2,'LANG_6ESP'),(133,2,14,'LITTER.',3,'LIT_6ESP'),(134,4,15,'MATHS',2,'MATH_6ESP'),(136,6,15,'SCIENCES',1,'SVT_6ESP'),(137,1,15,'INFO',2,'INFO_6ESP'),(139,7,16,'EPS',2,'EPS_6ESP'),(140,10,16,'TM',1,'TM_6ESP'),(141,10,35,'TM',1,'TM_6ALL'),(142,7,35,'EPS',2,'EPS_6ALL'),(143,1,33,'INFO',2,'INF_6ALL'),(144,4,33,'MATHS',2,'MATH_6ALL'),(146,2,34,'LITTER.',3,'LIT_6ALL'),(147,2,34,'LANGUE',2,'LAN_6ALL'),(148,8,34,'HISTOIRE',2,'HIST_6ALL'),(149,8,34,'ECM',2,'ECM_6ALL'),(150,11,34,'ALL',3,'ALL_6'),(151,5,34,'ANGLAIS',4,'EN_6ALL'),(152,5,37,'ANGLAIS',3,'EN_6C'),(153,8,37,'ECM',1,'ECM_6C'),(154,8,37,'HISTOIRE',1,'HIST_6C'),(155,2,37,'LANGUE',1,'LANG_6C'),(156,2,37,'LITTER.',2,'LIT_6C'),(157,4,36,'MATHS',6,'MATH_6C'),(158,3,36,'PHYS',4,'PHY_6C'),(159,3,36,'CHIMIE',2,'CHM_6C'),(160,1,36,'INFO',2,'INFO_6C'),(161,6,36,'SVT-EEHB',2,'SVT_6C'),(162,7,38,'EPS',2,'EPS_6C'),(163,10,38,'TM',1,'TM_6C'),(164,5,39,'ANGLAIS',3,'EN_6D'),(165,2,39,'LITTER.',2,'LIT_6D'),(166,2,39,'LANGUE',1,'LANG_6D'),(167,8,39,'HISTOIRE',1,'HIST_6D'),(168,8,39,'ECM',1,'ECM_6D'),(169,4,40,'MATHS',4,'MATH_6D'),(170,3,40,'PHYSIQUE',2,'PHY_6D'),(171,3,40,'CHIMIE',2,'CHM_6D'),(172,6,40,'SVT-EEHB',6,'SVT_6D'),(173,1,40,'INFO',2,'INF_6D'),(174,7,41,'EPS',2,'EPS_6D'),(175,10,41,'TM',1,'TM_6D'),(176,5,42,'ANGLAIS',4,'EN_7ESP'),(177,5,45,'ANGLAIS',4,'EN_7ALL'),(178,2,42,'LANGUE',2,'LANG_7ESP'),(179,2,45,'LANGUE',2,'LANG_7ALL'),(180,2,48,'LANGUE',1,'LANG_7D'),(181,2,51,'LANGUE',1,'LANG_7C'),(184,5,51,'ANGLAIS',3,'ENG_7C'),(185,5,48,'ANGLAIS',3,'ENG_7D'),(186,2,42,'LITTER',3,'LIT_7ESP'),(187,2,45,'LITTER',3,'LIT_7ALL'),(188,2,48,'LITTER.',2,'LIT_7D'),(189,2,51,'LITTER.',2,'LIT_7C'),(190,8,42,'HISTOIRE',2,'HIST_7ESP'),(191,8,45,'HISTOIRE',2,'HIST_7ALL'),(192,8,48,'HISTOIRE',2,'HG_7D'),(193,8,51,'HISTOIRE',1,'HIST_7C'),(194,8,42,'ECM',2,'ECM_7ESP'),(195,8,45,'ECM',2,'ECM_7ALL'),(196,8,48,'ECM',1,'ECM_7D'),(197,8,51,'ECM',1,'ECM_7C'),(198,1,43,'INFO',2,'INF_7ESP'),(199,1,46,'INFO',2,'INF_7ALL'),(200,1,49,'INFO',2,'INF_7D'),(201,1,52,'INFO',2,'INF_7C'),(202,4,43,'MATHS',2,'MATH_7ESP'),(203,4,46,'MATHS',2,'MATH_7ALL'),(204,4,49,'MATHS',4,'MATH_7D'),(205,4,52,'MATHS',7,'MATH_7C'),(206,3,49,'PHYSIQUE',3,'PHY_7D'),(207,3,52,'PHYSIQUE',4,'PHY_7C'),(208,3,49,'CHIMIE',1,'CHM_7D'),(209,3,52,'CHIMIE',2,'CHM_7C'),(210,12,42,'PHILO',4,'PHILO_7ESP'),(211,12,45,'PHILO',4,'PHILO_7ALL'),(212,12,48,'PHILO',2,'PHILO_7D'),(213,12,51,'PHILO',2,'PHILO_7C'),(214,7,44,'EPS',2,'EPS_7ESP'),(215,7,47,'EPS',2,'EPS_7ALL'),(216,7,50,'EPS',2,'EPS_7D'),(217,7,53,'EPS',2,'EPS_7C'),(218,10,44,'TM',1,'TM_7ESP'),(219,10,47,'TM',1,'TM_7ALL'),(220,10,50,'TM',1,'TM_7D'),(221,10,53,'TM',1,'TM_7C'),(222,9,42,'ESPAGNOL',3,'ESP_7'),(223,11,45,'ALLEMAND',3,'ALL_7'),(224,6,49,'SVT-EEHB',4,'SVT_7D'),(225,6,52,'SVT-EEHB',2,'SVT_7C'),(226,6,33,'SCIENCES',1,'SVT_6ALL'),(227,12,25,'PHILO',2,'PHILO_5ESP'),(228,12,24,'PHILO',2,'PHILO_5ALL'),(229,7,56,'SPORT',1,'EPS_FI'),(230,7,59,'SPORT',1,'EPS_FII'),(231,13,57,'FRENCH',4,'FR_FII'),(232,7,62,'SPORT',1,'EPS_FIII'),(233,7,63,'SPORT',0,'EPS_FIV'),(234,13,61,'CITIZENSHIP EDUC.',3,'CIT_EDUC_F4'),(235,13,54,'FRENCH',4,'FR_FI'),(236,13,54,'ENG. LANG.',4,'ENG_LAG_FI'),(237,13,54,'LITERATURE',2,'LIT_FI'),(238,14,55,'MATHS',4,'MATH_FI'),(239,14,55,'CHEMISTRY',2,'CHEM_FI'),(240,14,55,'PHYSICS',2,'PHY_FI'),(241,14,55,'BIOLOGY',2,'BIO_FI'),(242,14,55,'COMPUTER',2,'COMP_F1'),(243,13,54,'GEOGRAPHY',2,'GEO_FI'),(244,13,54,'HISTORY',2,'HIST_FI'),(245,13,54,'CITIZENSHIP EDUC.',2,'CIT_EDUC_FI'),(246,14,55,'FOOD AND NUTRIT.',2,'FOOD_FI'),(247,13,57,'ENG. LANG.',2,'ENG_LAG_FII'),(248,13,57,'LITERATURE',2,'LIT_FII'),(249,14,58,'MATHS',4,'MATH_FII'),(250,14,58,'CHEMISTRY',2,'CHEM_FII'),(251,14,58,'PHYSICS',2,'PHY_FII'),(254,14,58,'BIOLOGY',2,'BIO_FII'),(255,14,58,'COMPUTER',2,'COMP_FII'),(256,13,57,'GEOGRAPHY',2,'GOE_FII'),(257,13,57,'HISTORY',2,'HIST_FII'),(258,13,57,'CITIZENSHIP EDUC.',2,'CIT_EDUC_FII'),(259,14,58,'FOOD AND NUTRIT.',2,'FOOD_FII'),(260,13,61,'FRENCH',4,'FR_FIV'),(261,13,61,'ENG. LANG.',4,'ENG_LAG_FIV'),(262,13,61,'LITERATURE',2,'LIT_FIV'),(263,14,64,'MATHS',4,'MATH_FIV'),(264,14,68,'CHEMISTRY',5,'CHEM_FIV_SCIEN'),(265,14,68,'PHYSICS',5,'PHY_FIV_SCIEN'),(266,14,64,'BIOLOGY',3,'BIO_FIV'),(267,14,64,'COMPUTER',3,'COMP_FIV'),(268,14,64,'HUMAN BIOLOGY',2,'HUM_BIO_FIV'),(269,14,64,'GEOGRAPHY',3,'GEO_FIV'),(270,13,61,'HISTORY',3,'HIST_FIV'),(271,13,61,'ECONOMICS',3,'ECO_FIV'),(272,13,61,'COMMERCE',2,'COMM_FIV'),(273,13,60,'FRENCH',4,'FR_FIII'),(274,13,60,'ENG. LANG.',4,'ENG_LANG_FIII'),(275,13,60,'LITTERATURE',2,'LITT_FIII'),(276,14,66,'MATHEMATICS',4,'MATHS_FIII'),(277,14,66,'CHEMISTRY',3,'CHEM_FIII'),(278,14,66,'BIOLOGY',3,'BIO_FIII'),(279,13,66,'GEOGRAPHY',2,'GEO_FIII'),(280,13,60,'CITIZENSHIP',2,'CIT_FIII'),(281,13,60,'ECONOMICS',2,'ECO_FIII'),(282,13,60,'HISTORY',2,'HIST_FIII'),(283,13,67,'CITIZENSHIP EDUC.',3,'CIT_FIV_SCIEN'),(284,13,67,'FRENCH',4,'FR_FIV_SCIEN'),(285,13,67,'ENG. LANG.',2,'ENG_LANG_FIV_SCIEN'),(286,13,67,'ECONOMICS',3,'ECO_FIV_SCIEN'),(287,13,67,'COMMERCE',2,'COM_FIV_SCIEN'),(288,7,69,'SPORT',0,'EPS_FIV_SCIEN'),(289,14,68,'COMPUTER',3,'COMP_FIV_SCIEN'),(290,14,68,'MATHEMATICS',4,'MATHS_FIV_SCIEN'),(291,14,68,'BIOLOGY',3,'BIO_FIV_SCIEN'),(292,14,68,'HUMAN BIOLOGY',2,'HUM_BIO_FIV_SCIEN'),(293,13,67,'GEOGRAPHY',3,'GEO_FIV_SCIEN'),(294,14,66,'PHYSICS',3,'PHY_FIII'),(295,14,66,'COMPUTER',3,'COM_FIII_SCIEN'),(296,10,56,'MANUAL LAB',1,'MAN_LAB_F1'),(297,10,59,'MANUAL LAB',1,'MAN_LAB_FII'),(298,10,62,'MANUAL LAB',1,'MAN_LAB_FIII'),(299,10,69,'MANUAL LAB',1,'MAN_LAB_FIV_SCIEN'),(300,10,63,'MANUAL LAB',1,'MAN_LAB_FIV_ART'),(302,5,71,'ANGLAIS',3,'EN_5c'),(303,2,71,'LANGUE',1,'LANG_5c'),(304,2,71,'LITTER',2,'LITT_5C'),(305,8,71,'ECM',1,'ECM_5C'),(306,8,71,'HISTOIRE',2,'HIST_5C'),(307,7,72,'EPS',2,'EPS_5C'),(308,10,72,'TM',1,'TM_5C'),(309,4,70,'MATHS',5,'MATH_5C'),(310,3,70,'PHYSIQUE',3,'PHY_5C'),(311,3,70,'CHIMIE',3,'CHI_5C'),(312,1,70,'INFO',3,'INFO_5C'),(313,6,70,'SVT',2,'SVT_5C'),(314,12,14,'PHILO',2,'PHIL_6ESP'),(315,12,34,'PHILO',2,'PHIL_6ALL'),(318,14,74,'BIOLOGY',3,'BIO_FV_SCIEN'),(320,13,76,'COMMERCE',2,'COM_FV_ARTS'),(326,14,74,'PHYSICS',5,'PHY_FV_SCIEN'),(327,14,74,'CHEMISTRY',5,'CHEM_FV_SCIEN'),(328,14,74,'MATHEMATICS',5,'MATHS_FV_SCIEN'),(329,14,78,'MATHEMATICS',4,'MATHS_FV_ARTS'),(330,13,73,'FRENCH',4,'FR_FV_SCIEN'),(331,13,76,'FRENCH',4,'FR_FV_ARTS'),(332,13,73,'ENG. LAN.',2,'ENG_LANG_FV_SCIEN'),(333,13,76,'ENG. LAN.',4,'ENG_LANG_FV_ARTS'),(334,13,76,'LITTERATURE',2,'LIT_FV_ARTS'),(335,13,76,'HISTORY',3,'HIST_FV_ARTS'),(336,13,73,'GEOGRAPHY',3,'GEO_FV_SCIEN'),(337,13,76,'GEOGRAPHY',3,'GEO_FV_ARTS'),(338,13,73,'CITIZENSHIP EDUC.',3,'CIT_FV_SCIEN'),(339,13,76,'CITIZENSHIP EDUC.',3,'CIT_FV_ARTS'),(340,14,74,'COMPUTER',3,'COMP_FV_SCIEN'),(341,14,78,'COMPUTER',3,'COMP_FV_ARTS'),(342,14,78,'BIOLOGY',3,'BIO_FV_ARTS'),(354,12,39,'PHILOSOPHIE',2,'PHILO_6D'),(355,12,37,'PHILOSOPHIE',2,'PHILO_6C'),(356,6,40,'TP_SVTEEHB',2,'TP_SVT6D'),(357,14,76,'ECONS',3,'ECO_5'),(358,14,74,'ECONS',3,'ECON_5'),(359,14,74,'HU BIOLOGIE',2,'H-BIO5'),(360,13,73,'COMMERCE',2,'COMM_FV_SC'),(361,13,60,'COMMERCE',2,'COM_FIII'),(362,6,43,'SCIENCES',1,'SVT_7A Esp'),(365,6,46,'SCIENCES',1,'SVT_7ALL'),(366,4,68,'ADD MATHS',2,'AD_MATH4'),(367,4,74,'ADD MATHS',3,'AD MATHS 5'),(368,16,23,'LCN',2,'LCN_1'),(369,16,20,'LCN',2,'LCN_2'),(370,16,17,'LCN',2,'LCN_3_ESP'),(372,16,56,'NLC',1,'NLC_1'),(373,10,28,'ESF',1,'ESF_5_All'),(374,10,29,'ESF',1,'ESF_5_ESP'),(375,10,72,'ESF',1,'ESF_5_C'),(376,10,32,'ESF',2,'ESF_5_D'),(377,6,49,'TP_SVTEEHB',2,'TP_SVTEEHB_7D'),(378,16,13,'LCN',2,'LCN_3_ALL'),(379,14,66,'FOOD AND NUTRITION',2,'FOOD_FIII'),(381,16,7,'LCN',2,'LCN_4ALL'),(382,16,8,'LCN',2,'LCN_4ESP'),(384,14,66,'LOGIC',2,'LOGIC_F3'),(385,14,68,'LOGIC',2,'LOGIC_F4_SC'),(386,14,64,'LOGIC',2,'LOGIC_F4_ART'),(388,14,78,'LOGIC',3,'LOGIC_F5_ART'),(389,16,54,'RELIGION',1,'RELIGION_F1'),(390,16,57,'RELIGION',1,'RELIGION_F2'),(391,14,69,'FOOD AND NUTRITION',2,'FOOD_FIV_ARTS'),(392,16,60,'RELIGION',1,'RELIGION_F3'),(393,16,61,'RELIGION',2,'RELIGION_FIV_ART'),(394,16,67,'RELIGION',2,'RELIGION_FIV_SC'),(395,14,64,'FOOD AND NUTRITION',2,'FOOD_FIV_ART'),(396,16,73,'RELIGION',2,'REL_FV_SC'),(397,16,76,'RELIGION',2,'REL_FV_ART'),(398,14,74,'FOOD AND NITRITION',2,'FOOD_FV_SCIEN'),(399,13,76,'FOOD AND NITRITION',2,'FOOD_FV_ARTS'),(400,3,52,'TP_CHIMIE',1,'TP_CHM_7C'),(401,3,49,'TP_CHIMIE',1,'TP_CHM_7D'),(402,3,52,'TP_PHYSIQUE',1,'TP_PHY_7C'),(403,3,49,'TP_PHYSIQUE',1,'TP_PHY_7D'),(407,8,19,'GEOGRAPHIE',2,'GEO_2'),(408,8,21,'GEOGRAPHIE',2,'GEO_1'),(409,8,9,'GEOGRAPHIE',2,'GEO_3ALL'),(410,8,10,'GEOGRAPHIE',2,'GEO_3ESP'),(411,8,2,'GEOGRAPHIE',2,'GEO_4ALL'),(412,8,4,'GEOGRAPHIE',2,'GEO_4ESP'),(413,8,24,'GEOGRAPHIE',2,'GEO_5ALL'),(414,8,25,'GEOGRAPHIE',2,'GEO_5ESP'),(415,8,31,'GEOGRAPHIE',1,'GEO_5D'),(416,8,71,'GEOGRAPHIE',2,'GEO_5C'),(417,8,14,'GEOGRAPHIE',2,'GEO_6ESP'),(418,8,37,'GEOGRAPHIE',1,'GEO_6C'),(419,8,39,'GEOGRAPHIE',1,'GEO_6D'),(420,8,34,'GEOGRAPHIE',2,'GEO_6ALL'),(421,8,45,'GEOGRAPHIE',2,'GEO_7ALL'),(422,8,42,'GEOGRAPHIE',2,'GEO_7ESP'),(423,8,48,'GEOGRAPHIE',1,'GEO_7D'),(424,8,51,'GEOGRAPHIE',1,'GEO_7C'),(425,16,26,'LCN',1,'LCN_5ALL'),(426,16,25,'LCN',1,'LCN_5ESP'),(427,16,34,'LCN',1,'LCN_6ALL'),(428,16,14,'LCN',1,'LCN_6ESP');

--
-- Table structure for table `cycle`
--

CREATE TABLE `cycle` (
  `id` int NOT NULL AUTO_INCREMENT,
  `section_id` int NOT NULL,
  `name` varchar(255) CHARACTER SET utf8mb4 COLLATE utf8mb4_unicode_ci NOT NULL,
  PRIMARY KEY (`id`),
  KEY `IDX_B086D193D823E37A` (`section_id`),
  CONSTRAINT `FK_B086D193D823E37A` FOREIGN KEY (`section_id`) REFERENCES `section` (`id`)
) ENGINE=InnoDB AUTO_INCREMENT=5 DEFAULT CHARSET=utf8mb4 COLLATE=utf8mb4_unicode_ci;

--
-- Dumping data for table `cycle`
--

INSERT INTO `cycle` VALUES (1,1,'PREMIER'),(2,2,'FIRST CYCLE'),(3,1,'SECOND'),(4,2,'SECOND CYCLE');

--
-- Table structure for table `doctrine_migration_versions`
--

CREATE TABLE `doctrine_migration_versions` (
  `version` varchar(191) CHARACTER SET utf8mb3 COLLATE utf8mb3_unicode_ci NOT NULL,
  `executed_at` datetime DEFAULT NULL,
  `execution_time` int DEFAULT NULL,
  PRIMARY KEY (`version`)
) ENGINE=InnoDB DEFAULT CHARSET=utf8mb3 COLLATE=utf8mb3_unicode_ci;

--
-- Dumping data for table `doctrine_migration_versions`
--

INSERT INTO `doctrine_migration_versions` VALUES ('DoctrineMigrations\\Version20230808115729','2023-08-08 13:58:03',144);

--
-- Table structure for table `domain`
--

CREATE TABLE `domain` (
  `id` int NOT NULL AUTO_INCREMENT,
  `name` varchar(255) CHARACTER SET utf8mb4 COLLATE utf8mb4_unicode_ci NOT NULL,
  `headOfDepartmentId` int DEFAULT NULL,
  PRIMARY KEY (`id`),
  KEY `IDX_A7A91E0BA9A259D6` (`headOfDepartmentId`),
  CONSTRAINT `FK_A7A91E0BA9A259D6` FOREIGN KEY (`headOfDepartmentId`) REFERENCES `user` (`id`)
) ENGINE=InnoDB AUTO_INCREMENT=17 DEFAULT CHARSET=utf8mb4 COLLATE=utf8mb4_unicode_ci;

--
-- Dumping data for table `domain`
--

INSERT INTO `domain` VALUES (1,'INFORMATIQUE',1),(2,'FRANCAIS',NULL),(3,'PCT',NULL),(4,'MATHAMATIQUES',NULL),(5,'ANGLAIS',NULL),(6,'SVT-EEHB',8),(7,'EPS',NULL),(8,'HIST-GEO-ECM',NULL),(9,'ESPAGNOL',NULL),(10,'ESF-TM',NULL),(11,'ALLEMAND',7),(12,'PHILOSOPHIE',11),(13,'ARTS AND LITTERATURE',NULL),(14,'SCIENCE AND TECHNOLOGY',NULL),(15,'ENTREPREUNARIAT',1),(16,'CULTURE',NULL);

--
-- Table structure for table `email`
--

CREATE TABLE `email` (
  `id` int NOT NULL AUTO_INCREMENT,
  `sender_id` int NOT NULL,
  `subject` varchar(255) CHARACTER SET utf8mb4 COLLATE utf8mb4_unicode_ci NOT NULL,
  `content` longtext CHARACTER SET utf8mb4 COLLATE utf8mb4_unicode_ci NOT NULL,
  PRIMARY KEY (`id`),
  KEY `IDX_E7927C74F624B39D` (`sender_id`),
  CONSTRAINT `FK_E7927C74F624B39D` FOREIGN KEY (`sender_id`) REFERENCES `user` (`id`)
) ENGINE=InnoDB AUTO_INCREMENT=87 DEFAULT CHARSET=utf8mb4 COLLATE=utf8mb4_unicode_ci;

--
-- Dumping data for table `email`
--

INSERT INTO `email` VALUES (1,99,'RENSEIGNEMENT','<a href=https://i-online-casino.org/roulette-online.html>play roulette real money online</a> state spontaneous tip to perform  <a href=https://365casinogames.live/free-slots-online.html>online free slots by aristocrat</a>'),(2,103,'RENSEIGNEMENT','Attractive boxers who are fighting go over on  foot-prognoz.ru \r\n go over and you will be extremely happy.'),(3,102,'RENSEIGNEMENT','https://clck.ru/33jCPg \r\n<a href=https://www.wohnmobile-in-schleswig-holstein.de/kontakt.php>https://clck.ru/33jDTB</a> 12d6b34'),(4,111,'RENSEIGNEMENT','Welcome, https://agweb-design.ru/ Batman & Catwoman Cash'),(5,113,'RENSEIGNEMENT','Akson SC LLC offers services for applying SAP \"BIURS\", protegol,RPU-1001 and RPU1021,skochcoat and other polymers and mastics by airless spraying on shaped products, shut-off valves and pipes of various diameters for CS (DCS), NPS, re-insulation of the linear part of gas and oil pipelines, etc. \r\n \r\nYekaterinburg, \r\nhttp://ckanural.ru \r\n \r\nhttps://ckanural.ru/sap_biurs_nanesenie_rashod_materiala/ \r\n \r\nhttps://ckanural.ru/ppu/ \r\n \r\nhttps://youtu.be/tHbeyUpKHlw \r\n \r\nhttps://youtu.be/2oLz7_LW4Zs \r\n \r\nPerforms work on the device: \r\nmonolithic, reliable, durable and high-strength roof, as well as repair of old roofing /by sintering/; \r\nanti-icing system \"roof without icicles\", heating of drains; \r\nanti-corrosion treatment of any coatings. \r\nspraying \r\npolyurethane foam, \r\npolyurea, \r\nliquid rubber \r\nsandblasting of metal structures'),(6,117,'RENSEIGNEMENT','what a great site, cool! check our <a href=https://i-online-casino.org>best casino bonus</a> , <a href=https://casinoflowers.com/>online casino games canada</a>'),(7,118,'RENSEIGNEMENT','<a href=https://calimidnaz.com/>buying generic clomid</a> \r\n<a href=\"https://calimidnaz.com/\">buying generic clomid</a>'),(8,120,'RENSEIGNEMENT','<a href=https://casinowingames.com/>casinos online</a> \r\n<a href=\"https://casinowingames.com/\">online casino</a> \r\n<a href=https://onlinelistcasino24.com/>casino game</a> \r\n<a href=\"https://onlinelistcasino24.com/\">casinos</a> \r\n<a href=https://casinogambiba.com/>slots</a> \r\n<a href=\"https://casinogambiba.com/\">online casino</a> \r\n<a href=https://realmonetcasino.com/>casino games</a> \r\n<a href=\"https://realmonetcasino.com/\">casino real money</a>'),(9,124,'RENSEIGNEMENT','Если вы как и я мучаетесь в поисках зеркало оф сайтов для ставок и боитесь, что наткнетесь на фуфло всякое, то делюсь проверенными зеркалами) \r\nhttps://mostbet-links-1.top \r\nhttps://mostbet-links-2.top \r\nhttps://mostbet-links-3.top \r\nhttps://mostbet-links-4.top \r\nhttps://mostbet-links-5.top \r\nhttps://mostbet-links-6.top \r\nhttps://mostbet-links-7.top \r\nhttps://mostbet-links-8.top \r\nhttps://mostbet-links-9.top \r\nhttps://mostbet-links-10.top \r\nhttps://mostbet-links-11.top \r\nhttps://mostbet-links-12.top \r\nhttps://mostbet-links-13.top \r\nhttps://mostbet-links-14.top \r\nhttps://mostbet-links-15.top'),(10,130,'RENSEIGNEMENT','Find the best <a href=http://secure-casinos.com>online casinos USA</a> to play games for real money. List of the top US Casinos that accept US players. United States\' leading gambling sites 2023 \r\nThe best <a href=https://casino2202.blogspot.com/2023/04/best-us-online-roulette-2023-play.html>online casinos</a> for players. We rundown the top 19 real money casinos with the best bonuses that are legit and legal to play at for players \r\nBest online casinos in the US of 2023. We compare online casinos, bonuses & casino games so that you can play at the best <a href=https://casino2202.blogspot.com/2023/04/cafe-casino-blackjack-review-claim-cafe.html>casino online</a> in the USA \r\nRead our <a href=https://casino2202.blogspot.com/2022/10/slots-lv-casino-review-usa-friendly.html>Slotslv casino Review</a> (formerly Spin Palace) for \'2023\' - Discover top slots, live dealer games, fast deposits & withdrawals + up to $1,200 in Bonuses! \r\nRegister here:http://secure-casinos.com'),(11,131,'RENSEIGNEMENT','Are you tired of constantly getting caught by anti-cheat systems while playing your favorite games? Look no further than our cheat, which bypasses the EAC and is completely undetected. Featuring advanced aimbot technology, recoil compensation, and streamproof visuals, our cheat has everything you need to take your gameplay to the next level without getting caught. Plus, with support for both AMD and Intel CPUs and Windows 10 and 11 (21h2 last supported version), you can rest assured that our cheat will work seamlessly with your setup. Don\'t settle for second-best - try our cheat today and dominate the competition like never before! \r\n \r\n<a href=https://furia.cc/store/category/2-apex-legends/>apex aimbot</a> \r\n \r\n<b>Media:</b> \r\nhttps://imgur.com/a/NHIt1PO \r\nhttps://www.youtube.com/watch?v=xw72hq9l4Sw'),(12,135,'RENSEIGNEMENT','Мы рады поделиться нашим  успехом - разработкой интерактивной платформы для стажеров в удивительно короткие сроки. \r\n \r\nВ нашей новой статье на <a href=https://vc.ru/s/1717877-iconicompany/725129-keys-razrabotka-interaktivnoy-platformy-dlya-stazherov-v-rekordnye-sroki>VC.ru</a> вы узнаете, как команда разработчиков Iconicompany взялась за этот сложный проект и  успешно завершила его всего за 10 дней. \r\n \r\nВы узнаете о нашей гибкой модульной архитектуре, которая позволяет легко интегрировать различные решения, включая искусственный интеллект, электронный документооборот, видеочат и многое другое.'),(13,138,'RENSEIGNEMENT','Good men who are fighting click on onbeting.ru \r\n go over and you will be particularly satisfied.'),(14,139,'RENSEIGNEMENT','<a href=https://paydayloansyou.com/>online loans no credit check</a> \r\n<a href=\"https://paydayloansyou.com/\">best online small personal loans</a>'),(15,140,'RENSEIGNEMENT','Недавно , нужно было создать Штампы . По совету знакомых бизнеспартнеров которые уже пользовались услугами фирмы \r\npoligrafia-luxe.ru решил и я  воспользоваться их услугой. \r\nСразу скажу понравился серьезный подход к работе. \r\nСтоимость вышла та, что и обговаривали ранее,  я остался очень доволен и оставил положительный отзыв, да и в целом, цены в печатнике демократичные. Вообщем, рекомендую!'),(16,121,'RENSEIGNEMENT','https://clck.ru/34aceM'),(17,143,'RENSEIGNEMENT','Regards, I recently came to the Silenius Software Store. \r\nThey sell OEM Navicat software, prices are actually low, I read reviews and decided to <a href=https://silenius.pro/autodesk-robot-structural-analysis-professional-2020/>Buy OEM Robot Structural Analysis Professional 2020</a>, the price difference with the official online shop is 10%!!! Tell us, do you think this is a good buy? \r\n<a href=https://silenius.pro/autodesk-autocad-plant-3d-2021/>Buy Autocad Plant 3d 2021</a>'),(18,135,'RENSEIGNEMENT','Dear businessmen, we offer you the opportunity for developer outsourcing \r\nto help enhance the efficiency and competitiveness of your \r\nbusiness. Our company specializes in providing highly skilled \r\nand experienced developers in various fields, including web development, \r\nmobile applications, software engineering, and technical support. \r\nWe understand the importance of quick and flexible access to talented professionals, \r\nand therefore, we offer flexible collaboration models, including \r\ntemporary engagement of developers in your projects or long-term \r\noutsourcing partnerships. \r\n \r\nOur team is ready to provide you with high-quality resources \r\nthat meet your specific requirements and adhere to deadlines. \r\nBy having developers working remotely, you can reduce costs associated \r\nwith hiring and maintaining in-house staff while maintaining the flexibility \r\nto scale your team according to your business needs. \r\n \r\nWe are prepared to discuss your needs and offer the best solution to \r\nsupport your success and growth. \r\n \r\nweb site: https://iconicompany.com \r\ntelegram: @iconicompanycom'),(19,150,'RENSEIGNEMENT','Best wrestlers who are fighting be found on non-stop-betting.com \r\n go over and you will be extremely happy.'),(20,143,'RENSEIGNEMENT','Good day, I recently came to the Silenius Store. \r\nThey sell OEM Web Page Maker software, prices are actually low, I read reviews and decided to <a href=https://silenius.pro/persecond/>Buy OEM Persecond</a>, the price difference with the official site is 40%!!! Tell us, do you think this is a good buy? \r\n<a href=https://silenius.pro/windows-server-2022-datacenter/>Buy OEM Windows Server 2022 Datacenter</a>'),(21,121,'RENSEIGNEMENT','https://clck.ru/34acYe'),(22,113,'RENSEIGNEMENT','Akson SC LLC offers services for applying SAP \"BIURS\", protegol,RPU-1001 and RPU1021,skochcoat and other polymers and mastics by airless spraying on shaped products, shut-off valves and pipes of various diameters for CS (DCS), NPS, re-insulation of the linear part of gas and oil pipelines, etc. \r\n \r\nYekaterinburg, \r\nhttp://ckanural.ru \r\n \r\nhttps://ckanural.ru/sap_biurs_nanesenie_rashod_materiala/ \r\n \r\nhttps://ckanural.ru/ppu/ \r\n \r\nhttps://youtu.be/tHbeyUpKHlw \r\n \r\nhttps://youtu.be/2oLz7_LW4Zs \r\n \r\nPerforms work on the device: \r\nmonolithic, reliable, durable and high-strength roof, as well as repair of old roofing /by sintering/; \r\nanti-icing system \"roof without icicles\", heating of drains; \r\nanti-corrosion treatment of any coatings. \r\nspraying \r\npolyurethane foam, \r\npolyurea, \r\nliquid rubber \r\nsandblasting of metal structures'),(23,121,'RENSEIGNEMENT','https://clck.ru/34accG'),(24,121,'RENSEIGNEMENT','https://clck.ru/34acdr'),(25,130,'RENSEIGNEMENT','Best [url=http://secure-casinos.com]online casinos[/url] in the US of 2023. We compare online casinos, bonuses & casino games so that you can play at the best casino online in the USA \r\nCheck out the best [url=http://secure-casinos.com]new casino sites[/url] for 2023 that are ranked according to their casino game variety, bonus ease, safety, and overall user experience \r\nFind the [url=https://casino2202.blogspot.com/2023/09/best-9-online-casinos-for-real-money.html]best online casinos USA[/url] to play games for real money. List of the top US Casinos that accept US players. United States\' leading gambling sites 2023 \r\nThe [url=http://itsjackpottime.com]best online casinos[/url] for players. We rundown the top 19 real money casinos with the best bonuses that are legit and legal to play at for players \r\nFind the [url=http://casino957.com]best online casinos USA[/url] to play games for real money. List of the top US Casinos that accept US players. United States\' leading gambling sites 2023'),(26,121,'RENSEIGNEMENT','https://clck.ru/34accG'),(27,143,'RENSEIGNEMENT','Good day, I recently came to the CSStore. \r\nThey sell OEM 3Ci software, prices are actually low, I read reviews and decided to [url=https://cheapsoftwareshop.com/product.php?/autodesk-autocad-mep-2021/]Buy Autocad Mep 2021[/url], the price difference with the official online store is 30%!!! Tell us, do you think this is a good buy? \r\n \r\n[url=https://cheapsoftwareshop.com/product.php?/graphisoft-archicad-23/]Buy Cheap Graphisoft Archicad 23[/url]'),(28,121,'RENSEIGNEMENT','https://clck.ru/34acfg'),(29,163,'RENSEIGNEMENT','Appreciate it! A lot of posts. [url=https://c.cheapbuyorder.co.uk/categories/Blood-Pressure/Coreg]buy coreg online[/url]  \r\nBasically desired to point out Now i am happy that i came upon your internet page! [url=https://c.cheapbuyorder.co.uk/categories/Blood-Pressure/Coreg]buy coreg[/url]  \r\nThis is a beautiful photo with very good lighting :-)'),(30,135,'RENSEIGNEMENT','Уважаемые предприниматели, мы предлагаем вам возможность аутсорсинга разработчиков \r\nдля повышения эффективности и конкурентоспособности вашего \r\nбизнеса. Наша компания специализируется на предоставлении услуг высококвалифицированных \r\nи опытных разработчиков в различных областях, включая веб-разработку, \r\nмобильные приложения, программный инжиниринг и техническую поддержку. \r\nМы понимаем важность быстрого и гибкого доступа к талантливым специалистам, \r\nпоэтому мы предлагаем гибкие модели сотрудничества, в том числе \r\nвременное привлечение разработчиков к вашим проектам или долгосрочное \r\nаутсорсинговое партнерство. \r\n \r\nНаша команда готова предоставить вам высококачественные ресурсы \r\nотвечающие вашим специфическим требованиям и соблюдающие установленные сроки. \r\nПривлечение удаленных разработчиков позволяет сократить расходы, связанные с наймом и содержанием штатных сотрудников. \r\nс наймом и содержанием штатных сотрудников, сохраняя при этом гибкость \r\nгибкость при масштабировании команды в соответствии с потребностями бизнеса. \r\n \r\nМы готовы обсудить ваши потребности и предложить оптимальное решение для \r\nподдержки вашего успеха и роста. \r\n \r\nвеб-сайт: https://iconicompany.ru \r\ntelegram: @iconicompanycom'),(31,175,'RENSEIGNEMENT','[url=https://onlinecasinotur.com/][/url] \r\n<a href=\"https://onlinecasinotur.com/\"></a>'),(32,188,'RENSEIGNEMENT','[url=https://megamoriarti.com/]мега сб[/url]'),(33,185,'RENSEIGNEMENT','Всем доброго дня. Устали от постоянной замены искусственных елок каждый год? Хотите создать уютную новогоднюю атмосферу с минимумом хлопот? \r\nТогда живая новогодняя елка - ваш идеальный выбор!Живая елка не только придает особое очарование вашему дому, но и озеленит его свежим ароматом хвои. \r\nКроме того, она является экологически чистым вариантом украшения и после праздников может быть пересажена в саду или лесу, сохраняя свою ценность. \r\nСейчас достачтоно много сайтов где вы найдет массу елок для дома - [url=https://29ru.net/spb/364912815/]пихта нордмана спб.[/url]'),(34,197,'RENSEIGNEMENT','Blacksprut - это необычная marketplace в теневом интернете, где секретность и anonymity господствуют. Этот resource предлагает бесконечные возможности для открытий и acquisition rare goods и services, которые противоречат conventional правила. Whether, разыскиваете ли вы forbidden knowledge Blacksprut satisfies the most запутанные desires. <a href=\"https://b2web2.top\">адрес blacksprut в тор</a>'),(35,185,'RENSEIGNEMENT','Всем добрый день. Устали от постоянной замены искусственных елок каждый год? Хотите создать уютную новогоднюю атмосферу с минимумом хлопот? \r\nТогда живая новогодняя елка - ваш идеальный выбор!Живая елка не только придает особое очарование вашему дому, но и озеленит его свежим ароматом хвои. \r\nКроме того, она является экологически чистым вариантом украшения и после праздников может быть пересажена в саду или лесу, сохраняя свою ценность. \r\nСейчас достачтоно много сайтов где вы найдет массу высоких елей - [url=https://kanoner.com/2023/12/18/178744/]оптом елки[/url]'),(36,185,'RENSEIGNEMENT','Всем доброе утро. Устали от постоянной замены искусственных елок каждый год? Хотите создать уютную новогоднюю атмосферу с минимумом хлопот? \r\nТогда живая новогодняя елка - ваш идеальный выбор!Живая елка не только придает особое очарование вашему дому, но и озеленит его свежим ароматом хвои. \r\nКроме того, она является экологически чистым вариантом украшения и после праздников может быть пересажена в саду или лесу, сохраняя свою ценность. \r\nСейчас достачтоно много сайтов где вы найдет массу руских елей - [url=https://clockchok.ru/pochemu-stoit-vybrat-zhivuyu-elku]елка живая в спб[/url]'),(37,206,'RENSEIGNEMENT','Добро пожаловать в захватывающий мир азарта и возможностей, где каждый щелчок мыши может стать билетом к увлекательным приключениям и крупным выигрышам. [url=https://casino-1.online/]Casino[/url] — это не просто виртуальное развлечение, это возможность испытать волнение и адреналин, не покидая уюта своего дома.'),(38,177,'RENSEIGNEMENT','Всем добрый вечер. Готовка еды - это процесс, который может приносить много удовольствия, но требует определенных \r\nзнаний и навыков. Главное - не бояться экспериментировать и добавлять свой личный вкус в блюда. \r\nИ не забывайте дегустировать свои творения! На сайте рецептов вы найдет массу вкусных блюд - подробно расскажем [url=https://face-clinic.ru/]gotovim vkucno[/url]'),(39,135,'RENSEIGNEMENT','Dear business professionals, we present you with the opportunity to outsource developers, aiming to elevate the efficiency and competitiveness of your enterprise. Our company specializes in delivering highly proficient developers with extensive experience across diverse domains, including web development, mobile applications, software engineering, and technical support. Recognizing the significance of swift and adaptable access to skilled professionals, we provide flexible collaboration models, encompassing the temporary engagement of developers for your projects or establishing long-term outsourcing partnerships. \r\n \r\nOur team stands ready to furnish you with top-notch resources tailored to meet your specific requirements and adhere to deadlines. Opting for remote developers enables you to curtail costs linked to in-house staff recruitment and maintenance, all the while retaining the flexibility to scale your team in alignment with your business demands. \r\n \r\nWe are poised to engage in discussions about your needs and to propose the optimal solution that contributes to your success and expansion. \r\n \r\nWebsite: https://iconicompany.com \r\nTelegram: @iconicompanycom'),(40,177,'RENSEIGNEMENT','Всем доброе утро. Готовка еды - это процесс, который может приносить много удовольствия, но требует определенных \r\nзнаний и навыков. Главное - не бояться экспериментировать и добавлять свой личный вкус в блюда. \r\nИ не забывайте дегустировать свои творения! На сайте рецептов вы найдет массу креативных блюд - подробно расскажем [url=https://my-bar.ru/cocktails/ma_sheri]рецепт солянки мясной сборной.[/url]'),(41,217,'RENSEIGNEMENT','GHUNT Token  FAIRLAUNCH ON FEBRUARY 5 AT 10:00 AM UTC. \r\n \r\nOur Tokenomics \r\n0% Buy Tax \r\n0% Sell tax \r\n100% LP Burnt \r\n \r\nCA: 0xe385f3b02e59fe31adbae96f135531d57f1e8083 \r\n \r\nSite: https://ghunt.cc/ \r\nTwitter: https://twitter.com/Ghunt_token \r\nTelegram: https://t.me/ghuntportal'),(42,1,'TEMOIGNAGE','MERCI POUR VOS SERVICES'),(43,1,'TEMOIGNAGE','MERCI POUR VOS SERVICES'),(44,263,'RENSEIGNEMENT','[url=https://powblocks.com/]PowBlocks[/url] is an restricted decentralized layer-1 proof-of-work blockchain meticulously designed to mollycoddle to the mining community.Better than Ethereum!'),(45,264,'RENSEIGNEMENT','My Web Site: [url=https://bit.ly/bahiscom3]Deneme Bonusu[/url] BahisCom'),(46,270,'RENSEIGNEMENT','Hi! \r\n \r\nOne of the most trusted and renowned platforms in the cryptocurrency market is Coinbase. Founded in 2012, Coinbase has become a household name for cryptocurrency enthusiasts worldwide. This user-friendly platform provides a seamless experience for buying, selling, and storing various digital currencies, fostering the growth and acceptance of cryptocurrencies in mainstream finance. \r\n \r\nLink:https://family-gadgets.ru or here https://cryptolive.fun/mining/bitcoin-mining-server-software.html.'),(47,246,'RENSEIGNEMENT','Ремонт квартиры или постройка дома своими руками \r\nИсточник: https://stroj-sam.ru'),(48,246,'RENSEIGNEMENT','Актуальное, рабочее зеркало официального сайта Гама https://gamacasinotoday.ru/'),(49,314,'PLAINTE','adia7nz43401zc8u@outlook.com'),(50,309,'RENSEIGNEMENT','[url=https://mehanizatory.com/remont/chernovoy-remont-v-novostroyke]referal\'naya programma [/url] \r\nTegs: [u]механизированная штукатурка стен и потолков [/u] \r\n[i]механизированная штукатурка стен - цена за м2 [/i] \r\n[b]возведение перегородок - цена работ и проекта [/b] \r\nmehanizirovannaya shpaklevka sten - vypolnyaem raboty mashinnym sposobom pod klyuch v moskve i moskovskoy oblasti. besplatnyy vyezd specialista v den\' obrascheniya, bystraya i kachestvennaya rabota, skidki, garantiya. izuchite prays na sayte mehanizatory  \r\nmehanizirovannaya styajka  https://mehanizatory.com/pokraska/bezvozdushnaya-pokraska'),(51,340,'PLAINTE','henrygeizx5912@gmail.com'),(52,354,'PLAINTE','campbegei7560@gmail.com'),(53,358,'PLAINTE','lois_wardrtdv@outlook.com'),(54,349,'RENSEIGNEMENT','<a href=https://pro-credit.ru/mfo/kassa-vzaimopomoschi/>kassa vzaimopomoschi poluchit\' zaym onlayn do 15000 rub. do 32 mgnovenno s licenziey cb rf - kassa vzaimopomoschi - poluchit\' zaym onlayn bystro na sayte \"pro-kredit\" </a> \r\nTegs: <u>good moneta получить займ онлайн до 100000 руб. до 168 мгновенно с лицензией цб рф - good moneta - получить займ онлайн быстро на сайте \"про-кредит\" </u> \r\n<i>finfive получить займ онлайн до 25000 руб. до 14 мгновенно с лицензией цб рф - finfive - получить займ онлайн быстро на сайте \"про-кредит\" </i> \r\n<b>fastmoney получить займ онлайн до 30000 руб. до 30 мгновенно с лицензией цб рф - fastmoney - получить займ онлайн быстро на сайте \"про-кредит\" </b> \r\n \r\nkapitalina poluchit\' zaym onlayn do 30000 rub. do 30 mgnovenno s licenziey cb rf - kapitalina - poluchit\' zaym onlayn bystro na sayte \"pro-kredit\"  https://pro-credit.ru/mfo/kapitalina/'),(55,376,'PLAINTE','LindseyErickson79018@outlook.com'),(56,349,'RENSEIGNEMENT','<a href=https://pro-credit.ru/mfo/monetkin/>monetkin poluchit\' zaym onlayn do 100000 rub. do 168 mgnovenno s licenziey cb rf - monetkin - poluchit\' zaym onlayn bystro na sayte \"pro-kredit\" </a> \r\nTegs: <u>кэш поинт получить займ онлайн до 60000 руб. до 270 мгновенно с лицензией цб рф - кэш поинт - получить займ онлайн быстро на сайте \"про-кредит\" </u> \r\n<i>кредитный заём получить займ онлайн до 100000 руб. до 30 мгновенно с лицензией цб рф - кредитный заём - получить займ онлайн быстро на сайте \"про-кредит\" </i> \r\n<b>кредит наличными по паспорту без справок – один из наиболее привлекательных в глазах заёмщиков банковских продуктов - кредит наличными по паспорту без справок на сайте \"про-кредит\" </b> \r\n \r\nmoy zaym na kartu poluchit\' zaym onlayn do 30000 rub. do 180 mgnovenno s licenziey cb rf - moy zaym na kartu - poluchit\' zaym onlayn bystro na sayte \"pro-kredit\"  https://pro-credit.ru/mfo/moy-zaym-na-kartu/'),(57,410,'RENSEIGNEMENT','Подскажите где заказать услугу расклейки объявлений в Москве? \r\nПример сайта       [url=https://xn---77-5cdahhue4afgecmh9an3av2r6d.xn--p1ai/]расклейка-объявлений77.рф[/url]'),(58,414,'RENSEIGNEMENT','Массажи в аюрведе делаются руками (абхъянга), мешочками (кижи), ступнями (калари) https://ayurdara.ru/slovar_ayurvedy/\r\n  Кроме масляных массажей есть сухие порошковые массажи (удвартанам) https://ayurdara.ru/ayurveda1/desyat_faktov_ob_ayurvede/\r\n \r\nМУКХАПАТРА 1 (Мукхапатра+Нетра) \r\n…ла рик https://ayurdara.ru/fotoal_bomy/den_jogi_2021/5/\r\n  Если хотите сделать качественный массаж, то это к Ольге https://ayurdara.ru/fotoal_bomy/ayurdara_na_vasil_evskom_ostrove/\r\n  И парикмахер стилист Алла, завершит ваш образ, уходовой процедурой для волос… \r\nГели для увлажнения Гели для умывания Кремы для лица Маски для лица Скрабы для лица Тоники и лосьоны https://ayurdara.ru/vopros-otvet/novyj_telefon/\r\n \r\nКайлаш Дживан — аюрведический многофункциональный крем-бальзам, созданный на основе целебных индийск https://ayurdara.ru/fotoal_bomy/den_jogi_2021/8/\r\n  https://ayurdara.ru/nashi_specialisty/ayurvedicheskij_terapevt_dzhithin_lal_anakkallan/\r\n \r\nТакже одним из несомненных достоинств метода является возможность обнаружения патологических признаков на так называемой доклинической стадии, то есть в тот период развития болезни, когда она еще не вызывает никаких жалоб и не проявляется какими – либо симптомами https://ayurdara.ru/uslugi_i_ceny/aromamassazh/zhasmin/'),(59,455,'RENSEIGNEMENT','[url=https://ethoprotocol.com/]ETHO Protocol[/url] is an open-source, community-driven commitment that aims to \r\ndecentralize the control of online text and contentedness, addressing the \r\nlimitations of centralized networks in terms of censorship, data \r\nintegrity, and isolation'),(60,457,'RENSEIGNEMENT','Hello everyone, \r\n \r\nI\'m looking for advice on the most effective ways to promote a website. With so many methods out there—SEO, social media, email marketing, paid ads, and more—it can be overwhelming to figure out what works best. \r\n \r\nHere are some questions to spark discussion: \r\n \r\nWhich promotion strategies have worked best for you? \r\nHow do you balance organic versus paid methods? \r\nAre there specific tools or platforms you\'d recommend for beginners? \r\nWhat are the biggest pitfalls to avoid when promoting a website? \r\nI\'d love to hear your experiences and tips, whether you\'re a seasoned marketer or just starting out. Let\'s share knowledge and help each other grow! \r\n \r\nLooking forward to your insights'),(61,455,'RENSEIGNEMENT','[url=https://ethoprotocol.com/]ETHO Protocol[/url] is an open-source, community-driven programme that aims to \r\ndecentralize the curb of online materials and content, addressing the \r\nlimitations of centralized networks in terms of censorship, details \r\nintegrity, and privacy'),(62,455,'RENSEIGNEMENT','[url=https://ethoprotocol.com/]ETHO Protocol[/url] is an open-source, community-driven assignment that aims to \r\ndecentralize the control of online materials and content, addressing the \r\nlimitations of centralized networks in terms of censorship, statistics \r\nintegrity, and privacy'),(63,500,'RENSEIGNEMENT','We offer modern IT solutions for your business on the website   [url=https://kodx.uk/]kodx.uk[/url]'),(64,528,'RENSEIGNEMENT','Ищете необычные способы общения? Bubichat — это платформа для общения и интимных встреч в виртуальной реальности, где каждый может исследовать свои желания без ограничений. \r\nТолько тут [url=https://ru.bubichat.com/]чат для онлайн свиданий с девушками[/url] - новинка 2025 года. \r\n \r\nПочему выбрать виртуальный секс чат? \r\n \r\n[img]https://bubichat.com/wp-content/uploads/2024/12/bubichat-e1734267495951.jpg[/img] \r\n \r\nБезопасность: Ваши данные всегда защищены, а конфиденциальность гарантирована. \r\n \r\nМножество людей: Здесь есть люди с разными интересами, готовые к виртуальному общению и интиму. \r\n \r\nУдобство: Простой интерфейс и быстрый доступ к чату для общения. \r\n \r\nДоступные опции: Основной доступ бесплатен, и вы можете испытать виртуальный секс с парнями и партнерами без платежей. \r\n \r\nРеализация ваших желаний: В Название чата можно озвучить свои предпочтения и найти подходящего собеседника. \r\n \r\nКак начать? \r\n \r\n \r\n \r\nЗарегистрируйтесь на сайте https://ru.bubichat.com/ или войдите как гость. \r\nНастройте поиск по интересам. \r\nНачинайте общение через текст, голосовые чаты. \r\n \r\nЧто можно делать? \r\n \r\nВиртуальные свидания, флирт и интимные чаты. \r\nОбщение с парнями и партнерами, открытыми к экспериментам. \r\n \r\nПочему именно Бубичат? \r\n \r\n \r\n \r\nЕсли вы хотите изучить новые горизонты общения и найти компанию для виртуального секса, Вирт чат откроет для вас новые возможности. Присоединяйтесь и наслаждайтесь виртуальными сексуальными играми!'),(65,528,'RENSEIGNEMENT','Ищете новые впечатления? Бубичат — это платформа для общения и интимных встреч в виртуальной реальности, где каждый может исследовать свои фантазии без ограничений. \r\nТолько тут [url=https://ru.bubichat.com/]чат с девушками для интимных встреч[/url] - новинка 2025 года. \r\n \r\nПочему выбрать виртуальный секс чат? \r\n \r\n[img]https://bubichat.com/wp-content/uploads/2024/12/bubichat-e1734267495951.jpg[/img] \r\n \r\nБезопасность: Ваши данные всегда защищены, а анонимность гарантирована. \r\n \r\nМножество людей: Здесь есть люди с разными интересами, готовые к виртуальному общению и интиму. \r\n \r\nУдобство: Простой интерфейс и быстрый доступ к чату для общения. \r\n \r\nДоступные опции: Основной доступ бесплатен, и вы можете испытать виртуальный секс с девушками и партнерами без платежей. \r\n \r\nРеализация ваших желаний: В Название чата можно озвучить свои фантазии и найти подходящего собеседника. \r\n \r\nКак начать? \r\n \r\n \r\n \r\nЗарегистрируйтесь на сайте https://ru.bubichat.com/ или войдите как гость. \r\nНастройте поиск по предпочтениям. \r\nНачинайте общение через текст, голосовые сообщения. \r\n \r\nЧто можно делать? \r\n \r\nВиртуальные свидания, флирт и интимные чаты. \r\nОбщение с парнями и собеседниками, открытыми к экспериментам. \r\n \r\nПочему именно Бубичат? \r\n \r\n \r\n \r\nЕсли вы хотите изучить новые горизонты общения и найти компанию для виртуального секса, Вирт чат откроет для вас новые возможности. Присоединяйтесь и наслаждайтесь виртуальными сексуальными играми!'),(66,556,'RENSEIGNEMENT','Косметика для волос https://biodanika.ru/categories/ingredienty/\r\n \r\nМгновенно увеличивает объем и придает прическе эффект растрепанных ветром волос, создавая воздушный и чувственный силуэт https://biodanika.ru/articles/dush-pravilnoe-vremya-dlya-gigieny/\r\n \r\nLiquid Spell уплотняет структуру волоса, придавая объем https://biodanika.ru/shampuni-biodanika/\r\n \r\nКак увлажнить сухие волосы в домашних условиях? \r\nЛиния  создана для сухих и обезвоженных волос, нуждающихся в интенсивном увлажнении и питании https://biodanika.ru/categories/ingredienty/\r\n \r\nMOMO увлажняющий кондиционер https://biodanika.ru/articles/dush-pravilnoe-vremya-dlya-gigieny/'),(67,568,'RENSEIGNEMENT','Раздумываете, какой выбрать секс-чат для откровенного общения? \r\n \r\nПопробуйте на Virchat – топовый секс-чат [url=https://virchat.ru]Виртуальный секс без границ[/url] \r\nв Рунете. \r\n \r\nЧем он хорош? \r\nМножество активных партнеров \r\nАнонимность на высшем уровне \r\nВидеочат в формате 18+ \r\nБез запретов в обсуждениях \r\n \r\nПрисоединяйтесь и наслаждайтесь! \r\nСекс-чат Virchat адрес сайта https://virchat.ru \r\n \r\n[url=https://virchat.ru][img]https://virchat.ru/wp-content/uploads/2025/01/%D0%B4%D0%B5%D0%B2%D1%83%D1%88%D0%BA%D0%B0%D1%87%D0%B0%D1%82%D1%80%D1%83%D0%BB%D0%B5%D1%82%D0%BA%D0%B0.jpg[/img][/url] \r\n \r\n \r\nЕсли вы в поиске идеальный чат для откровенного общения, то Virchat – именно то, что вам нужно! Здесь вас ждет огромное количество реальных пользователей, готовых разделить ваши фантазии. Безопасность и свобода общения, поэтому общаться без страха. Уникальная функциональность поможет вам легко найти интересного нового друга по предпочтениям. Присоединяйтесь Virchat – место, где вы сможет найти то, что хочется! ??'),(68,574,'RENSEIGNEMENT','Pilotreviews.net is a reviews boosting service that helps businesses increase their Trustpilot & Google Reviews rating score. \r\n \r\n[b]Why is this important?[/b] \r\nMost customers make their decisions when buying online, just by looking at others reviews. If you have a lot of positive reviews, you\'ll get more sales. \r\n \r\n[b]Is it legit?[/b] \r\n- Sure. Go on the website and get your first order for free. \r\n \r\n[b]How Do I Know It Works?[/b] \r\n- Go on the site, and get your first order for free. \r\n \r\n[b]Buy Trustpilot Reviews at[/b] [url=https://Pilotreviews.net]pilotreviews.net[/url]'),(69,620,'RENSEIGNEMENT','Siberian Wellness — это натуральное  средство, которое,  по словам производителя , помогает укрепить иммунную систему, улучшить общее самочувствие и повысить уровень энергии. Отзывы о нем разнообразны. \r\n \r\n»  [url=]https://multi-level-marketing.ru[/url]/ \r\n \r\n»  [url=]https://t.me/s/siberian_wellnass_rf[/url] \r\n \r\nБизнес с Siberian Wellness – это свободный график, достойные деньги, старт без инвестиций, выход на международный уровень, возможность посмотреть мир, стать обладателем новенького брендированного автомобиля и квартиры, постоянное саморазвитие и бесконечные возможности! Все, что для этого нужно, – быть представителем бренда. \r\n \r\nMLM Сетевой маркетинг - МЛМ Этот бизнес необычный, непривычный для многих, \r\nно при грамотном подходе надежный, стабильный и интересный. \r\nОсновной движущей силой вашего бизнеса должны стать лидерские качества \r\nи умение мотивировать... \r\n \r\nВ чем я вам помогу  \r\n Продвижение — один из самых простых и действенных способов продвинуть товары наверх поисковой выдачи и не терять потенциальных покупателей. \r\nКак запустить рекламу, чтобы получить больше клиентов, привлечение клиентов, продвижение в Телеграм и соцсеть. Увеличение конверсии. Экономия бюджета. Стратегии. Быстрый запуск · 14+'),(70,648,'RENSEIGNEMENT','Moorhead and Goutier). Mantle plume areas are known to localize a variety of base metal deposits from magmatic nickel to polymetallic volcanogenic massive sulfide deposits. The plume area tapped mantle derived magmas with trace element geochemical signatures in mafic ultramafic rocks. But we did it! We fought together. We didn\'t take any s  together.\"Later [url=https://www.uggbotas.es/][b]uggs[/b][/url], \" his companies have repeatedly been accused by the government of interfering with employees\' rights to speak. His aerospace company\" Billups said before the game. \"What he\'s been able to do [url=https://www.ugg.co.it/][b]ugg scarpe[/b][/url] and he grins wickedly. That is what opera is about. I think it be interesting if we could all look like Angelina Jolie and do this for a living interestingjoins the Icemen after playing the last three seasons with the AHL Iowa Wild where he totaled 48 points (13g. \r\n \r\nincluding remote work options made possible during the pandemic as well \'s high housing costs [url=https://www.ugg.co.at/][b]uggs[/b][/url], mais aussi pour assurer une bonne isolation. CependantUltimate Team and a portion of The Journey game mode will be accessible during the limited time trial. You may advance in The Journey mode and carry over in game progress with the purchase of the full FIFA 17 game. Once the trial is complete [url=https://www.bagorama.fr/][b]air force 1 pas cher[/b][/url] \" Koz said of Wong. \"He said to me000 feet. Sometimes there may be too much wax or drainage for the doctor to clearly see the eardrum. If this is the case. \r\n \r\n[url=https://kiindustries.com/request-quote/]tqedve There\'s also a sense of urgency[/url]\r\n[url=https://www.normservis.cz/objednavka/software-sluzby/]phquti is simply tossed in line with air[/url]\r\n[url=http://pilz.gkcity.com/technic/add.htm]raaqwc of its value since then[/url]\r\n[url=https://edatabill.com/ticket/view/61942955]scoqts The movie isn\'t sure of itself either[/url]\r\n[url=http://yummyfruit.co.nz/schools/]fissra the electric automobile braking system market to be however escalation form yearly decade[/url]'),(71,652,'RENSEIGNEMENT','[url=https://chimmed.ru/products/human-usp32-gene-orf-cdna-clone-expression-plasmid-n-myc-tag-id=1706392]human usp32 gene orf cdna clone expression plasmid, n myc tag - купить онлайн в интернет-магазине химмед [/url] \r\nTegs: [u]lauryl alcohol, 98%, fg - купить онлайн в интернет-магазине химмед [/u] \r\n[i]lauryl alcohol, 98%, fg - купить онлайн в интернет-магазине химмед [/i] \r\n[b]lauryl alcohol, 98%, fg - купить онлайн в интернет-магазине химмед [/b] \r\n \r\nhuman usp35 gene orf cdna clone expression plasmid - купить онлайн в интернет-магазине химмед  https://chimmed.ru/products/human-usp35-gene-orf-cdna-clone-expression-plasmid-id=1643474'),(72,655,'RENSEIGNEMENT','Looking to bite up your conversations and sum up a microscopic excitement to your online life? \r\nChatVirt.com is the faultless stead to probe your fantasies and relate with like-minded people seeking passionate, real-time chats. Whether you\'re looking for philandering fun or private conversations, ChatVirt.com offers a chest, circumspect dais to indulge in sensational sexting experiences. \r\n \r\n[img]https://chatvirt.com/assets/files/groups/cover_pics/072024/7-gr-cXIB6n.jpg[/img] \r\n \r\n[url=https://chatvirt.com/russian/]вирт чат[/url] \r\n[url=https://chatvirt.com/gay/]gay chat[/url] \r\n[url=https://chatvirt.com/%E4%B8%AD%E5%9B%BD/]Chinese sex chat[/url] \r\n[url=https://chatvirt.com/Francais/]chat sexe francais[/url] \r\n[url=https://chatvirt.com/arab/]Arabic sex chat[/url] \r\n[url=https://chatvirt.com/Espanol/]Chat Erotico en Espanol[/url] \r\n \r\nFind your tribe: Dive into queer chatrooms designed for open-minded connection and banter. \r\nGo global: Connect in French, Mandarin, Spanish, and Arabi chat spaces for multilingual thrills and cross-cultural encounters. \r\n \r\nWhy elect ChatVirt.com? \r\n \r\nAnonymity guaranteed: Your retirement is our preference, so you can inveigle with confidence. \r\nUser-friendly stage: Easy-to-use interface in support of unobstructed, instant connections. \r\nIndividualized experiences: Gossip with people who harmonize your interests and desires. \r\n \r\nLet your fantasies come to spring with ChatVirt.com. \r\nWeld nowadays and plunge into a humanity of sexual conversations! \r\n \r\nWeb site https://chatvirt.com/'),(73,652,'RENSEIGNEMENT','[url=https://chimmed.ru/products/human-znf761-gene-orf-cdna-clone-expression-plasmid-id=1650711]human znf761 gene orf cdna clone expression plasmid - купить онлайн в интернет-магазине химмед [/url] \r\nTegs: [u]low salt mix met b1200 variable - купить онлайн в интернет-магазине химмед [/u] \r\n[i]low temperature viscosity standard, j10 - купить онлайн в интернет-магазине химмед [/i] \r\n[b]low temperature viscosity standard, jf1 - купить онлайн в интернет-магазине химмед [/b] \r\n \r\nhuman znf763 gene orf cdna clone expression plasmid - купить онлайн в интернет-магазине химмед  https://chimmed.ru/products/human-znf763-gene-orf-cdna-clone-expression-plasmid-id=1686768'),(74,652,'RENSEIGNEMENT','[url=https://chimmed.ru/products/pectin-from-citrus-peel-id=4210624]pectin from citrus peel - купить онлайн в интернет-магазине химмед [/url] \r\nTegs: [u]human adrm1 gene orf cdna clone in cloning vector - купить онлайн в интернет-магазине химмед [/u] \r\n[i]human adropin elisa kit colorimetric - купить онлайн в интернет-магазине химмед [/i] \r\n[b]human adsl adenylosuccinate lyase gene lentiviral orf cdna expression plasmid, c gfpspark tag - купить онлайн в интернет-магазине химмед [/b] \r\n \r\npectin lyase acidic enzyme from*aspergil lus niger - купить онлайн в интернет-магазине химмед  https://chimmed.ru/products/pectin-lyase-acidic-enzyme-fromaspergil-lus-niger-id=4073496'),(75,652,'RENSEIGNEMENT','[url=https://chimmed.ru/products/7-bromo-2-chloromethyl-5-methoxy-13-benzoxazole-95-id=4374618]7 bromo 2 chloromethyl 5 methoxy 1, 3 benzoxazole 95% - купить онлайн в интернет-магазине химмед [/url] \r\nTegs: [u]4, 6 dichloropyridine 2 carboxylic acid min 95% - купить онлайн в интернет-магазине химмед [/u] \r\n[i]4, 6 dichloropyridine 2 carboxylic acid min 95% - купить онлайн в интернет-магазине химмед [/i] \r\n[b]4, 6 dichloropyridine 2 carboxylic acid min 95% - купить онлайн в интернет-магазине химмед [/b] \r\n \r\n7 bromo 2 chloromethyl 5 methoxy 1, 3 benzoxazole 95% - купить онлайн в интернет-магазине химмед  https://chimmed.ru/products/7-bromo-2-chloromethyl-5-methoxy-13-benzoxazole-95-id=4381612'),(76,675,'RENSEIGNEMENT','[b]Find BTC and withdraw to your own wallet automatically. \r\n \r\nNew version 23.2 does multi currencies [/b] \r\n \r\n[img]https://bitcoinblaster.pro/wp-content/uploads/2025/04/111-1.jpg[/img] \r\n \r\n[b]Software has two modes of operation: \r\n \r\nScan seed phrases for BIP 39 \r\n \r\nScan Bitcoin private keys. [/b] \r\n \r\n[b]Full site: [/b] \r\nhttps://bitcoinblaster.pro \r\n \r\n \r\n[b]pay and download here: [/b] \r\nhttps://satoshidisk.com/pay/CO6CLc \r\n \r\n \r\nAny problems support is available darkpoodle94@proton.me \r\nI will support you and help to get your started.'),(77,652,'RENSEIGNEMENT','[url=https://chimmed.ru/products/6-chloro-2-2-methoxy-5-trifluoromethylphenylbenzoic-acid-95-id=4627265]6 chloro 2 2 methoxy 5 trifluoromethylphenyl benzoic acid 95% - купить онлайн в интернет-магазине химмед [/url] \r\nTegs: [u]3 bromo 2 chloromethyl 6 fluoropyridine - купить онлайн в интернет-магазине химмед [/u] \r\n[i]3 bromo 2 chloromethyl 6 methyl pyridine hydrochloride - купить онлайн в интернет-магазине химмед [/i] \r\n[b]3 bromo 2 chloromethyl pyridine, 95% - купить онлайн в интернет-магазине химмед [/b] \r\n \r\n6 chloro 2 2 methoxyphenyl quinoline 4 carbonyl chloride - купить онлайн в интернет-магазине химмед  https://chimmed.ru/products/6-chloro-2-2-methoxyphenylquinoline-4-carbonyl-chloride-id=4376081'),(78,677,'RENSEIGNEMENT','DESTROY ANY EMAIL ACCOUNT \r\n \r\nCONTACT Emailbombs@proton.me FOR FREE SAMPLE \r\n \r\nEMAIL MUST SAY \"PLEASE SEND A SAMPLE EMAIL BOMB TO THIS ACCOUNT\" A SMALL BOMB WILL THEN BE SENT TO THE ACCOUNT \r\n \r\nTEST BOMB ONLY SENT TO THE CONTACT EMAIL ADDRESS \r\n \r\nPRICING FOR THE FULL BOMB IS $20 USD PER EMAIL ACCOUNT \r\n \r\n[url=][img]https://i.postimg.cc/05w67D07/bombs.png[/img][/url] \r\n \r\nTHE SERVICE IS GREAT FOR GETTING REVENGE ON SCAMMERS/OLD BOSS/NASTY EX \r\n \r\nSINCE THE ATTACK IS DDOS IT CANNOT BE STOPPED \r\n \r\nBEFORE PURCHASE MAKE SURE YOU REALLY WANT THIS AS IT CANNOT BE UNDONE \r\n \r\n \r\nPAYMENT VIA BITCOIN $20 USD PER EMAIL ACCOUNT \r\n \r\nbc1qq92sj9mdy0phpde9sksz9rnvkmusjkpqmx7jc0 \r\n \r\nAFTER PAYMENT CONTACT OUR EMAIL WITH YOUR TARGETS ADDRESS. \r\n \r\nCONTACT Emailbombs@proton.me'),(79,652,'RENSEIGNEMENT','[url=https://chimmed.ru/products/5-amino-1h-pyrazole-4-carbonitrile-95--id=4609564]5 amino 1h pyrazole 4 carbonitrile, 95% - купить онлайн в интернет-магазине химмед [/url] \r\nTegs: [u]3 3, 4 dimethoxyphenyl methyl 4 phenyl 1, 2, 4 triazoline 5 thione - купить онлайн в интернет-магазине химмед [/u] \r\n[i]3 3, 4 dimethoxyphenyl methyl 4 phenyl 1, 2, 4 triazoline 5 thione - купить онлайн в интернет-магазине химмед [/i] \r\n[b]3 3, 4 dimethoxyphenyl methyl 4 phenyl 1, 2, 4 triazoline 5 thione - купить онлайн в интернет-магазине химмед [/b] \r\n \r\n5 amino 1h pyrazole 4 carboxylic amide sulfate - купить онлайн в интернет-магазине химмед  https://chimmed.ru/products/5-amino-1h-pyrazole-4-carboxylic-amide-sulfate-id=4580918'),(80,682,'RENSEIGNEMENT','DESTROY ANY EMAIL ACCOUNT \r\n \r\nCONTACT Emailbombs@proton.me FOR FREE SAMPLE \r\n \r\nEMAIL MUST SAY \"PLEASE SEND A SAMPLE EMAIL BOMB TO THIS ACCOUNT\" A SMALL BOMB WILL THEN BE SENT TO THE ACCOUNT \r\n \r\nTEST BOMB ONLY SENT TO THE CONTACT EMAIL ADDRESS \r\n \r\nPRICING FOR THE FULL BOMB IS $20 USD PER EMAIL ACCOUNT \r\n \r\n[url=][img]https://iili.io/3WUrZB4.md.png[/img][/url] \r\n \r\nTHE SERVICE IS GREAT FOR GETTING REVENGE ON SCAMMERS/OLD BOSS/NASTY EX \r\n \r\nSINCE THE ATTACK IS DDOS IT CANNOT BE STOPPED \r\n \r\nBEFORE PURCHASE MAKE SURE YOU REALLY WANT THIS AS IT CANNOT BE UNDONE \r\n \r\n \r\nPAYMENT VIA BITCOIN $20 USD PER EMAIL ACCOUNT \r\n \r\nbc1qq92sj9mdy0phpde9sksz9rnvkmusjkpqmx7jc0 \r\n \r\nAFTER PAYMENT CONTACT OUR EMAIL WITH YOUR TARGETS ADDRESS. \r\n \r\nCONTACT Emailbombs@proton.me'),(81,687,'RENSEIGNEMENT','[ On our website, we tender modern and the a- IT solutions for your house] [url=https://kodx.uk/]kodx.uk[/url]'),(82,652,'RENSEIGNEMENT','[url=https://chimmed.ru/products/ricinoleic-acid-n-butyl-ester-id=4589870]ricinoleic acid n butyl ester - купить онлайн в интернет-магазине химмед [/url] \r\nTegs: [u]niobium, foil, thickness 0 125mm, diame - купить онлайн в интернет-магазине химмед [/u] \r\n[i]niobium, foil, thickness 0 125mm, diame - купить онлайн в интернет-магазине химмед [/i] \r\n[b]niobium, foil, thickness 0 125mm, diame - купить онлайн в интернет-магазине химмед [/b] \r\n \r\nricinoleic acid n butyl ester - купить онлайн в интернет-магазине химмед  https://chimmed.ru/products/ricinoleic-acid-n-butyl-ester-id=4596859'),(83,652,'RENSEIGNEMENT','[url=https://chimmed.ru/products/nalgener-centrifuge-bottles-style-31-id=4133583]nalgene r centrifuge bottles, style 31 - купить онлайн в интернет-магазине химмед [/url] \r\nTegs: [u]dock2 antibody oti7g2 janelia fluor 549 - купить онлайн в интернет-магазине химмед [/u] \r\n[i]dock2 antibody oti7g2 janelia fluor 646 - купить онлайн в интернет-магазине химмед [/i] \r\n[b]dock2 overexpression lysate denatured - купить онлайн в интернет-магазине химмед [/b] \r\n \r\nnalgene r centrifuge bottles, style 31 - купить онлайн в интернет-магазине химмед  https://chimmed.ru/products/nalgener-centrifuge-bottles-style-31-id=3824359'),(84,652,'RENSEIGNEMENT','[url=https://chimmed.ru/products/n-23-dimethoxybenzyl-5-methyl-13-thiazol-2-amine-id=4397591]n 2, 3 dimethoxybenzyl 5 methyl 1, 3 thiazol 2 amine - купить онлайн в интернет-магазине химмед [/url] \r\nTegs: [u]human foxm1 gene orf cdna clone expression plasmid, c myc tag - купить онлайн в интернет-магазине химмед [/u] \r\n[i]human foxm1 qpcr primer pairs - купить онлайн в интернет-магазине химмед [/i] \r\n[b]human foxn1 gene orf cdna clone expression plasmid - купить онлайн в интернет-магазине химмед [/b] \r\n \r\nn 2, 3 dimethoxybenzyl 5 methyl 1, 3 thiazol 2 amine - купить онлайн в интернет-магазине химмед  https://chimmed.ru/products/n-23-dimethoxybenzyl-5-methyl-13-thiazol-2-amine-id=4404580'),(85,700,'RENSEIGNEMENT','Great news for all Brawl Stars fans! ?? \r\nYou no longer need to play on the official servers to unlock new brawlers. \r\nJust download the training server Null\'s Brawl [url=https://nulls-brawl.com]https://nulls-brawl.com[/url] and enjoy the game without limits — with all mods, gadgets, and hypercharges unlocked from the start. \r\n \r\nUpdates come out faster than on the official servers, and the latest version is always available for both iOS and Android on the website. \r\n \r\nStart playing Brawl Stars your way! Telegram channel [url=https://t.me/nulls_brawl/]https://t.me/nulls_brawl/[/url]'),(86,706,'RENSEIGNEMENT','Международная доставка цветов от Florista - когда важно сказать «люблю», „спасибо“ или «скучаю»... даже на расстоянии. \r\nМы доставляем цветы по всему миру - из Украины в Европу, США, Канаду, ОАЭ и другие страны. \r\nБолее 7500 профессиональных флористов в разных уголках планеты создают роскошные букеты, которые дарят счастье и эмоции. \r\n?? Важное событие? День рождения? Юбилей? Просто хочется порадовать близкого человека? \r\nМы сделаем это безупречно: вовремя, красиво и с душой. \r\n?? Заказывайте прямо сейчас: \r\n?? https://mr-florista.com.ua/index.php?route=information/information&language=ru-ru&information_id=5 \r\nhttps://mr-florista.com.ua/index.php?route=information/information&language=en-gb&information_id=5 \r\nhttps://mr-florista.com.ua/index.php?route=information/information&language=uk-ua&information_id=5 \r\nt.me/bloomengermany \r\nFlorista - цветы, которые путешествуют по миру ради ваших чувств');

--
-- Table structure for table `evaluation`
--

CREATE TABLE `evaluation` (
  `id` int NOT NULL AUTO_INCREMENT,
  `sequence_id` int NOT NULL,
  `course_id` int NOT NULL,
  `class_room_id` int NOT NULL,
  `moyenne` double NOT NULL,
  `competence` longtext CHARACTER SET utf8mb4 COLLATE utf8mb4_unicode_ci,
  `abscent` int NOT NULL DEFAULT '0',
  `success_h` int NOT NULL DEFAULT '0',
  `success_f` int NOT NULL DEFAULT '0',
  `faillures_h` int NOT NULL DEFAULT '0',
  `faillures_f` int NOT NULL DEFAULT '0',
  `created_at` datetime NOT NULL DEFAULT CURRENT_TIMESTAMP,
  `updated_at` datetime NOT NULL DEFAULT CURRENT_TIMESTAMP,
  `author_id` int DEFAULT '120',
  `mini` float DEFAULT '0',
  `maxi` float DEFAULT '20',
  PRIMARY KEY (`id`),
  KEY `IDX_1323A57598FB19AE` (`sequence_id`),
  KEY `IDX_1323A575591CC992` (`course_id`),
  KEY `IDX_1323A5759162176F` (`class_room_id`),
  KEY `fk_evaluation_user` (`author_id`),
  CONSTRAINT `FK_1323A575591CC992` FOREIGN KEY (`course_id`) REFERENCES `course` (`id`),
  CONSTRAINT `FK_1323A5759162176F` FOREIGN KEY (`class_room_id`) REFERENCES `class_room` (`id`),
  CONSTRAINT `FK_1323A57598FB19AE` FOREIGN KEY (`sequence_id`) REFERENCES `sequence` (`id`),
  CONSTRAINT `fk_evaluation_user` FOREIGN KEY (`author_id`) REFERENCES `user` (`id`)
) ENGINE=InnoDB AUTO_INCREMENT=14390 DEFAULT CHARSET=utf8mb4 COLLATE=utf8mb4_unicode_ci;

--
-- Dumping data for table `evaluation`
--

INSERT INTO `evaluation` VALUES (25,1,223,12,0,NULL,0,0,0,0,0,'2021-10-16 22:32:45','2021-10-16 22:32:45',120,0,20),(27,1,199,12,0,NULL,0,0,0,0,0,'2021-10-16 22:32:45','2021-10-16 22:32:45',120,0,20),(28,1,203,12,0,NULL,0,0,0,0,0,'2021-10-16 22:32:45','2021-10-16 22:32:45',120,0,20),(29,1,215,12,0,NULL,0,0,0,0,0,'2021-10-16 22:32:45','2021-10-16 22:32:45',120,0,20),(30,1,179,12,0,NULL,0,0,0,0,0,'2021-10-16 22:32:45','2021-10-16 22:32:45',120,0,20),(31,1,204,15,0,NULL,0,0,0,0,0,'2021-10-16 22:32:45','2021-10-16 22:32:45',120,0,20),(32,1,205,14,0,NULL,0,0,0,0,0,'2021-10-16 22:32:45','2021-10-16 22:32:45',120,0,20),(33,1,224,15,0,NULL,0,0,0,0,0,'2021-10-16 22:32:45','2021-10-16 22:32:45',120,0,20),(34,1,214,13,0,NULL,0,0,0,0,0,'2021-10-16 22:32:45','2021-10-16 22:32:45',120,0,20),(35,1,217,14,0,NULL,0,0,0,0,0,'2021-10-16 22:32:45','2021-10-16 22:32:45',120,0,20),(36,1,216,15,0,NULL,0,0,0,0,0,'2021-10-16 22:32:45','2021-10-16 22:32:45',120,0,20),(37,1,202,13,0,NULL,0,0,0,0,0,'2021-10-16 22:32:45','2021-10-16 22:32:45',120,0,20),(38,1,198,13,0,NULL,0,0,0,0,0,'2021-10-16 22:32:45','2021-10-16 22:32:45',120,0,20),(39,1,178,13,0,NULL,0,0,0,0,0,'2021-10-16 22:32:45','2021-10-16 22:32:45',120,0,20),(40,1,186,13,0,NULL,0,0,0,0,0,'2021-10-16 22:32:45','2021-10-16 22:32:45',120,0,20),(41,1,189,14,0,NULL,0,0,0,0,0,'2021-10-16 22:32:45','2021-10-16 22:32:45',120,0,20),(42,1,181,14,0,NULL,0,0,0,0,0,'2021-10-16 22:32:45','2021-10-16 22:32:45',120,0,20),(43,1,188,15,0,NULL,0,0,0,0,0,'2021-10-16 22:32:45','2021-10-16 22:32:45',120,0,20),(44,1,180,15,0,NULL,0,0,0,0,0,'2021-10-16 22:32:45','2021-10-16 22:32:45',120,0,20),(45,1,191,12,0,NULL,0,0,0,0,0,'2021-10-16 22:32:45','2021-10-16 22:32:45',120,0,20),(46,1,195,12,0,NULL,0,0,0,0,0,'2021-10-16 22:32:45','2021-10-16 22:32:45',120,0,20),(47,1,190,13,0,NULL,0,0,0,0,0,'2021-10-16 22:32:45','2021-10-16 22:32:45',120,0,20),(48,1,194,13,0,NULL,0,0,0,0,0,'2021-10-16 22:32:45','2021-10-16 22:32:45',120,0,20),(49,1,193,14,0,NULL,0,0,0,0,0,'2021-10-16 22:32:45','2021-10-16 22:32:45',120,0,20),(50,1,197,14,0,NULL,0,0,0,0,0,'2021-10-16 22:32:45','2021-10-16 22:32:45',120,0,20),(51,1,192,15,0,NULL,0,0,0,0,0,'2021-10-16 22:32:45','2021-10-16 22:32:45',120,0,20),(52,1,196,15,0,NULL,0,0,0,0,0,'2021-10-16 22:32:45','2021-10-16 22:32:45',120,0,20),(53,1,222,13,0,NULL,0,0,0,0,0,'2021-10-16 22:32:45','2021-10-16 22:32:45',120,0,20),(54,1,156,7,0,NULL,0,0,0,0,0,'2021-10-16 22:32:45','2021-10-16 22:32:45',120,0,20),(55,1,181,7,0,NULL,0,0,0,0,0,'2021-10-16 22:32:45','2021-10-16 22:32:45',120,0,20),(56,1,165,8,7.3333333333333,NULL,0,0,0,15,0,'2021-10-16 22:32:45','2021-10-16 22:32:45',120,0,20),(57,1,166,8,12.266666666667,NULL,0,0,14,1,0,'2021-10-16 22:32:45','2021-10-16 22:32:45',120,0,20),(58,1,148,21,0,NULL,0,0,0,0,0,'2021-10-16 22:32:45','2021-10-16 22:32:45',120,0,20),(59,1,149,21,0,NULL,0,0,0,0,0,'2021-10-16 22:32:45','2021-10-16 22:32:45',120,0,20),(60,1,131,6,0,NULL,0,0,0,0,0,'2021-10-16 22:32:45','2021-10-16 22:32:45',120,0,20),(61,1,130,6,0,NULL,0,0,0,0,0,'2021-10-16 22:32:45','2021-10-16 22:32:45',120,0,20),(62,1,154,7,0,NULL,0,0,0,0,0,'2021-10-16 22:32:45','2021-10-16 22:32:45',120,0,20),(63,1,153,7,0,NULL,0,0,0,0,0,'2021-10-16 22:32:45','2021-10-16 22:32:45',120,0,20),(64,1,167,8,0,NULL,0,0,0,0,0,'2021-10-16 22:32:45','2021-10-16 22:32:45',120,0,20),(65,1,168,8,0,NULL,0,0,0,0,0,'2021-10-16 22:32:45','2021-10-16 22:32:45',120,0,20),(66,1,169,8,4.7166666666667,NULL,0,0,1,14,0,'2021-10-16 22:32:45','2021-10-16 22:32:45',120,0,20),(67,1,151,21,0,NULL,0,0,0,0,0,'2021-10-16 22:32:45','2021-10-16 22:32:45',120,0,20),(68,1,35,6,0,NULL,0,0,0,0,0,'2021-10-16 22:32:45','2021-10-16 22:32:45',120,0,20),(69,1,152,7,0,NULL,0,0,0,0,0,'2021-10-16 22:32:45','2021-10-16 22:32:45',120,0,20),(70,1,164,8,11.7,NULL,0,0,10,5,0,'2021-10-16 22:32:45','2021-10-16 22:32:45',120,0,20),(71,1,157,7,0,NULL,0,0,0,0,0,'2021-10-16 22:32:45','2021-10-16 22:32:45',120,0,20),(72,1,159,7,0,NULL,0,0,0,0,0,'2021-10-16 22:32:45','2021-10-16 22:32:45',120,0,20),(73,1,208,8,0,NULL,0,0,0,0,0,'2021-10-16 22:32:45','2021-10-16 22:32:45',120,0,20),(74,1,158,7,0,NULL,0,0,0,0,0,'2021-10-16 22:32:45','2021-10-16 22:32:45',120,0,20),(75,1,171,8,0,NULL,0,0,0,0,0,'2021-10-16 22:32:45','2021-10-16 22:32:45',120,0,20),(76,1,136,6,0,NULL,0,0,0,0,0,'2021-10-16 22:32:45','2021-10-16 22:32:45',120,0,20),(77,1,226,21,0,NULL,0,0,0,0,0,'2021-10-16 22:32:45','2021-10-16 22:32:45',120,0,20),(78,1,132,6,0,NULL,0,0,0,0,0,'2021-10-16 22:32:45','2021-10-16 22:32:45',120,0,20),(79,1,147,21,0,NULL,0,0,0,0,0,'2021-10-16 22:32:45','2021-10-16 22:32:45',120,0,20),(80,1,133,6,0,NULL,0,0,0,0,0,'2021-10-16 22:32:45','2021-10-16 22:32:45',120,0,20),(81,1,146,21,0,NULL,0,0,0,0,0,'2021-10-16 22:32:45','2021-10-16 22:32:45',120,0,20),(82,1,140,6,0,NULL,0,0,0,0,0,'2021-10-16 22:32:45','2021-10-16 22:32:45',120,0,20),(83,1,141,21,0,NULL,0,0,0,0,0,'2021-10-16 22:32:45','2021-10-16 22:32:45',120,0,20),(84,1,129,6,0,NULL,0,0,0,0,0,'2021-10-16 22:32:45','2021-10-16 22:32:45',120,0,20),(85,1,122,11,0,NULL,0,0,0,0,0,'2021-10-16 22:32:45','2021-10-16 22:32:45',120,0,20),(86,1,92,9,0,NULL,0,0,0,0,0,'2021-10-16 22:32:45','2021-10-16 22:32:45',120,0,20),(87,1,94,9,0,NULL,0,0,0,0,0,'2021-10-16 22:32:45','2021-10-16 22:32:45',120,0,20),(88,1,95,10,0,NULL,0,0,0,0,0,'2021-10-16 22:32:45','2021-10-16 22:32:45',120,0,20),(89,1,116,11,0,NULL,0,0,0,0,0,'2021-10-16 22:32:45','2021-10-16 22:32:45',120,0,20),(90,1,102,9,0,NULL,0,0,0,0,0,'2021-10-16 22:32:45','2021-10-16 22:32:45',120,0,20),(91,1,101,9,0,NULL,0,0,0,0,0,'2021-10-16 22:32:45','2021-10-16 22:32:45',120,0,20),(92,1,125,11,0,NULL,0,0,0,0,0,'2021-10-16 22:32:45','2021-10-16 22:32:45',120,0,20),(93,1,100,10,0,NULL,0,0,0,0,0,'2021-10-16 22:32:45','2021-10-16 22:32:45',120,0,20),(94,1,103,10,0,NULL,0,0,0,0,0,'2021-10-16 22:32:45','2021-10-16 22:32:45',120,0,20),(95,1,124,11,0,NULL,0,0,0,0,0,'2021-10-16 22:32:45','2021-10-16 22:32:45',120,0,20),(96,1,110,9,0,NULL,0,0,0,0,0,'2021-10-16 22:32:45','2021-10-16 22:32:45',120,0,20),(97,1,111,10,0,NULL,0,0,0,0,0,'2021-10-16 22:32:45','2021-10-16 22:32:45',120,0,20),(98,1,227,10,0,NULL,0,0,0,0,0,'2021-10-16 22:32:45','2021-10-16 22:32:45',120,0,20),(99,1,228,9,0,NULL,0,0,0,0,0,'2021-10-16 22:32:45','2021-10-16 22:32:45',120,0,20),(101,1,107,10,0,NULL,0,0,0,0,0,'2021-10-16 22:32:45','2021-10-16 22:32:45',120,0,20),(102,1,97,10,0,NULL,0,0,0,0,0,'2021-10-16 22:32:45','2021-10-16 22:32:45',120,0,20),(104,1,5,16,0,NULL,0,0,0,0,0,'2021-10-16 22:32:45','2021-10-16 22:32:45',120,0,20),(105,1,19,16,0,NULL,0,0,0,0,0,'2021-10-16 22:32:45','2021-10-16 22:32:45',120,0,20),(106,1,3,5,0,NULL,0,0,0,0,0,'2021-10-16 22:32:45','2021-10-16 22:32:45',120,0,20),(107,1,28,5,0,NULL,0,0,0,0,0,'2021-10-16 22:32:45','2021-10-16 22:32:45',120,0,20),(108,1,29,16,0,NULL,0,0,0,0,0,'2021-10-16 22:32:45','2021-10-16 22:32:45',120,0,20),(109,1,20,5,0,NULL,0,0,0,0,0,'2021-10-16 22:32:45','2021-10-16 22:32:45',120,0,20),(110,1,21,16,0,NULL,0,0,0,0,0,'2021-10-16 22:32:45','2021-10-16 22:32:45',120,0,20),(111,1,24,5,0,NULL,0,0,0,0,0,'2021-10-16 22:32:45','2021-10-16 22:32:45',120,0,20),(112,1,25,16,0,NULL,0,0,0,0,0,'2021-10-16 22:32:45','2021-10-16 22:32:45',120,0,20),(113,1,2,5,0,NULL,0,0,0,0,0,'2021-10-16 22:32:45','2021-10-16 22:32:45',120,0,20),(114,1,4,16,0,NULL,0,0,0,0,0,'2021-10-16 22:32:45','2021-10-16 22:32:45',120,0,20),(115,1,10,5,0,NULL,0,0,0,0,0,'2021-10-16 22:32:45','2021-10-16 22:32:45',120,0,20),(116,1,30,5,0,NULL,0,0,0,0,0,'2021-10-16 22:32:45','2021-10-16 22:32:45',120,0,20),(117,1,12,5,0,NULL,0,0,0,0,0,'2021-10-16 22:32:45','2021-10-16 22:32:45',120,0,20),(118,1,13,16,0,NULL,0,0,0,0,0,'2021-10-16 22:32:45','2021-10-16 22:32:45',120,0,20),(119,1,11,16,0,NULL,0,0,0,0,0,'2021-10-16 22:32:45','2021-10-16 22:32:45',120,0,20),(120,1,9,16,0,NULL,0,0,0,0,0,'2021-10-16 22:32:45','2021-10-16 22:32:45',120,0,20),(121,1,50,5,0,NULL,0,0,0,0,0,'2021-10-16 22:32:45','2021-10-16 22:32:45',120,0,20),(122,1,22,5,0,NULL,0,0,0,0,0,'2021-10-16 22:32:45','2021-10-16 22:32:45',120,0,20),(123,1,23,16,0,NULL,0,0,0,0,0,'2021-10-16 22:32:45','2021-10-16 22:32:45',120,0,20),(124,1,139,6,0,NULL,0,0,0,0,0,'2021-10-16 22:32:45','2021-10-16 22:32:45',120,0,20),(125,1,142,21,0,NULL,0,0,0,0,0,'2021-10-16 22:32:45','2021-10-16 22:32:45',120,0,20),(126,1,162,7,0,NULL,0,0,0,0,0,'2021-10-16 22:32:45','2021-10-16 22:32:45',120,0,20),(127,1,174,8,0,NULL,15,0,0,15,0,'2021-10-16 22:32:45','2021-10-16 22:32:45',120,0,20),(128,1,99,10,0,NULL,0,0,0,0,0,'2021-10-16 22:32:45','2021-10-16 22:32:45',120,0,20),(130,1,54,3,0,NULL,0,0,0,0,0,'2021-10-16 22:32:45','2021-10-16 22:32:45',120,0,20),(131,1,40,3,0,NULL,0,0,0,0,0,'2021-10-16 22:32:45','2021-10-16 22:32:45',120,0,20),(132,1,41,17,0,NULL,0,0,0,0,0,'2021-10-16 22:32:45','2021-10-16 22:32:45',120,0,20),(133,1,55,17,0,NULL,0,0,0,0,0,'2021-10-16 22:32:45','2021-10-16 22:32:45',120,0,20),(134,1,36,17,0,NULL,0,0,0,0,0,'2021-10-16 22:32:45','2021-10-16 22:32:45',120,0,20),(135,1,59,17,0,NULL,0,0,0,0,0,'2021-10-16 22:32:45','2021-10-16 22:32:45',120,0,20),(136,1,58,3,0,NULL,0,0,0,0,0,'2021-10-16 22:32:45','2021-10-16 22:32:45',120,0,20),(137,1,3,3,0,NULL,0,0,0,0,0,'2021-10-16 22:32:45','2021-10-16 22:32:45',120,0,20),(138,1,43,17,0,NULL,0,0,0,0,0,'2021-10-16 22:32:45','2021-10-16 22:32:45',120,0,20),(139,1,42,3,0,NULL,0,0,0,0,0,'2021-10-16 22:32:45','2021-10-16 22:32:45',120,0,20),(140,1,51,17,0,NULL,0,0,0,0,0,'2021-10-16 22:32:45','2021-10-16 22:32:45',120,0,20),(141,1,50,3,0,NULL,0,0,0,0,0,'2021-10-16 22:32:45','2021-10-16 22:32:45',120,0,20),(142,1,52,3,0,NULL,0,0,0,0,0,'2021-10-16 22:32:45','2021-10-16 22:32:45',120,0,20),(143,1,48,3,0,NULL,0,0,0,0,0,'2021-10-16 22:32:45','2021-10-16 22:32:45',120,0,20),(144,1,53,17,0,NULL,0,0,0,0,0,'2021-10-16 22:32:45','2021-10-16 22:32:45',120,0,20),(145,1,30,3,0,NULL,0,0,0,0,0,'2021-10-16 22:32:45','2021-10-16 22:32:45',120,0,20),(146,1,49,17,0,NULL,0,0,0,0,0,'2021-10-16 22:32:45','2021-10-16 22:32:45',120,0,20),(147,1,47,17,0,NULL,0,0,0,0,0,'2021-10-16 22:32:45','2021-10-16 22:32:45',120,0,20),(148,1,39,17,0,NULL,0,0,0,0,0,'2021-10-16 22:32:45','2021-10-16 22:32:45',120,0,20),(149,1,38,3,0,NULL,0,0,0,0,0,'2021-10-16 22:32:45','2021-10-16 22:32:45',120,0,20),(150,1,56,3,0,NULL,0,0,0,0,0,'2021-10-16 22:32:45','2021-10-16 22:32:45',120,0,20),(151,1,60,3,0,NULL,0,0,0,0,0,'2021-10-16 22:32:45','2021-10-16 22:32:45',120,0,20),(152,1,62,3,0,NULL,0,0,0,0,0,'2021-10-16 22:32:45','2021-10-16 22:32:45',120,0,20),(153,1,44,3,0,NULL,0,0,0,0,0,'2021-10-16 22:32:45','2021-10-16 22:32:45',120,0,20),(154,1,37,3,0,NULL,0,0,0,0,0,'2021-10-16 22:40:29','2021-10-16 22:40:29',120,0,20),(155,1,57,17,0,NULL,0,0,0,0,0,'2021-10-16 22:40:29','2021-10-16 22:40:29',120,0,20),(156,1,61,17,0,NULL,0,0,0,0,0,'2021-10-16 22:40:29','2021-10-16 22:40:29',120,0,20),(157,1,65,17,0,NULL,0,0,0,0,0,'2021-10-16 22:40:29','2021-10-16 22:40:29',120,0,20),(158,1,75,1,0,NULL,0,0,0,0,0,'2021-10-16 22:40:29','2021-10-16 22:40:29',120,0,20),(159,1,76,1,0,NULL,0,0,0,0,0,'2021-10-16 22:40:29','2021-10-16 22:40:29',120,0,20),(160,1,77,1,0,NULL,0,0,0,0,0,'2021-10-16 22:40:29','2021-10-16 22:40:29',120,0,20),(161,1,67,1,0,NULL,0,0,0,0,0,'2021-10-16 22:40:29','2021-10-16 22:40:29',120,0,20),(162,1,74,1,0,NULL,0,0,0,0,0,'2021-10-16 22:40:29','2021-10-16 22:40:29',120,0,20),(163,1,69,1,0,NULL,0,0,0,0,0,'2021-10-16 22:40:29','2021-10-16 22:40:29',120,0,20),(164,1,68,1,0,NULL,0,0,0,0,0,'2021-10-16 22:40:29','2021-10-16 22:40:29',120,0,20),(165,1,134,6,0,NULL,0,0,0,0,0,'2021-10-16 22:40:29','2021-10-16 22:40:29',120,0,20),(166,1,144,21,0,NULL,0,0,0,0,0,'2021-10-16 22:40:29','2021-10-16 22:40:29',120,0,20),(167,1,70,1,0,NULL,0,0,0,0,0,'2021-10-16 22:40:29','2021-10-16 22:40:29',120,0,20),(168,1,66,1,0,NULL,0,0,0,0,0,'2021-10-16 22:40:29','2021-10-16 22:40:29',120,0,20),(169,1,73,1,0,NULL,0,0,0,0,0,'2021-10-16 22:40:29','2021-10-16 22:40:29',120,0,20),(170,1,71,1,0,NULL,0,0,0,0,0,'2021-10-16 22:40:29','2021-10-16 22:40:29',120,0,20),(171,1,72,1,0,NULL,0,0,0,0,0,'2021-10-16 22:40:29','2021-10-16 22:40:29',120,0,20),(172,1,89,2,0,NULL,0,0,0,0,0,'2021-10-16 22:40:29','2021-10-16 22:40:29',120,0,20),(173,1,90,2,0,NULL,0,0,0,0,0,'2021-10-16 22:40:29','2021-10-16 22:40:29',120,0,20),(174,1,81,2,0,NULL,0,0,0,0,0,'2021-10-16 22:40:29','2021-10-16 22:40:29',120,0,20),(175,1,84,2,0,NULL,0,0,0,0,0,'2021-10-16 22:40:29','2021-10-16 22:40:29',120,0,20),(176,1,85,2,0,NULL,0,0,0,0,0,'2021-10-16 22:40:29','2021-10-16 22:40:29',120,0,20),(177,1,83,2,0,NULL,0,0,0,0,0,'2021-10-16 22:40:29','2021-10-16 22:40:29',120,0,20),(178,1,86,2,0,NULL,0,0,0,0,0,'2021-10-16 22:40:29','2021-10-16 22:40:29',120,0,20),(179,1,79,2,0,NULL,0,0,0,0,0,'2021-10-16 22:40:29','2021-10-16 22:40:29',120,0,20),(180,1,80,2,0,NULL,0,0,0,0,0,'2021-10-16 22:40:29','2021-10-16 22:40:29',120,0,20),(181,1,87,2,0,NULL,0,0,0,0,0,'2021-10-16 22:40:29','2021-10-16 22:40:29',120,0,20),(186,1,91,2,0,NULL,0,0,0,0,0,'2021-10-16 22:40:29','2021-10-16 22:40:29',120,0,20),(187,1,7,16,0,NULL,0,0,0,0,0,'2021-10-16 22:40:29','2021-10-16 22:40:29',120,0,20),(188,1,176,13,0,NULL,0,0,0,0,0,'2021-10-16 22:40:29','2021-10-16 22:40:29',120,0,20),(189,1,177,12,0,NULL,0,0,0,0,0,'2021-10-16 22:40:29','2021-10-16 22:40:29',120,0,20),(190,1,185,15,0,NULL,0,0,0,0,0,'2021-10-16 22:40:29','2021-10-16 22:40:29',120,0,20),(191,1,184,14,0,NULL,0,0,0,0,0,'2021-10-16 22:40:29','2021-10-16 22:40:29',120,0,20),(192,1,113,10,0,NULL,0,0,0,0,0,'2021-10-16 22:40:29','2021-10-16 22:40:29',120,0,20),(193,1,227,10,0,NULL,0,0,0,0,0,'2021-10-16 22:40:29','2021-10-16 22:40:29',120,0,20),(195,1,98,9,0,NULL,0,0,0,0,0,'2021-10-16 22:40:29','2021-10-16 22:40:29',120,0,20),(196,1,112,9,0,NULL,0,0,0,0,0,'2021-10-16 22:40:29','2021-10-16 22:40:29',120,0,20),(198,1,236,20,0,'Speaking and Reading',0,0,0,0,0,'2021-10-16 22:40:29','2021-10-16 22:40:29',120,0,20),(199,1,237,20,0,NULL,0,0,0,0,0,'2021-10-16 22:40:29','2021-10-16 22:40:29',120,0,20),(200,1,238,20,0,NULL,0,0,0,0,0,'2021-10-16 22:40:29','2021-10-16 22:40:29',120,0,20),(201,1,239,20,0,NULL,0,0,0,0,0,'2021-10-16 22:40:29','2021-10-16 22:40:29',120,0,20),(202,1,240,20,0,NULL,0,0,0,0,0,'2021-10-16 22:40:29','2021-10-16 22:40:29',120,0,20),(203,1,241,20,0,NULL,0,0,0,0,0,'2021-10-16 22:40:29','2021-10-16 22:40:29',120,0,20),(204,1,242,20,0,NULL,0,0,0,0,0,'2021-10-16 22:40:29','2021-10-16 22:40:29',120,0,20),(205,1,243,20,0,NULL,0,0,0,0,0,'2021-10-16 22:40:29','2021-10-16 22:40:29',120,0,20),(206,1,244,20,0,NULL,0,0,0,0,0,'2021-10-16 22:40:29','2021-10-16 22:40:29',120,0,20),(207,1,245,20,0,NULL,0,0,0,0,0,'2021-10-16 22:40:29','2021-10-16 22:40:29',120,0,20),(208,1,246,20,0,NULL,0,0,0,0,0,'2021-10-16 22:40:29','2021-10-16 22:40:29',120,0,20),(209,1,229,20,0,NULL,0,0,0,0,0,'2021-10-16 22:40:29','2021-10-16 22:40:29',120,0,20),(210,1,247,19,0,'Speaking and Reading',0,0,0,0,0,'2021-10-16 22:40:29','2021-10-16 22:40:29',120,0,20),(211,1,248,19,0,NULL,0,0,0,0,0,'2021-10-16 22:40:29','2021-10-16 22:40:29',120,0,20),(212,1,249,19,0,NULL,0,0,0,0,0,'2021-10-16 22:40:29','2021-10-16 22:40:29',120,0,20),(213,1,250,19,0,NULL,0,0,0,0,0,'2021-10-16 22:40:29','2021-10-16 22:40:29',120,0,20),(214,1,251,19,0,NULL,0,0,0,0,0,'2021-10-16 22:40:29','2021-10-16 22:40:29',120,0,20),(215,1,254,19,0,NULL,0,0,0,0,0,'2021-10-16 22:40:29','2021-10-16 22:40:29',120,0,20),(216,1,255,19,0,NULL,0,0,0,0,0,'2021-10-16 22:40:29','2021-10-16 22:40:29',120,0,20),(217,1,256,19,0,NULL,0,0,0,0,0,'2021-10-16 22:40:29','2021-10-16 22:40:29',120,0,20),(218,1,257,19,0,NULL,0,0,0,0,0,'2021-10-16 22:40:29','2021-10-16 22:40:29',120,0,20),(219,1,258,19,0,NULL,0,0,0,0,0,'2021-10-16 22:40:29','2021-10-16 22:40:29',120,0,20),(220,1,259,19,0,NULL,0,0,0,0,0,'2021-10-16 22:40:29','2021-10-16 22:40:29',120,0,20),(221,1,230,19,0,NULL,0,0,0,0,0,'2021-10-16 22:40:29','2021-10-16 22:40:29',120,0,20),(222,1,260,4,0,NULL,0,0,0,0,0,'2021-10-16 22:40:29','2021-10-16 22:40:29',120,0,20),(223,1,261,4,0,'Speaking and Reading',0,0,0,0,0,'2021-10-16 22:40:29','2021-10-16 22:40:29',120,0,20),(224,1,262,4,0,NULL,0,0,0,0,0,'2021-10-16 22:40:29','2021-10-16 22:40:29',120,0,20),(225,1,263,4,0,NULL,0,0,0,0,0,'2021-10-16 22:40:29','2021-10-16 22:40:29',120,0,20),(226,1,264,4,0,NULL,0,0,0,0,0,'2021-10-16 22:40:29','2021-10-16 22:40:29',120,0,20),(227,1,265,4,0,NULL,0,0,0,0,0,'2021-10-16 22:40:29','2021-10-16 22:40:29',120,0,20),(228,1,266,4,0,NULL,0,0,0,0,0,'2021-10-16 22:40:29','2021-10-16 22:40:29',120,0,20),(229,1,267,4,0,NULL,0,0,0,0,0,'2021-10-16 22:40:29','2021-10-16 22:40:29',120,0,20),(230,1,268,4,0,NULL,0,0,0,0,0,'2021-10-16 22:40:29','2021-10-16 22:40:29',120,0,20),(231,1,269,4,0,NULL,0,0,0,0,0,'2021-10-16 22:40:29','2021-10-16 22:40:29',120,0,20),(232,1,270,4,0,NULL,0,0,0,0,0,'2021-10-16 22:40:29','2021-10-16 22:40:29',120,0,20),(233,1,234,4,0,NULL,0,0,0,0,0,'2021-10-16 22:40:29','2021-10-16 22:40:29',120,0,20),(234,1,271,4,0,NULL,0,0,0,0,0,'2021-10-16 22:40:29','2021-10-16 22:40:29',120,0,20),(235,1,272,4,0,NULL,0,0,0,0,0,'2021-10-16 22:40:29','2021-10-16 22:40:29',120,0,20),(236,1,233,4,0,NULL,0,0,0,0,0,'2021-10-16 22:40:29','2021-10-16 22:40:29',120,0,20),(237,1,82,2,0,NULL,0,0,0,0,0,'2021-10-16 22:40:29','2021-10-16 22:40:29',120,0,20),(238,1,88,2,0,NULL,0,0,0,0,0,'2021-10-16 22:40:29','2021-10-16 22:40:29',120,0,20),(239,1,6,5,0,NULL,0,0,0,0,0,'2021-10-16 22:40:29','2021-10-16 22:40:29',120,0,20),(240,1,14,5,0,NULL,0,0,0,0,0,'2021-10-16 22:40:29','2021-10-16 22:40:29',120,0,20),(241,1,18,5,0,NULL,0,0,0,0,0,'2021-10-16 22:40:29','2021-10-16 22:40:29',120,0,20),(242,1,96,9,0,NULL,0,0,0,0,0,'2021-10-16 22:40:29','2021-10-16 22:40:29',120,0,20),(243,1,106,9,0,NULL,0,0,0,0,0,'2021-10-16 22:40:29','2021-10-16 22:40:29',120,0,20),(244,1,108,9,0,NULL,0,0,0,0,0,'2021-10-16 22:40:29','2021-10-16 22:40:29',120,0,20),(245,1,32,5,0,NULL,0,0,0,0,0,'2021-10-16 22:40:29','2021-10-16 22:40:29',120,0,20),(246,1,32,16,0,NULL,0,0,0,0,0,'2021-10-16 22:40:29','2021-10-16 22:40:29',120,0,20),(247,1,163,7,0,NULL,0,0,0,0,0,'2021-10-16 22:40:29','2021-10-16 22:40:29',120,0,20),(248,1,82,2,0,NULL,0,0,0,0,0,'2021-10-16 22:40:29','2021-10-16 22:40:29',120,0,20),(249,1,175,8,0,NULL,15,0,0,15,0,'2021-10-16 22:40:29','2021-10-16 22:40:29',120,0,20),(250,1,172,8,6.4464285714286,NULL,1,0,2,13,0,'2021-10-16 22:40:29','2021-10-16 22:40:29',120,0,20),(251,1,173,8,11.966666666667,NULL,0,0,12,3,0,'2021-10-16 22:40:29','2021-10-16 22:40:29',120,0,20),(252,1,170,8,6.1666666666667,NULL,0,0,1,14,0,'2021-10-16 22:40:29','2021-10-16 22:40:29',120,0,20),(253,1,127,11,0,NULL,0,0,0,0,0,'2021-10-16 22:40:29','2021-10-16 22:40:29',120,0,20),(254,1,114,9,0,NULL,0,0,0,0,0,'2021-10-16 22:40:29','2021-10-16 22:40:29',120,0,20),(255,1,115,10,0,NULL,0,0,0,0,0,'2021-10-16 22:40:29','2021-10-16 22:40:29',120,0,20),(256,1,109,10,0,NULL,0,0,0,0,0,'2021-10-16 22:40:29','2021-10-16 22:40:29',120,0,20),(257,1,137,6,0,NULL,0,0,0,0,0,'2021-10-16 22:40:29','2021-10-16 22:40:29',120,0,20),(258,1,143,21,0,NULL,0,0,0,0,0,'2021-10-16 22:40:29','2021-10-16 22:40:29',120,0,20),(259,1,150,21,0,NULL,0,0,0,0,0,'2021-10-16 22:40:29','2021-10-16 22:40:29',120,0,20),(263,1,161,7,0,NULL,0,0,0,0,0,'2021-10-16 22:40:29','2021-10-16 22:40:29',120,0,20),(264,1,160,7,0,NULL,0,0,0,0,0,'2021-10-16 22:40:29','2021-10-16 22:40:29',120,0,20),(265,1,187,12,0,NULL,0,0,0,0,0,'2021-10-16 22:40:29','2021-10-16 22:40:29',120,0,20),(266,1,186,13,0,NULL,0,0,0,0,0,'2021-10-16 22:40:29','2021-10-16 22:40:29',120,0,20),(267,1,219,12,0,NULL,0,0,0,0,0,'2021-10-16 22:40:29','2021-10-16 22:40:29',120,0,20),(268,1,218,13,0,NULL,0,0,0,0,0,'2021-10-16 22:40:29','2021-10-16 22:40:29',120,0,20),(269,1,221,14,0,NULL,0,0,0,0,0,'2021-10-16 22:40:29','2021-10-16 22:40:29',120,0,20),(270,1,220,15,0,NULL,0,0,0,0,0,'2021-10-16 22:40:29','2021-10-16 22:40:29',120,0,20),(271,1,207,14,0,NULL,0,0,0,0,0,'2021-10-16 22:40:29','2021-10-16 22:40:29',120,0,20),(272,1,209,14,0,NULL,0,0,0,0,0,'2021-10-16 22:40:29','2021-10-16 22:40:29',120,0,20),(273,1,201,14,0,NULL,0,0,0,0,0,'2021-10-16 22:40:29','2021-10-16 22:40:29',120,0,20),(274,1,200,15,0,NULL,0,0,0,0,0,'2021-10-16 22:40:29','2021-10-16 22:40:29',120,0,20),(275,1,206,15,0,NULL,0,0,0,0,0,'2021-10-16 22:40:29','2021-10-16 22:40:29',120,0,20),(276,1,208,15,0,NULL,0,0,0,0,0,'2021-10-16 22:40:29','2021-10-16 22:40:29',120,0,20),(277,1,78,1,0,NULL,0,0,0,0,0,'2021-10-16 22:40:29','2021-10-16 22:40:29',120,0,20),(279,1,45,17,0,NULL,0,0,0,0,0,'2021-10-16 22:40:29','2021-10-16 22:40:29',120,0,20),(280,1,64,3,0,NULL,0,0,0,0,0,'2021-10-16 22:40:29','2021-10-16 22:40:29',120,0,20),(281,1,63,17,0,NULL,0,0,0,0,0,'2021-10-16 22:40:29','2021-10-16 22:40:29',120,0,20),(282,1,26,5,0,NULL,0,0,0,0,0,'2021-10-16 22:40:29','2021-10-16 22:40:29',120,0,20),(283,1,27,16,0,NULL,0,0,0,0,0,'2021-10-16 22:40:29','2021-10-16 22:40:29',120,0,20),(284,1,211,12,0,NULL,0,0,0,0,0,'2021-10-16 22:40:29','2021-10-16 22:40:29',120,0,20),(285,1,210,13,0,NULL,0,0,0,0,0,'2021-10-16 22:40:29','2021-10-16 22:40:29',120,0,20),(286,1,213,14,0,NULL,0,0,0,0,0,'2021-10-16 22:40:29','2021-10-16 22:40:29',120,0,20),(287,1,212,15,0,NULL,0,0,0,0,0,'2021-10-16 22:40:29','2021-10-16 22:40:29',120,0,20),(288,1,273,18,0,NULL,0,0,0,0,0,'2021-10-16 22:40:29','2021-10-16 22:40:29',120,0,20),(289,1,274,18,0,'Speaking and Reading',0,0,0,0,0,'2021-10-16 22:40:29','2021-10-16 22:40:29',120,0,20),(290,1,275,18,0,NULL,0,0,0,0,0,'2021-10-16 22:40:29','2021-10-16 22:40:29',120,0,20),(291,1,276,18,0,NULL,0,0,0,0,0,'2021-10-16 22:40:29','2021-10-16 22:40:29',120,0,20),(292,1,277,18,0,NULL,0,0,0,0,0,'2021-10-16 22:40:29','2021-10-16 22:40:29',120,0,20),(293,1,278,18,0,NULL,0,0,0,0,0,'2021-10-16 22:40:29','2021-10-16 22:40:29',120,0,20),(294,1,279,18,0,NULL,0,0,0,0,0,'2021-10-16 22:40:29','2021-10-16 22:40:29',120,0,20),(295,1,280,18,0,NULL,0,0,0,0,0,'2021-10-16 22:40:29','2021-10-16 22:40:29',120,0,20),(296,1,281,18,0,NULL,0,0,0,0,0,'2021-10-16 22:40:29','2021-10-16 22:40:29',120,0,20),(297,1,282,18,0,NULL,0,0,0,0,0,'2021-10-16 22:40:29','2021-10-16 22:40:29',120,0,20),(298,1,232,18,0,NULL,0,0,0,0,0,'2021-10-16 22:40:29','2021-10-16 22:40:29',120,0,20),(299,1,283,23,0,NULL,0,0,0,0,0,'2021-10-16 22:40:29','2021-10-16 22:40:29',120,0,20),(300,1,284,23,0,NULL,0,0,0,0,0,'2021-10-16 22:40:29','2021-10-16 22:40:29',120,0,20),(301,1,285,23,0,'Speaking and Reading',0,0,0,0,0,'2021-10-16 22:40:29','2021-10-16 22:40:29',120,0,20),(302,1,286,23,0,NULL,0,0,0,0,0,'2021-10-16 22:40:29','2021-10-16 22:40:29',120,0,20),(303,1,287,23,0,NULL,0,0,0,0,0,'2021-10-16 22:40:29','2021-10-16 22:40:29',120,0,20),(304,1,289,23,0,NULL,0,0,0,0,0,'2021-10-16 22:40:29','2021-10-16 22:40:29',120,0,20),(305,1,290,23,0,NULL,0,0,0,0,0,'2021-10-16 22:40:29','2021-10-16 22:40:29',120,0,20),(306,1,291,23,0,NULL,0,0,0,0,0,'2021-10-16 22:40:29','2021-10-16 22:40:29',120,0,20),(307,1,292,23,0,NULL,0,0,0,0,0,'2021-10-16 22:40:29','2021-10-16 22:40:29',120,0,20),(308,1,293,23,0,NULL,0,0,0,0,0,'2021-10-16 22:40:29','2021-10-16 22:40:29',120,0,20),(309,1,288,23,0,NULL,0,0,0,0,0,'2021-10-16 22:40:29','2021-10-16 22:40:29',120,0,20),(310,1,265,23,0,NULL,0,0,0,0,0,'2021-10-16 22:40:29','2021-10-16 22:40:29',120,0,20),(311,1,264,23,0,NULL,0,0,0,0,0,'2021-10-16 22:40:29','2021-10-16 22:40:29',120,0,20),(312,1,294,18,0,NULL,0,0,0,0,0,'2021-10-16 22:40:29','2021-10-16 22:40:29',120,0,20),(313,1,225,14,0,NULL,0,0,0,0,0,'2021-10-16 22:40:29','2021-10-16 22:40:29',120,0,20),(315,1,15,16,0,NULL,0,0,0,0,0,'2021-10-16 22:40:29','2021-10-16 22:40:29',120,0,20),(316,2,38,3,0,NULL,0,0,0,0,0,'2021-10-16 22:40:29','2021-10-16 22:40:29',120,0,20),(317,2,39,17,0,NULL,0,0,0,0,0,'2021-10-16 22:40:29','2021-10-16 22:40:29',120,0,20),(318,2,66,1,0,NULL,0,0,0,0,0,'2021-10-16 22:40:29','2021-10-16 22:40:29',120,0,20),(320,2,203,12,0,NULL,0,0,0,0,0,'2021-10-16 22:40:29','2021-10-16 22:40:29',120,0,20),(321,2,202,13,0,NULL,0,0,0,0,0,'2021-10-16 22:40:29','2021-10-16 22:40:29',120,0,20),(322,2,169,8,0,NULL,15,0,1,14,0,'2021-10-16 22:40:29','2021-10-16 22:40:29',120,0,20),(323,2,157,7,0,NULL,0,0,0,0,0,'2021-10-16 22:40:29','2021-10-16 22:40:29',120,0,20),(324,2,58,3,0,NULL,0,0,0,0,0,'2021-10-16 22:40:29','2021-10-16 22:40:29',120,0,20),(325,2,59,17,0,NULL,0,0,0,0,0,'2021-10-16 22:40:29','2021-10-16 22:40:29',120,0,20),(326,2,11,16,0,NULL,0,0,0,0,0,'2021-10-16 22:40:29','2021-10-16 22:40:29',120,0,20),(327,2,10,5,0,NULL,0,0,0,0,0,'2021-10-16 22:40:29','2021-10-16 22:40:29',120,0,20),(328,2,9,16,0,NULL,0,0,0,0,0,'2021-10-16 22:40:29','2021-10-16 22:40:29',120,0,20),(329,2,93,10,0,NULL,0,0,0,0,0,'2021-10-16 22:40:29','2021-10-16 22:40:29',120,0,20),(331,2,114,9,0,NULL,0,0,0,0,0,'2021-10-16 22:40:29','2021-10-16 22:40:29',120,0,20),(332,2,186,13,0,NULL,0,0,0,0,0,'2021-10-16 22:40:29','2021-10-16 22:40:29',120,0,20),(333,2,187,12,0,NULL,0,0,0,0,0,'2021-10-16 22:40:29','2021-10-16 22:40:29',120,0,20),(334,2,92,9,0,NULL,0,0,0,0,0,'2021-10-16 22:40:29','2021-10-16 22:40:29',120,0,20),(335,2,37,3,0,NULL,0,0,0,0,0,'2021-10-16 22:40:29','2021-10-16 22:40:29',120,0,20),(337,2,80,2,0,NULL,0,0,0,0,0,'2021-10-16 22:40:29','2021-10-16 22:40:29',120,0,20),(338,2,115,10,0,NULL,0,0,0,0,0,'2021-10-16 22:40:29','2021-10-16 22:40:29',120,0,20),(339,2,107,10,0,NULL,0,0,0,0,0,'2021-10-16 22:40:29','2021-10-16 22:40:29',120,0,20),(340,2,97,10,0,NULL,0,0,0,0,0,'2021-10-16 22:40:29','2021-10-16 22:40:29',120,0,20),(341,2,282,18,0,NULL,0,0,0,0,0,'2021-10-16 22:40:29','2021-10-16 22:40:29',120,0,20),(342,2,281,18,0,NULL,0,0,0,0,0,'2021-10-16 22:40:29','2021-10-16 22:40:29',120,0,20),(343,2,259,19,0,NULL,0,0,0,0,0,'2021-10-16 22:40:29','2021-10-16 22:40:29',120,0,20),(345,2,235,20,0,NULL,0,0,0,0,0,'2021-10-16 22:40:29','2021-10-16 22:40:29',120,0,20),(346,2,231,19,0,NULL,0,0,0,0,0,'2021-10-16 22:40:29','2021-10-16 22:40:29',120,0,20),(347,2,260,4,0,NULL,0,0,0,0,0,'2021-10-16 22:40:29','2021-10-16 22:40:29',120,0,20),(348,2,284,23,0,NULL,0,0,0,0,0,'2021-10-16 22:40:29','2021-10-16 22:40:29',120,0,20),(349,2,91,2,0,NULL,0,0,0,0,0,'2021-10-16 22:40:29','2021-10-16 22:40:29',120,0,20),(350,2,79,2,0,NULL,0,0,0,0,0,'2021-10-16 22:40:29','2021-10-16 22:40:29',120,0,20),(351,2,84,2,0,NULL,0,0,0,0,0,'2021-10-16 22:40:29','2021-10-16 22:40:29',120,0,20),(352,2,86,2,0,NULL,0,0,0,0,0,'2021-10-16 22:40:29','2021-10-16 22:40:29',120,0,20),(353,2,83,2,0,NULL,0,0,0,0,0,'2021-10-16 22:40:29','2021-10-16 22:40:29',120,0,20),(354,2,85,2,0,NULL,0,0,0,0,0,'2021-10-16 22:40:29','2021-10-16 22:40:29',120,0,20),(355,2,47,17,0,NULL,0,0,0,0,0,'2021-10-16 22:40:29','2021-10-16 22:40:29',120,0,20),(356,2,46,3,0,NULL,0,0,0,0,0,'2021-10-16 22:40:29','2021-10-16 22:40:29',120,0,20),(357,2,2,5,0,NULL,0,0,0,0,0,'2021-10-16 22:40:29','2021-10-16 22:40:29',120,0,20),(358,2,4,16,0,NULL,0,0,0,0,0,'2021-10-16 22:40:29','2021-10-16 22:40:29',120,0,20),(359,2,3,5,0,NULL,0,0,0,0,0,'2021-10-16 22:40:29','2021-10-16 22:40:29',120,0,20),(360,2,61,17,0,NULL,0,0,0,0,0,'2021-10-16 22:40:29','2021-10-16 22:40:29',120,0,20),(361,2,60,3,0,NULL,0,0,0,0,0,'2021-10-16 22:40:29','2021-10-16 22:40:29',120,0,20),(364,2,49,17,0,NULL,0,0,0,0,0,'2021-10-16 22:40:29','2021-10-16 22:40:29',120,0,20),(365,2,52,3,0,NULL,0,0,0,0,0,'2021-10-16 22:40:29','2021-10-16 22:40:29',120,0,20),(366,2,53,17,0,NULL,0,0,0,0,0,'2021-10-16 22:40:29','2021-10-16 22:40:29',120,0,20),(368,2,51,17,0,NULL,0,0,0,0,0,'2021-10-16 22:40:29','2021-10-16 22:40:29',120,0,20),(369,2,50,3,0,NULL,0,0,0,0,0,'2021-10-16 22:40:29','2021-10-16 22:40:29',120,0,20),(370,2,78,1,0,NULL,0,0,0,0,0,'2021-10-16 22:40:29','2021-10-16 22:40:29',120,0,20),(371,2,72,1,0,NULL,0,0,0,0,0,'2021-10-16 22:40:29','2021-10-16 22:40:29',120,0,20),(372,2,70,1,0,NULL,0,0,0,0,0,'2021-10-16 22:40:29','2021-10-16 22:40:29',120,0,20),(373,2,71,1,0,NULL,0,0,0,0,0,'2021-10-16 22:40:29','2021-10-16 22:40:29',120,0,20),(374,2,76,1,0,NULL,0,0,0,0,0,'2021-10-16 22:40:29','2021-10-16 22:40:29',120,0,20),(375,2,73,1,0,NULL,0,0,0,0,0,'2021-10-16 22:40:29','2021-10-16 22:40:29',120,0,20),(376,2,111,10,0,NULL,0,0,0,0,0,'2021-10-16 22:40:29','2021-10-16 22:40:29',120,0,20),(377,2,110,9,0,NULL,0,0,0,0,0,'2021-10-16 22:40:29','2021-10-16 22:40:29',120,0,20),(378,2,227,10,0,NULL,0,0,0,0,0,'2021-10-16 22:40:29','2021-10-16 22:40:29',120,0,20),(379,2,228,9,0,NULL,0,0,0,0,0,'2021-10-16 22:40:29','2021-10-16 22:40:29',120,0,20),(380,2,94,9,0,NULL,0,0,0,0,0,'2021-10-16 22:40:29','2021-10-16 22:40:29',120,0,20),(381,2,95,10,0,NULL,0,0,0,0,0,'2021-10-16 22:40:29','2021-10-16 22:40:29',120,0,20),(382,2,116,11,0,NULL,0,0,0,0,0,'2021-10-16 22:40:29','2021-10-16 22:40:29',120,0,20),(383,2,101,9,0,NULL,0,0,0,0,0,'2021-10-16 22:40:29','2021-10-16 22:40:29',120,0,20),(384,2,125,11,0,NULL,0,0,0,0,0,'2021-10-16 22:40:29','2021-10-16 22:40:29',120,0,20),(385,2,100,10,0,NULL,0,0,0,0,0,'2021-10-16 22:40:29','2021-10-16 22:40:29',120,0,20),(386,2,103,10,0,NULL,0,0,0,0,0,'2021-10-16 22:40:29','2021-10-16 22:40:29',120,0,20),(387,2,124,11,0,NULL,0,0,0,0,0,'2021-10-16 22:40:29','2021-10-16 22:40:29',120,0,20),(388,2,102,9,0,NULL,0,0,0,0,0,'2021-10-16 22:40:29','2021-10-16 22:40:29',120,0,20),(389,2,40,3,0,NULL,0,0,0,0,0,'2021-10-16 22:40:29','2021-10-16 22:40:29',120,0,20),(390,2,41,17,0,NULL,0,0,0,0,0,'2021-10-16 22:40:29','2021-10-16 22:40:29',120,0,20),(391,2,55,17,0,NULL,0,0,0,0,0,'2021-10-16 22:40:29','2021-10-16 22:40:29',120,0,20),(392,2,54,3,0,NULL,0,0,0,0,0,'2021-10-16 22:40:29','2021-10-16 22:40:29',120,0,20),(393,2,97,10,0,NULL,0,0,0,0,0,'2021-10-16 22:40:29','2021-10-16 22:40:29',120,0,20),(394,2,96,9,0,NULL,0,0,0,0,0,'2021-10-16 22:40:29','2021-10-16 22:40:29',120,0,20),(397,2,43,17,0,NULL,0,0,0,0,0,'2021-10-16 22:40:29','2021-10-16 22:40:29',120,0,20),(398,2,42,3,0,NULL,0,0,0,0,0,'2021-10-16 22:40:29','2021-10-16 22:40:29',120,0,20),(399,2,81,2,0,NULL,0,0,0,0,0,'2021-10-16 22:40:29','2021-10-16 22:40:29',120,0,20),(400,2,68,1,0,NULL,0,0,0,0,0,'2021-10-16 22:40:29','2021-10-16 22:40:29',120,0,20),(401,2,64,3,0,NULL,0,0,0,0,0,'2021-10-16 22:40:29','2021-10-16 22:40:29',120,0,20),(402,2,65,17,0,NULL,0,0,0,0,0,'2021-10-16 22:40:29','2021-10-16 22:40:29',120,0,20),(405,2,185,15,0,NULL,0,0,0,0,0,'2021-10-16 22:40:29','2021-10-16 22:40:29',120,0,20),(406,2,176,13,0,NULL,0,0,0,0,0,'2021-10-16 22:40:29','2021-10-16 22:40:29',120,0,20),(407,2,184,14,0,NULL,0,0,0,0,0,'2021-10-16 22:40:29','2021-10-16 22:40:29',120,0,20),(408,2,177,12,0,NULL,0,0,0,0,0,'2021-10-16 22:40:29','2021-10-16 22:40:29',120,0,20),(411,2,107,10,0,NULL,0,0,0,0,0,'2021-10-16 22:40:29','2021-10-16 22:40:29',120,0,20),(412,2,106,9,0,NULL,0,0,0,0,0,'2021-10-16 22:40:29','2021-10-16 22:40:29',120,0,20),(413,2,261,4,0,'Speaking and Reading',0,0,0,0,0,'2021-10-16 22:40:29','2021-10-16 22:40:29',120,0,20),(414,2,285,23,0,'Speaking and Reading',0,0,0,0,0,'2021-10-16 22:40:29','2021-10-16 22:40:29',120,0,20),(415,2,262,4,0,NULL,0,0,0,0,0,'2021-10-16 22:40:29','2021-10-16 22:40:29',120,0,20),(416,2,290,23,0,NULL,0,0,0,0,0,'2021-10-16 22:40:29','2021-10-16 22:40:29',120,0,20),(417,2,263,4,0,NULL,0,0,0,0,0,'2021-10-16 22:40:29','2021-10-16 22:40:29',120,0,20),(418,2,264,23,0,NULL,0,0,0,0,0,'2021-10-16 22:40:29','2021-10-16 22:40:29',120,0,20),(419,2,265,23,0,NULL,0,0,0,0,0,'2021-10-16 22:40:29','2021-10-16 22:40:29',120,0,20),(420,2,291,23,0,NULL,0,0,0,0,0,'2021-10-16 22:40:29','2021-10-16 22:40:29',120,0,20),(421,2,266,4,0,NULL,0,0,0,0,0,'2021-10-16 22:40:29','2021-10-16 22:40:29',120,0,20),(422,2,267,4,0,NULL,0,0,0,0,0,'2021-10-16 22:40:29','2021-10-16 22:40:29',120,0,20),(423,2,289,23,0,NULL,0,0,0,0,0,'2021-10-16 22:40:29','2021-10-16 22:40:29',120,0,20),(424,2,269,4,0,NULL,0,0,0,0,0,'2021-10-16 22:40:29','2021-10-16 22:40:29',120,0,20),(425,2,293,23,0,NULL,0,0,0,0,0,'2021-10-16 22:40:29','2021-10-16 22:40:29',120,0,20),(426,2,270,4,0,NULL,0,0,0,0,0,'2021-10-16 22:40:29','2021-10-16 22:40:29',120,0,20),(427,2,234,4,0,NULL,0,0,0,0,0,'2021-10-16 22:40:29','2021-10-16 22:40:29',120,0,20),(428,2,283,23,0,NULL,0,0,0,0,0,'2021-10-16 22:40:29','2021-10-16 22:40:29',120,0,20),(429,2,286,23,0,NULL,0,0,0,0,0,'2021-10-16 22:40:29','2021-10-16 22:40:29',120,0,20),(430,2,271,4,0,NULL,0,0,0,0,0,'2021-10-16 22:40:29','2021-10-16 22:40:29',120,0,20),(431,2,268,4,0,NULL,0,0,0,0,0,'2021-10-16 22:40:29','2021-10-16 22:40:29',120,0,20),(432,2,292,23,0,NULL,0,0,0,0,0,'2021-10-16 22:40:29','2021-10-16 22:40:29',120,0,20),(433,2,272,4,0,NULL,0,0,0,0,0,'2021-10-16 22:40:29','2021-10-16 22:40:29',120,0,20),(434,2,287,23,0,NULL,0,0,0,0,0,'2021-10-16 22:40:29','2021-10-16 22:40:29',120,0,20),(435,2,233,4,0,NULL,0,0,0,0,0,'2021-10-16 22:40:29','2021-10-16 22:40:29',120,0,20),(436,2,288,23,0,NULL,0,0,0,0,0,'2021-10-16 22:40:29','2021-10-16 22:40:29',120,0,20),(437,2,273,18,0,NULL,0,0,0,0,0,'2021-10-16 22:40:29','2021-10-16 22:40:29',120,0,20),(438,2,274,18,0,'Speaking and Reading',0,0,0,0,0,'2021-10-16 22:40:29','2021-10-16 22:40:29',120,0,20),(439,2,275,18,0,NULL,0,0,0,0,0,'2021-10-16 22:40:29','2021-10-16 22:40:29',120,0,20),(440,2,277,18,0,NULL,0,0,0,0,0,'2021-10-16 22:40:29','2021-10-16 22:40:29',120,0,20),(441,2,276,18,0,NULL,0,0,0,0,0,'2021-10-16 22:40:29','2021-10-16 22:40:29',120,0,20),(442,2,294,18,0,NULL,0,0,0,0,0,'2021-10-16 22:40:29','2021-10-16 22:40:29',120,0,20),(443,2,278,18,0,NULL,0,0,0,0,0,'2021-10-16 22:40:29','2021-10-16 22:40:29',120,0,20),(444,2,279,18,0,NULL,0,0,0,0,0,'2021-10-16 22:40:29','2021-10-16 22:40:29',120,0,20),(446,2,280,18,0,NULL,0,0,0,0,0,'2021-10-16 22:40:29','2021-10-16 22:40:29',120,0,20),(448,2,232,18,0,NULL,0,0,0,0,0,'2021-10-16 22:40:29','2021-10-16 22:40:29',120,0,20),(450,2,247,19,0,'Speaking and Reading',0,0,0,0,0,'2021-10-16 22:40:29','2021-10-16 22:40:29',120,0,20),(451,2,248,19,0,NULL,0,0,0,0,0,'2021-10-16 22:40:29','2021-10-16 22:40:29',120,0,20),(452,2,249,19,0,NULL,0,0,0,0,0,'2021-10-16 22:40:29','2021-10-16 22:40:29',120,0,20),(453,2,250,19,0,NULL,0,0,0,0,0,'2021-10-16 22:40:29','2021-10-16 22:40:29',120,0,20),(454,2,251,19,0,NULL,0,0,0,0,0,'2021-10-16 22:40:29','2021-10-16 22:40:29',120,0,20),(455,2,254,19,0,NULL,0,0,0,0,0,'2021-10-16 22:40:29','2021-10-16 22:40:29',120,0,20),(456,2,255,19,0,NULL,0,0,0,0,0,'2021-10-16 22:40:29','2021-10-16 22:40:29',120,0,20),(457,2,256,19,0,NULL,0,0,0,0,0,'2021-10-16 22:40:29','2021-10-16 22:40:29',120,0,20),(458,2,257,19,0,NULL,0,0,0,0,0,'2021-10-16 22:40:29','2021-10-16 22:40:29',120,0,20),(459,2,258,19,0,NULL,0,0,0,0,0,'2021-10-16 22:40:29','2021-10-16 22:40:29',120,0,20),(461,2,230,19,0,NULL,0,0,0,0,0,'2021-10-16 22:40:29','2021-10-16 22:40:29',120,0,20),(463,2,236,20,0,'Speaking and Reading',0,0,0,0,0,'2021-10-16 22:40:29','2021-10-16 22:40:29',120,0,20),(464,2,237,20,0,NULL,0,0,0,0,0,'2021-10-16 22:40:29','2021-10-16 22:40:29',120,0,20),(465,2,238,20,0,NULL,0,0,0,0,0,'2021-10-16 22:40:29','2021-10-16 22:40:29',120,0,20),(466,2,239,20,0,NULL,0,0,0,0,0,'2021-10-16 22:40:29','2021-10-16 22:40:29',120,0,20),(467,2,240,20,0,NULL,0,0,0,0,0,'2021-10-16 22:40:29','2021-10-16 22:40:29',120,0,20),(468,2,241,20,0,NULL,0,0,0,0,0,'2021-10-16 22:40:29','2021-10-16 22:40:29',120,0,20),(469,2,242,20,0,NULL,0,0,0,0,0,'2021-10-16 22:40:29','2021-10-16 22:40:29',120,0,20),(470,2,243,20,0,NULL,0,0,0,0,0,'2021-10-16 22:40:29','2021-10-16 22:40:29',120,0,20),(471,2,244,20,0,NULL,0,0,0,0,0,'2021-10-16 22:40:29','2021-10-16 22:40:29',120,0,20),(472,2,245,20,0,NULL,0,0,0,0,0,'2021-10-16 22:40:29','2021-10-16 22:40:29',120,0,20),(473,2,246,20,0,NULL,0,0,0,0,0,'2021-10-16 22:40:29','2021-10-16 22:40:29',120,0,20),(474,2,229,20,0,NULL,0,0,0,0,0,'2021-10-16 22:40:29','2021-10-16 22:40:29',120,0,20),(475,2,89,2,0,NULL,0,0,0,0,0,'2021-10-16 22:40:29','2021-10-16 22:40:29',120,0,20),(476,2,112,9,0,NULL,0,0,0,0,0,'2021-10-16 22:40:29','2021-10-16 22:40:29',120,0,20),(477,2,113,10,0,NULL,0,0,0,0,0,'2021-10-16 22:40:29','2021-10-16 22:40:29',120,0,20),(479,2,63,17,0,NULL,0,0,0,0,0,'2021-10-16 22:40:29','2021-10-16 22:40:29',120,0,20),(480,2,62,3,0,NULL,0,0,0,0,0,'2021-10-16 22:40:29','2021-10-16 22:40:29',120,0,20),(482,2,300,4,0,NULL,0,0,0,0,0,'2021-10-16 22:40:29','2021-10-16 22:40:29',120,0,20),(483,2,299,23,0,NULL,0,0,0,0,0,'2021-10-16 22:40:29','2021-10-16 22:40:29',120,0,20),(484,2,298,18,0,NULL,0,0,0,0,0,'2021-10-16 22:40:29','2021-10-16 22:40:29',120,0,20),(485,2,297,19,0,NULL,0,0,0,0,0,'2021-10-16 22:40:29','2021-10-16 22:40:29',120,0,20),(486,2,295,18,0,NULL,0,0,0,0,0,'2021-10-16 22:40:29','2021-10-16 22:40:29',120,0,20),(487,1,296,20,0,NULL,0,0,0,0,0,'2021-10-16 22:40:29','2021-10-16 22:40:29',120,0,20),(488,2,296,20,0,NULL,0,0,0,0,0,'2021-10-16 22:40:29','2021-10-16 22:40:29',120,0,20),(489,2,191,13,0,NULL,0,0,0,0,0,'2021-10-16 22:40:29','2021-10-16 22:40:29',120,0,20),(490,2,194,13,0,NULL,0,0,0,0,0,'2021-10-16 22:40:29','2021-10-16 22:40:29',120,0,20),(491,2,191,12,0,NULL,0,0,0,0,0,'2021-10-16 22:40:29','2021-10-16 22:40:29',120,0,20),(492,2,195,12,0,NULL,0,0,0,0,0,'2021-10-16 22:40:29','2021-10-16 22:40:29',120,0,20),(493,2,192,15,0,NULL,0,0,0,0,0,'2021-10-16 22:40:29','2021-10-16 22:40:29',120,0,20),(494,2,196,15,0,NULL,0,0,0,0,0,'2021-10-16 22:40:29','2021-10-16 22:40:29',120,0,20),(495,2,193,14,0,NULL,0,0,0,0,0,'2021-10-16 22:40:29','2021-10-16 22:40:29',120,0,20),(496,2,197,14,0,NULL,0,0,0,0,0,'2021-10-16 22:40:29','2021-10-16 22:40:29',120,0,20),(497,2,148,21,0,NULL,0,0,0,0,0,'2021-10-16 22:40:29','2021-10-16 22:40:29',120,0,20),(498,2,149,21,0,NULL,0,0,0,0,0,'2021-10-16 22:40:29','2021-10-16 22:40:29',120,0,20),(499,2,154,7,0,NULL,0,0,0,0,0,'2021-10-16 22:40:29','2021-10-16 22:40:29',120,0,20),(500,2,153,7,0,NULL,0,0,0,0,0,'2021-10-16 22:40:29','2021-10-16 22:40:29',120,0,20),(501,2,131,6,0,NULL,0,0,0,0,0,'2021-10-16 22:40:29','2021-10-16 22:40:29',120,0,20),(502,2,130,6,0,NULL,0,0,0,0,0,'2021-10-16 22:40:29','2021-10-16 22:40:29',120,0,20),(503,2,167,8,0,NULL,0,0,0,0,0,'2021-10-16 22:40:29','2021-10-16 22:40:29',120,0,20),(504,2,168,8,0,NULL,0,0,0,0,0,'2021-10-16 22:40:29','2021-10-16 22:40:29',120,0,20),(505,2,32,5,0,NULL,0,0,0,0,0,'2021-10-16 22:40:29','2021-10-16 22:40:29',120,0,20),(506,2,33,16,0,NULL,0,0,0,0,0,'2021-10-16 22:40:29','2021-10-16 22:40:29',120,0,20),(507,2,69,1,0,NULL,0,0,0,0,0,'2021-10-16 22:40:29','2021-10-16 22:40:29',120,0,20),(508,2,82,2,0,NULL,0,0,0,0,0,'2021-10-16 22:40:29','2021-10-16 22:40:29',120,0,20),(509,2,45,17,0,NULL,0,0,0,0,0,'2021-10-16 22:40:29','2021-10-16 22:40:29',120,0,20),(510,2,44,3,0,NULL,0,0,0,0,0,'2021-10-16 22:40:29','2021-10-16 22:40:29',120,0,20),(511,1,295,18,0,NULL,0,0,0,0,0,'2021-10-16 22:40:29','2021-10-16 22:40:29',120,0,20),(512,1,298,18,0,NULL,0,0,0,0,0,'2021-10-16 22:40:29','2021-10-16 22:40:29',120,0,20),(513,2,204,15,0,NULL,0,0,0,0,0,'2021-10-16 22:40:29','2021-10-16 22:40:29',120,0,20),(514,2,74,1,0,NULL,0,0,0,0,0,'2021-10-16 22:40:29','2021-10-16 22:40:29',120,0,20),(515,2,67,1,0,NULL,0,0,0,0,0,'2021-10-16 22:40:29','2021-10-16 22:40:29',120,0,20),(516,2,205,14,0,NULL,0,0,0,0,0,'2021-10-16 22:40:29','2021-10-16 22:40:29',120,0,20),(517,2,206,15,0,NULL,0,0,0,0,0,'2021-10-16 22:40:29','2021-10-16 22:40:29',120,0,20),(518,2,206,15,0,NULL,0,0,0,0,0,'2021-10-16 22:40:29','2021-10-16 22:40:29',120,0,20),(519,2,208,15,0,NULL,0,0,0,0,0,'2021-10-16 22:40:29','2021-10-16 22:40:29',120,0,20),(520,2,207,14,0,NULL,0,0,0,0,0,'2021-10-16 22:40:29','2021-10-16 22:40:29',120,0,20),(521,2,207,14,0,NULL,0,0,0,0,0,'2021-10-16 22:40:29','2021-10-16 22:40:29',120,0,20),(524,2,23,16,0,NULL,0,0,0,0,0,'2021-10-16 22:40:29','2021-10-16 22:40:29',120,0,20),(525,2,22,5,0,NULL,0,0,0,0,0,'2021-10-16 22:40:29','2021-10-16 22:40:29',120,0,20),(526,2,77,1,0,NULL,0,0,0,0,0,'2021-10-16 22:40:29','2021-10-16 22:40:29',120,0,20),(527,2,90,2,0,NULL,0,0,0,0,0,'2021-10-16 22:40:29','2021-10-16 22:40:29',120,0,20),(528,2,87,2,0,NULL,0,0,0,0,0,'2021-10-16 22:40:29','2021-10-16 22:40:29',120,0,20),(530,2,225,14,0,NULL,0,0,0,0,0,'2021-10-16 22:40:29','2021-10-16 22:40:29',120,0,20),(531,2,211,12,0,NULL,0,0,0,0,0,'2021-10-16 22:40:29','2021-10-16 22:40:29',120,0,20),(532,2,211,13,0,NULL,0,0,0,0,0,'2021-10-16 22:40:29','2021-10-16 22:40:29',120,0,20),(533,2,213,14,0,NULL,0,0,0,0,0,'2021-10-16 22:40:29','2021-10-16 22:40:29',120,0,20),(534,2,212,15,0,NULL,0,0,0,0,0,'2021-10-16 22:40:29','2021-10-16 22:40:29',120,0,20),(535,2,20,5,0,NULL,0,0,0,0,0,'2021-10-16 22:40:29','2021-10-16 22:40:29',120,0,20),(536,2,21,16,0,NULL,0,0,0,0,0,'2021-10-16 22:40:29','2021-10-16 22:40:29',120,0,20),(537,1,299,23,0,NULL,0,0,0,0,0,'2021-10-16 22:40:29','2021-10-16 22:40:29',120,0,20),(539,2,47,17,0,NULL,0,0,0,0,0,'2021-10-16 22:40:29','2021-10-16 22:40:29',120,0,20),(540,2,199,12,0,NULL,0,0,0,0,0,'2021-10-16 22:40:29','2021-10-16 22:40:29',120,0,20),(541,2,198,13,0,NULL,0,0,0,0,0,'2021-10-16 22:40:29','2021-10-16 22:40:29',120,0,20),(542,2,201,14,0,NULL,0,0,0,0,0,'2021-10-16 22:40:29','2021-10-16 22:40:29',120,0,20),(543,2,200,15,0,NULL,0,0,0,0,0,'2021-10-16 22:40:29','2021-10-16 22:40:29',120,0,20),(544,2,143,21,0,NULL,0,0,0,0,0,'2021-10-16 22:40:29','2021-10-16 22:40:29',120,0,20),(545,2,137,6,0,NULL,0,0,0,0,0,'2021-10-16 22:40:29','2021-10-16 22:40:29',120,0,20),(546,2,160,7,0,NULL,0,0,0,0,0,'2021-10-16 22:40:29','2021-10-16 22:40:29',120,0,20),(547,2,173,8,0,NULL,15,0,0,15,0,'2021-10-16 22:40:29','2021-10-16 22:40:29',120,0,20),(548,2,108,9,0,NULL,0,0,0,0,0,'2021-10-16 22:40:29','2021-10-16 22:40:29',120,0,20),(549,2,109,10,0,NULL,0,0,0,0,0,'2021-10-16 22:40:29','2021-10-16 22:40:29',120,0,20),(551,2,18,5,0,NULL,0,0,0,0,0,'2021-10-16 22:40:29','2021-10-16 22:40:29',120,0,20),(552,2,19,16,0,NULL,0,0,0,0,0,'2021-10-16 22:40:29','2021-10-16 22:40:29',120,0,20),(553,2,56,3,0,NULL,0,0,0,0,0,'2021-10-16 22:40:29','2021-10-16 22:40:29',120,0,20),(554,2,57,17,0,NULL,0,0,0,0,0,'2021-10-16 22:40:29','2021-10-16 22:40:29',120,0,20),(555,2,75,1,0,NULL,0,0,0,0,0,'2021-10-16 22:40:29','2021-10-16 22:40:29',120,0,20),(556,2,88,2,0,NULL,0,0,0,0,0,'2021-10-16 22:40:29','2021-10-16 22:40:29',120,0,20),(557,2,5,16,0,NULL,0,0,0,0,0,'2021-10-16 22:40:29','2021-10-16 22:40:29',120,0,20),(558,2,13,16,0,NULL,0,0,0,0,0,'2021-10-16 22:40:29','2021-10-16 22:40:29',120,0,20),(559,2,27,16,0,NULL,0,0,0,0,0,'2021-10-16 22:40:29','2021-10-16 22:40:29',120,0,20),(560,2,26,5,0,NULL,0,0,0,0,0,'2021-10-16 22:40:29','2021-10-16 22:40:29',120,0,20),(561,2,8,5,0,NULL,0,0,0,0,0,'2021-10-16 22:40:29','2021-10-16 22:40:29',120,0,20),(562,2,48,3,0,NULL,0,0,0,0,0,'2021-10-16 22:40:29','2021-10-16 22:40:29',120,0,20),(563,2,28,5,0,NULL,0,0,0,0,0,'2021-10-16 22:40:29','2021-10-16 22:40:29',120,0,20),(564,2,29,16,0,NULL,0,0,0,0,0,'2021-10-16 22:40:29','2021-10-16 22:40:29',120,0,20),(565,2,25,16,0,NULL,0,0,0,0,0,'2021-10-16 22:40:29','2021-10-16 22:40:29',120,0,20),(566,2,24,5,0,NULL,0,0,0,0,0,'2021-10-16 22:40:29','2021-10-16 22:40:29',120,0,20),(567,2,30,5,0,NULL,0,0,0,0,0,'2021-10-16 22:40:29','2021-10-16 22:40:29',120,0,20),(568,2,12,5,0,NULL,0,0,0,0,0,'2021-10-16 22:40:29','2021-10-16 22:40:29',120,0,20),(569,2,93,10,0,NULL,0,0,0,0,0,'2021-10-16 22:40:29','2021-10-16 22:40:29',120,0,20),(570,2,170,8,0,NULL,15,0,1,14,0,'2021-10-16 22:40:29','2021-10-16 22:40:29',120,0,20),(571,2,171,8,0,NULL,0,0,0,0,0,'2021-10-16 22:40:29','2021-10-16 22:40:29',120,0,20),(572,2,159,7,0,NULL,0,0,0,0,0,'2021-10-16 22:40:29','2021-10-16 22:40:29',120,0,20),(573,2,158,7,0,NULL,0,0,0,0,0,'2021-10-16 22:40:29','2021-10-16 22:40:29',120,0,20),(574,2,141,21,0,NULL,0,0,0,0,0,'2021-10-16 22:40:29','2021-10-16 22:40:29',120,0,20),(575,2,163,7,0,NULL,0,0,0,0,0,'2021-10-16 22:40:29','2021-10-16 22:40:29',120,0,20),(576,2,175,8,0,NULL,15,0,0,15,0,'2021-10-16 22:40:29','2021-10-16 22:40:29',120,0,20),(577,2,165,8,0,NULL,15,0,0,15,0,'2021-10-16 22:40:29','2021-10-16 22:40:29',120,0,20),(578,2,99,10,0,NULL,0,0,0,0,0,'2021-10-16 22:40:29','2021-10-16 22:40:29',120,0,20),(579,2,98,9,0,NULL,0,0,0,0,0,'2021-10-16 22:40:29','2021-10-16 22:40:29',120,0,20),(580,2,119,11,0,NULL,0,0,0,0,0,'2021-10-16 22:40:29','2021-10-16 22:40:29',120,0,20),(582,2,174,8,15.2,NULL,0,0,15,0,0,'2021-10-16 22:40:29','2021-10-16 22:40:29',120,0,20),(583,2,142,21,0,NULL,0,0,0,0,0,'2021-10-16 22:40:29','2021-10-16 22:40:29',120,0,20),(584,2,139,6,0,NULL,0,0,0,0,0,'2021-10-16 22:40:29','2021-10-16 22:40:29',120,0,20),(585,2,166,8,7.7,NULL,0,0,5,10,0,'2021-10-16 22:40:29','2021-10-16 22:40:29',120,0,20),(586,2,171,8,0,NULL,0,0,0,0,0,'2021-10-16 22:40:29','2021-10-16 22:40:29',120,0,20),(587,2,156,7,0,NULL,0,0,0,0,0,'2021-10-16 22:40:29','2021-10-16 22:40:29',120,0,20),(588,2,155,7,0,NULL,0,0,0,0,0,'2021-10-16 22:40:29','2021-10-16 22:40:29',120,0,20),(589,2,134,6,0,NULL,0,0,0,0,0,'2021-10-16 22:40:29','2021-10-16 22:40:29',120,0,20),(590,2,136,6,0,NULL,0,0,0,0,0,'2021-10-16 22:40:29','2021-10-16 22:40:29',120,0,20),(591,2,133,6,0,NULL,0,0,0,0,0,'2021-10-16 22:40:29','2021-10-16 22:40:29',120,0,20),(592,2,146,21,0,NULL,0,0,0,0,0,'2021-10-16 22:40:29','2021-10-16 22:40:29',120,0,20),(593,2,147,21,0,NULL,0,0,0,0,0,'2021-10-16 22:40:29','2021-10-16 22:40:29',120,0,20),(594,2,132,6,0,NULL,0,0,0,0,0,'2021-10-16 22:40:29','2021-10-16 22:40:29',120,0,20),(595,2,129,6,0,NULL,0,0,0,0,0,'2021-10-16 22:40:29','2021-10-16 22:40:29',120,0,20),(596,2,140,6,0,NULL,0,0,0,0,0,'2021-10-16 22:40:29','2021-10-16 22:40:29',120,0,20),(597,2,144,21,0,NULL,0,0,0,0,0,'2021-10-16 22:40:29','2021-10-16 22:40:29',120,0,20),(598,2,150,21,0,NULL,0,0,0,0,0,'2021-10-16 22:40:29','2021-10-16 22:40:29',120,0,20),(599,2,226,21,0,NULL,0,0,0,0,0,'2021-10-16 22:40:29','2021-10-16 22:40:29',120,0,20),(600,2,180,15,0,NULL,0,0,0,0,0,'2021-10-16 22:40:29','2021-10-16 22:40:29',120,0,20),(601,2,188,15,0,NULL,0,0,0,0,0,'2021-10-16 22:40:29','2021-10-16 22:40:29',120,0,20),(602,2,189,14,0,NULL,0,0,0,0,0,'2021-10-16 22:40:29','2021-10-16 22:40:29',120,0,20),(603,2,181,14,0,NULL,0,0,0,0,0,'2021-10-16 22:40:29','2021-10-16 22:40:29',120,0,20),(604,2,224,15,0,NULL,0,0,0,0,0,'2021-10-16 22:40:29','2021-10-16 22:40:29',120,0,20),(605,2,216,15,0,NULL,0,0,0,0,0,'2021-10-16 22:40:29','2021-10-16 22:40:29',120,0,20),(606,2,223,12,0,NULL,0,0,0,0,0,'2021-10-16 22:40:29','2021-10-16 22:40:29',120,0,20),(607,2,222,13,0,NULL,0,0,0,0,0,'2021-10-16 22:40:29','2021-10-16 22:40:29',120,0,20),(608,2,178,13,0,NULL,0,0,0,0,0,'2021-10-16 22:40:29','2021-10-16 22:40:29',120,0,20),(609,2,181,12,0,NULL,0,0,0,0,0,'2021-10-16 22:40:29','2021-10-16 22:40:29',120,0,20),(610,2,214,12,0,NULL,0,0,0,0,0,'2021-10-16 22:40:29','2021-10-16 22:40:29',120,0,20),(611,2,214,13,0,NULL,0,0,0,0,0,'2021-10-16 22:40:29','2021-10-16 22:40:29',120,0,20),(612,2,217,14,0,NULL,0,0,0,0,0,'2021-10-16 22:40:29','2021-10-16 22:40:29',120,0,20),(613,2,216,15,0,NULL,0,0,0,0,0,'2021-10-16 22:40:29','2021-10-16 22:40:29',120,0,20),(614,3,77,1,0,NULL,0,0,0,0,0,'2021-10-16 22:40:29','2021-10-16 22:40:29',120,0,20),(615,3,90,2,0,NULL,0,0,0,0,0,'2021-10-16 22:40:29','2021-10-16 22:40:29',120,0,20),(616,3,12,5,0,NULL,0,0,0,0,0,'2021-10-16 22:40:29','2021-10-16 22:40:29',120,0,20),(617,3,13,16,0,NULL,0,0,0,0,0,'2021-10-16 22:40:29','2021-10-16 22:40:29',120,0,20),(618,3,10,5,0,NULL,0,0,0,0,0,'2021-10-16 22:40:29','2021-10-16 22:40:29',120,0,20),(619,3,30,5,0,NULL,0,0,0,0,0,'2021-10-16 22:40:29','2021-10-16 22:40:29',120,0,20),(620,3,26,5,0,NULL,0,0,0,0,0,'2021-10-16 22:40:29','2021-10-16 22:40:29',120,0,20),(621,3,27,16,0,NULL,0,0,0,0,0,'2021-10-16 22:40:29','2021-10-16 22:40:29',120,0,20),(622,3,91,2,0,NULL,0,0,0,0,0,'2021-10-16 22:40:29','2021-10-16 22:40:29',120,0,20),(623,3,78,1,0,NULL,0,0,0,0,0,'2021-10-16 22:40:29','2021-10-16 22:40:29',120,0,20),(624,3,114,9,0,NULL,0,0,0,0,0,'2021-10-16 22:40:29','2021-10-16 22:40:29',120,0,20),(626,3,202,13,0,NULL,0,0,0,0,0,'2021-10-16 22:40:29','2021-10-16 22:40:29',120,0,20),(627,3,203,12,0,NULL,0,0,0,0,0,'2021-10-16 22:40:29','2021-10-16 22:40:29',120,0,20),(628,3,189,14,0,NULL,0,0,0,0,0,'2021-10-16 22:40:29','2021-10-16 22:40:29',120,0,20),(629,3,181,14,0,NULL,0,0,0,0,0,'2021-10-16 22:40:29','2021-10-16 22:40:29',120,0,20),(630,3,188,15,0,NULL,0,0,0,0,0,'2021-10-16 22:40:29','2021-10-16 22:40:29',120,0,20),(631,3,180,15,0,NULL,0,0,0,0,0,'2021-10-16 22:40:29','2021-10-16 22:40:29',120,0,20),(632,3,165,8,0,NULL,15,0,0,15,0,'2021-10-16 22:40:29','2021-10-16 22:40:29',120,0,20),(633,3,166,8,0,NULL,15,0,0,15,0,'2021-10-16 22:40:29','2021-10-16 22:40:29',120,0,20),(634,3,156,7,0,NULL,0,0,0,0,0,'2021-10-16 22:40:29','2021-10-16 22:40:29',120,0,20),(635,3,155,7,0,NULL,0,0,0,0,0,'2021-10-16 22:40:29','2021-10-16 22:40:29',120,0,20),(636,3,179,12,0,NULL,0,0,0,0,0,'2021-10-16 22:40:29','2021-10-16 22:40:29',120,0,20),(637,3,187,12,0,NULL,0,0,0,0,0,'2021-10-16 22:40:29','2021-10-16 22:40:29',120,0,20),(638,3,178,13,0,NULL,0,0,0,0,0,'2021-10-16 22:40:29','2021-10-16 22:40:29',120,0,20),(639,3,186,13,0,NULL,0,0,0,0,0,'2021-10-16 22:40:29','2021-10-16 22:40:29',120,0,20),(640,3,11,16,0,NULL,0,0,0,0,0,'2021-10-16 22:40:29','2021-10-16 22:40:29',120,0,20),(641,3,31,16,0,NULL,0,0,0,0,0,'2021-10-16 22:40:29','2021-10-16 22:40:29',120,0,20),(644,3,60,3,0,NULL,0,0,0,0,0,'2021-10-16 22:40:29','2021-10-16 22:40:29',120,0,20),(645,3,61,17,0,NULL,0,0,0,0,0,'2021-10-16 22:40:29','2021-10-16 22:40:29',120,0,20),(651,3,25,16,0,NULL,0,0,0,0,0,'2021-10-16 22:40:29','2021-10-16 22:40:29',120,0,20),(652,3,24,5,0,NULL,0,0,0,0,0,'2021-10-16 22:40:29','2021-10-16 22:40:29',120,0,20),(653,3,136,6,0,NULL,0,0,0,0,0,'2021-10-16 22:40:29','2021-10-16 22:40:29',120,0,20),(654,3,226,21,0,NULL,0,0,0,0,0,'2021-10-16 22:40:29','2021-10-16 22:40:29',120,0,20),(655,3,224,15,0,NULL,0,0,0,0,0,'2021-10-16 22:40:29','2021-10-16 22:40:29',120,0,20),(656,3,76,1,0,NULL,0,0,0,0,0,'2021-10-16 22:40:29','2021-10-16 22:40:29',120,0,20),(657,3,144,21,0,NULL,0,0,0,0,0,'2021-10-16 22:40:29','2021-10-16 22:40:29',120,0,20),(658,3,134,6,0,NULL,0,0,0,0,0,'2021-10-16 22:40:29','2021-10-16 22:40:29',120,0,20),(659,3,148,21,0,NULL,0,0,0,0,0,'2021-10-16 22:40:29','2021-10-16 22:40:29',120,0,20),(660,3,149,21,0,NULL,0,0,0,0,0,'2021-10-16 22:40:29','2021-10-16 22:40:29',120,0,20),(661,3,154,7,0,NULL,0,0,0,0,0,'2021-10-16 22:40:29','2021-10-16 22:40:29',120,0,20),(662,3,153,7,0,NULL,0,0,0,0,0,'2021-10-16 22:40:29','2021-10-16 22:40:29',120,0,20),(663,3,131,6,0,NULL,0,0,0,0,0,'2021-10-16 22:40:29','2021-10-16 22:40:29',120,0,20),(664,3,130,6,0,NULL,0,0,0,0,0,'2021-10-16 22:40:29','2021-10-16 22:40:29',120,0,20),(665,3,167,8,0,NULL,0,0,0,0,0,'2021-10-16 22:40:29','2021-10-16 22:40:29',120,0,20),(666,3,168,8,10.266666666667,NULL,0,0,11,4,0,'2021-10-16 22:40:29','2021-10-16 22:40:29',120,0,20),(667,3,190,13,0,NULL,0,0,0,0,0,'2021-10-16 22:40:29','2021-10-16 22:40:29',120,0,20),(668,3,194,13,0,NULL,0,0,0,0,0,'2021-10-16 22:40:29','2021-10-16 22:40:29',120,0,20),(669,3,191,12,0,NULL,0,0,0,0,0,'2021-10-16 22:40:29','2021-10-16 22:40:29',120,0,20),(670,3,195,12,0,NULL,0,0,0,0,0,'2021-10-16 22:40:29','2021-10-16 22:40:29',120,0,20),(671,3,193,14,0,NULL,0,0,0,0,0,'2021-10-16 22:40:29','2021-10-16 22:40:29',120,0,20),(672,3,197,14,0,NULL,0,0,0,0,0,'2021-10-16 22:40:29','2021-10-16 22:40:29',120,0,20),(673,3,192,15,0,NULL,0,0,0,0,0,'2021-10-16 22:40:29','2021-10-16 22:40:29',120,0,20),(674,3,196,15,0,NULL,0,0,0,0,0,'2021-10-16 22:40:29','2021-10-16 22:40:29',120,0,20),(675,3,20,5,0,NULL,0,0,0,0,0,'2021-10-16 22:40:29','2021-10-16 22:40:29',120,0,20),(676,3,21,16,0,NULL,0,0,0,0,0,'2021-10-16 22:40:29','2021-10-16 22:40:29',120,0,20),(677,3,89,2,0,NULL,0,0,0,0,0,'2021-10-16 22:40:29','2021-10-16 22:40:29',120,0,20),(679,3,98,9,0,NULL,0,0,0,0,0,'2021-10-16 22:40:29','2021-10-16 22:40:29',120,0,20),(680,3,99,10,0,NULL,0,0,0,0,0,'2021-10-16 22:40:29','2021-10-16 22:40:29',120,0,20),(681,3,174,8,0,NULL,15,0,0,15,0,'2021-10-16 22:40:29','2021-10-16 22:40:29',120,0,20),(682,3,150,21,0,NULL,0,0,0,0,0,'2021-10-16 22:40:29','2021-10-16 22:40:29',120,0,20),(683,3,223,12,0,NULL,0,0,0,0,0,'2021-10-16 22:40:29','2021-10-16 22:40:29',120,0,20),(684,3,3,5,0,NULL,0,0,0,0,0,'2021-10-16 22:40:29','2021-10-16 22:40:29',120,0,20),(685,3,92,9,0,NULL,0,0,0,0,0,'2021-10-16 22:40:29','2021-10-16 22:40:29',120,0,20),(686,3,37,3,0,NULL,0,0,0,0,0,'2021-10-16 22:40:29','2021-10-16 22:40:29',120,0,20),(687,3,211,12,0,NULL,0,0,0,0,0,'2021-10-16 22:40:29','2021-10-16 22:40:29',120,0,20),(688,3,210,13,0,NULL,0,0,0,0,0,'2021-10-16 22:40:29','2021-10-16 22:40:29',120,0,20),(689,3,213,14,0,NULL,0,0,0,0,0,'2021-10-16 22:40:29','2021-10-16 22:40:29',120,0,20),(690,3,212,15,0,NULL,0,0,0,0,0,'2021-10-16 22:40:29','2021-10-16 22:40:29',120,0,20),(692,3,58,3,0,NULL,0,0,0,0,0,'2021-10-16 22:40:29','2021-10-16 22:40:29',120,0,20),(693,3,59,17,0,NULL,0,0,0,0,0,'2021-10-16 22:40:29','2021-10-16 22:40:29',120,0,20),(694,3,169,8,0,NULL,15,0,1,14,0,'2021-10-16 22:40:29','2021-10-16 22:40:29',120,0,20),(695,3,157,7,0,NULL,0,0,0,0,0,'2021-10-16 22:40:29','2021-10-16 22:40:29',120,0,20),(697,3,79,2,0,NULL,0,0,0,0,0,'2021-10-16 22:40:29','2021-10-16 22:40:29',120,0,20),(698,3,151,21,0,NULL,0,0,0,0,0,'2021-10-16 22:40:29','2021-10-16 22:40:29',120,0,20),(699,3,35,6,0,NULL,0,0,0,0,0,'2021-10-16 22:40:29','2021-10-16 22:40:29',120,0,20),(700,3,152,7,0,NULL,0,0,0,0,0,'2021-10-16 22:40:29','2021-10-16 22:40:29',120,0,20),(701,3,164,8,10,NULL,13,0,2,13,0,'2021-10-16 22:40:29','2021-10-16 22:40:29',120,0,20),(702,3,94,9,0,NULL,0,0,0,0,0,'2021-10-16 22:40:29','2021-10-16 22:40:29',120,0,20),(703,3,95,10,0,NULL,0,0,0,0,0,'2021-10-16 22:40:29','2021-10-16 22:40:29',120,0,20),(705,3,51,17,0,NULL,0,0,0,0,0,'2021-10-16 22:40:29','2021-10-16 22:40:29',120,0,20),(706,3,50,3,0,NULL,0,0,0,0,0,'2021-10-16 22:40:29','2021-10-16 22:40:29',120,0,20),(707,3,47,17,0,NULL,0,0,0,0,0,'2021-10-16 22:40:29','2021-10-16 22:40:29',120,0,20),(708,3,46,3,0,NULL,0,0,0,0,0,'2021-10-16 22:40:29','2021-10-16 22:40:29',120,0,20),(709,3,85,2,0,NULL,0,0,0,0,0,'2021-10-16 22:40:29','2021-10-16 22:40:29',120,0,20),(710,3,83,2,0,NULL,0,0,0,0,0,'2021-10-16 22:40:29','2021-10-16 22:40:29',120,0,20),(711,3,48,3,0,NULL,0,0,0,0,0,'2021-10-16 22:40:29','2021-10-16 22:40:29',120,0,20),(712,3,49,17,0,NULL,0,0,0,0,0,'2021-10-16 22:40:29','2021-10-16 22:40:29',120,0,20),(713,3,84,2,0,NULL,0,0,0,0,0,'2021-10-16 22:40:29','2021-10-16 22:40:29',120,0,20),(714,3,86,2,0,NULL,0,0,0,0,0,'2021-10-16 22:40:29','2021-10-16 22:40:29',120,0,20),(715,3,52,3,0,NULL,0,0,0,0,0,'2021-10-16 22:40:29','2021-10-16 22:40:29',120,0,20),(716,3,53,17,0,NULL,0,0,0,0,0,'2021-10-16 22:40:29','2021-10-16 22:40:29',120,0,20),(717,3,227,10,0,NULL,0,0,0,0,0,'2021-10-16 22:40:29','2021-10-16 22:40:29',120,0,20),(718,3,228,9,0,NULL,0,0,0,0,0,'2021-10-16 22:40:29','2021-10-16 22:40:29',120,0,20),(719,3,273,18,0,NULL,0,0,0,0,0,'2021-10-16 22:40:29','2021-10-16 22:40:29',120,0,20),(720,3,5,16,0,NULL,0,0,0,0,0,'2021-10-16 22:40:29','2021-10-16 22:40:29',120,0,20),(721,3,129,6,0,NULL,0,0,0,0,0,'2021-10-16 22:40:29','2021-10-16 22:40:29',120,0,20),(722,3,222,13,0,NULL,0,0,0,0,0,'2021-10-16 22:40:29','2021-10-16 22:40:29',120,0,20),(723,3,260,4,0,NULL,0,0,0,0,0,'2021-10-16 22:40:29','2021-10-16 22:40:29',120,0,20),(724,3,284,23,0,NULL,0,0,0,0,0,'2021-10-16 22:40:29','2021-10-16 22:40:29',120,0,20),(725,3,71,1,0,NULL,0,0,0,0,0,'2021-10-16 22:40:29','2021-10-16 22:40:29',120,0,20),(726,3,70,1,0,NULL,0,0,0,0,0,'2021-10-16 22:40:29','2021-10-16 22:40:29',120,0,20),(727,3,73,1,0,NULL,0,0,0,0,0,'2021-10-16 22:40:29','2021-10-16 22:40:29',120,0,20),(728,3,72,1,0,NULL,0,0,0,0,0,'2021-10-16 22:40:29','2021-10-16 22:40:29',120,0,20),(729,3,235,20,0,NULL,0,0,0,0,0,'2021-10-16 22:40:29','2021-10-16 22:40:29',120,0,20),(730,3,236,20,0,'Speaking and Reading',0,0,0,0,0,'2021-10-16 22:40:29','2021-10-16 22:40:29',120,0,20),(731,3,237,20,0,NULL,0,0,0,0,0,'2021-10-16 22:40:29','2021-10-16 22:40:29',120,0,20),(732,3,238,20,0,NULL,0,0,0,0,0,'2021-10-16 22:40:29','2021-10-16 22:40:29',120,0,20),(733,3,239,20,0,NULL,0,0,0,0,0,'2021-10-16 22:40:29','2021-10-16 22:40:29',120,0,20),(734,3,240,20,0,NULL,0,0,0,0,0,'2021-10-16 22:40:29','2021-10-16 22:40:29',120,0,20),(736,3,241,20,0,NULL,0,0,0,0,0,'2021-10-16 22:40:29','2021-10-16 22:40:29',120,0,20),(737,3,242,20,0,NULL,0,0,0,0,0,'2021-10-16 22:40:29','2021-10-16 22:40:29',120,0,20),(738,3,243,20,0,NULL,0,0,0,0,0,'2021-10-16 22:40:29','2021-10-16 22:40:29',120,0,20),(739,3,244,20,0,NULL,0,0,0,0,0,'2021-10-16 22:40:29','2021-10-16 22:40:29',120,0,20),(740,3,245,20,0,NULL,0,0,0,0,0,'2021-10-16 22:40:29','2021-10-16 22:40:29',120,0,20),(741,3,246,20,0,NULL,0,0,0,0,0,'2021-10-16 22:40:29','2021-10-16 22:40:29',120,0,20),(742,3,229,20,0,NULL,0,0,0,0,0,'2021-10-16 22:40:29','2021-10-16 22:40:29',120,0,20),(743,3,231,19,0,NULL,0,0,0,0,0,'2021-10-16 22:40:29','2021-10-16 22:40:29',120,0,20),(744,3,247,19,0,'Speaking and Reading',0,0,0,0,0,'2021-10-16 22:40:29','2021-10-16 22:40:29',120,0,20),(745,3,248,19,0,NULL,0,0,0,0,0,'2021-10-16 22:40:29','2021-10-16 22:40:29',120,0,20),(746,3,249,19,0,NULL,0,0,0,0,0,'2021-10-16 22:40:29','2021-10-16 22:40:29',120,0,20),(747,3,250,19,0,NULL,0,0,0,0,0,'2021-10-16 22:40:29','2021-10-16 22:40:29',120,0,20),(748,3,251,19,0,NULL,0,0,0,0,0,'2021-10-16 22:40:29','2021-10-16 22:40:29',120,0,20),(749,3,254,19,0,NULL,0,0,0,0,0,'2021-10-16 22:40:29','2021-10-16 22:40:29',120,0,20),(750,3,255,19,0,NULL,0,0,0,0,0,'2021-10-16 22:40:29','2021-10-16 22:40:29',120,0,20),(751,3,256,19,0,NULL,0,0,0,0,0,'2021-10-16 22:40:29','2021-10-16 22:40:29',120,0,20),(752,3,257,19,0,NULL,0,0,0,0,0,'2021-10-16 22:40:29','2021-10-16 22:40:29',120,0,20),(753,3,259,19,0,NULL,0,0,0,0,0,'2021-10-16 22:40:29','2021-10-16 22:40:29',120,0,20),(754,3,230,19,0,NULL,0,0,0,0,0,'2021-10-16 22:40:29','2021-10-16 22:40:29',120,0,20),(755,3,258,19,0,NULL,0,0,0,0,0,'2021-10-16 22:40:29','2021-10-16 22:40:29',120,0,20),(756,3,273,18,0,NULL,0,0,0,0,0,'2021-10-16 22:40:29','2021-10-16 22:40:29',120,0,20),(757,3,274,18,0,'Speaking and Reading',0,0,0,0,0,'2021-10-16 22:40:29','2021-10-16 22:40:29',120,0,20),(758,3,275,18,0,NULL,0,0,0,0,0,'2021-10-16 22:40:29','2021-10-16 22:40:29',120,0,20),(759,3,276,18,0,NULL,0,0,0,0,0,'2021-10-16 22:40:29','2021-10-16 22:40:29',120,0,20),(760,3,277,18,0,NULL,0,0,0,0,0,'2021-10-16 22:40:29','2021-10-16 22:40:29',120,0,20),(761,3,294,18,0,NULL,0,0,0,0,0,'2021-10-16 22:40:29','2021-10-16 22:40:29',120,0,20),(762,3,278,18,0,NULL,0,0,0,0,0,'2021-10-16 22:40:29','2021-10-16 22:40:29',120,0,20),(763,3,295,18,0,NULL,0,0,0,0,0,'2021-10-16 22:40:29','2021-10-16 22:40:29',120,0,20),(764,3,279,18,0,NULL,0,0,0,0,0,'2021-10-16 22:40:29','2021-10-16 22:40:29',120,0,20),(765,3,282,18,0,NULL,0,0,0,0,0,'2021-10-16 22:40:29','2021-10-16 22:40:29',120,0,20),(766,3,280,18,0,NULL,0,0,0,0,0,'2021-10-16 22:40:29','2021-10-16 22:40:29',120,0,20),(767,3,281,18,0,NULL,0,0,0,0,0,'2021-10-16 22:40:29','2021-10-16 22:40:29',120,0,20),(768,3,232,18,0,NULL,0,0,0,0,0,'2021-10-16 22:40:29','2021-10-16 22:40:29',120,0,20),(769,3,284,23,0,NULL,0,0,0,0,0,'2021-10-16 22:40:29','2021-10-16 22:40:29',120,0,20),(770,3,285,23,0,'Speaking and Reading',0,0,0,0,0,'2021-10-16 22:40:29','2021-10-16 22:40:29',120,0,20),(771,3,290,23,0,NULL,0,0,0,0,0,'2021-10-16 22:40:29','2021-10-16 22:40:29',120,0,20),(772,3,264,23,0,NULL,0,0,0,0,0,'2021-10-16 22:40:29','2021-10-16 22:40:29',120,0,20),(773,3,265,23,0,NULL,0,0,0,0,0,'2021-10-16 22:40:29','2021-10-16 22:40:29',120,0,20),(774,3,291,23,0,NULL,0,0,0,0,0,'2021-10-16 22:40:29','2021-10-16 22:40:29',120,0,20),(775,3,289,23,0,NULL,0,0,0,0,0,'2021-10-16 22:40:29','2021-10-16 22:40:29',120,0,20),(776,3,293,23,0,NULL,0,0,0,0,0,'2021-10-16 22:40:29','2021-10-16 22:40:29',120,0,20),(777,3,283,23,0,NULL,0,0,0,0,0,'2021-10-16 22:40:29','2021-10-16 22:40:29',120,0,20),(778,3,286,23,0,NULL,0,0,0,0,0,'2021-10-16 22:40:29','2021-10-16 22:40:29',120,0,20),(779,3,292,23,0,NULL,0,0,0,0,0,'2021-10-16 22:40:29','2021-10-16 22:40:29',120,0,20),(781,3,299,23,0,NULL,0,0,0,0,0,'2021-10-16 22:40:29','2021-10-16 22:40:29',120,0,20),(782,3,288,23,0,NULL,0,0,0,0,0,'2021-10-16 22:40:29','2021-10-16 22:40:29',120,0,20),(783,3,260,4,0,NULL,0,0,0,0,0,'2021-10-16 22:40:29','2021-10-16 22:40:29',120,0,20),(784,3,261,4,0,'Speaking and Reading',0,0,0,0,0,'2021-10-16 22:40:29','2021-10-16 22:40:29',120,0,20),(785,3,262,4,0,NULL,0,0,0,0,0,'2021-10-16 22:40:29','2021-10-16 22:40:29',120,0,20),(786,3,263,4,0,NULL,0,0,0,0,0,'2021-10-16 22:40:29','2021-10-16 22:40:29',120,0,20),(787,3,266,4,0,NULL,0,0,0,0,0,'2021-10-16 22:40:29','2021-10-16 22:40:29',120,0,20),(788,3,267,4,0,NULL,0,0,0,0,0,'2021-10-16 22:40:29','2021-10-16 22:40:29',120,0,20),(789,3,269,4,0,NULL,0,0,0,0,0,'2021-10-16 22:40:29','2021-10-16 22:40:29',120,0,20),(790,3,270,4,0,NULL,0,0,0,0,0,'2021-10-16 22:40:29','2021-10-16 22:40:29',120,0,20),(791,3,234,4,0,NULL,0,0,0,0,0,'2021-10-16 22:40:29','2021-10-16 22:40:29',120,0,20),(792,3,271,4,0,NULL,0,0,0,0,0,'2021-10-16 22:40:29','2021-10-16 22:40:29',120,0,20),(793,3,268,4,0,NULL,0,0,0,0,0,'2021-10-16 22:40:29','2021-10-16 22:40:29',120,0,20),(794,3,233,4,0,NULL,0,0,0,0,0,'2021-10-16 22:40:29','2021-10-16 22:40:29',120,0,20),(795,3,300,4,0,NULL,0,0,0,0,0,'2021-10-16 22:40:29','2021-10-16 22:40:29',120,0,20),(796,3,43,17,0,NULL,0,0,0,0,0,'2021-10-16 22:40:29','2021-10-16 22:40:29',120,0,20),(797,3,42,3,0,NULL,0,0,0,0,0,'2021-10-16 22:40:29','2021-10-16 22:40:29',120,0,20),(798,3,81,2,0,NULL,0,0,0,0,0,'2021-10-16 22:40:29','2021-10-16 22:40:29',120,0,20),(799,3,215,12,0,NULL,0,0,0,0,0,'2021-10-16 22:40:29','2021-10-16 22:40:29',120,0,20),(800,3,214,13,0,NULL,0,0,0,0,0,'2021-10-16 22:40:29','2021-10-16 22:40:29',120,0,20),(801,3,217,14,0,NULL,0,0,0,0,0,'2021-10-16 22:40:29','2021-10-16 22:40:29',120,0,20),(802,3,216,15,0,NULL,0,0,0,0,0,'2021-10-16 22:40:29','2021-10-16 22:40:29',120,0,20),(803,3,28,5,0,NULL,0,0,0,0,0,'2021-10-16 22:40:29','2021-10-16 22:40:29',120,0,20),(804,3,29,16,0,NULL,0,0,0,0,0,'2021-10-16 22:40:29','2021-10-16 22:40:29',120,0,20),(805,3,74,1,0,NULL,0,0,0,0,0,'2021-10-16 22:40:29','2021-10-16 22:40:29',120,0,20),(806,3,67,1,0,NULL,0,0,0,0,0,'2021-10-16 22:40:29','2021-10-16 22:40:29',120,0,20),(807,3,112,9,0,NULL,0,0,0,0,0,'2021-10-16 22:40:29','2021-10-16 22:40:29',120,0,20),(808,3,113,10,0,NULL,0,0,0,0,0,'2021-10-16 22:40:29','2021-10-16 22:40:29',120,0,20),(809,3,63,17,0,NULL,0,0,0,0,0,'2021-10-16 22:40:29','2021-10-16 22:40:29',120,0,20),(810,3,62,3,0,NULL,0,0,0,0,0,'2021-10-16 22:40:29','2021-10-16 22:40:29',120,0,20),(812,3,172,8,0,NULL,15,0,0,15,0,'2021-10-16 22:40:29','2021-10-16 22:40:29',120,0,20),(813,3,161,7,0,NULL,0,0,0,0,0,'2021-10-16 22:40:29','2021-10-16 22:40:29',120,0,20),(814,3,68,1,0,NULL,0,0,0,0,0,'2021-10-16 22:40:29','2021-10-16 22:40:29',120,0,20),(815,3,40,3,0,NULL,0,0,0,0,0,'2021-10-16 22:40:29','2021-10-16 22:40:29',120,0,20),(816,3,41,17,0,NULL,0,0,0,0,0,'2021-10-16 22:40:29','2021-10-16 22:40:29',120,0,20),(817,3,54,3,0,NULL,0,0,0,0,0,'2021-10-16 22:40:29','2021-10-16 22:40:29',120,0,20),(818,3,55,17,0,NULL,0,0,0,0,0,'2021-10-16 22:40:29','2021-10-16 22:40:29',120,0,20),(819,3,204,15,0,NULL,0,0,0,0,0,'2021-10-16 22:40:29','2021-10-16 22:40:29',120,0,20),(820,3,205,14,0,NULL,0,0,0,0,0,'2021-10-16 22:40:29','2021-10-16 22:40:29',120,0,20),(821,3,87,2,0,NULL,0,0,0,0,0,'2021-10-16 22:40:29','2021-10-16 22:40:29',120,0,20),(822,3,80,2,0,NULL,0,0,0,0,0,'2021-10-16 22:40:29','2021-10-16 22:40:29',120,0,20),(823,3,107,10,0,NULL,0,0,0,0,0,'2021-10-16 22:40:29','2021-10-16 22:40:29',120,0,20),(824,3,106,9,0,NULL,0,0,0,0,0,'2021-10-16 22:40:29','2021-10-16 22:40:29',120,0,20),(825,3,97,10,0,NULL,0,0,0,0,0,'2021-10-16 22:40:29','2021-10-16 22:40:29',120,0,20),(826,3,96,9,0,NULL,0,0,0,0,0,'2021-10-16 22:40:29','2021-10-16 22:40:29',120,0,20),(829,3,2,5,0,NULL,0,0,0,0,0,'2021-10-16 22:40:29','2021-10-16 22:40:29',120,0,20),(830,3,4,16,0,NULL,0,0,0,0,0,'2021-10-16 22:40:29','2021-10-16 22:40:29',120,0,20),(831,3,22,5,0,NULL,0,0,0,0,0,'2021-10-16 22:40:29','2021-10-16 22:40:29',120,0,20),(832,3,23,16,0,NULL,0,0,0,0,0,'2021-10-16 22:40:29','2021-10-16 22:40:29',120,0,20),(833,3,207,14,0,NULL,0,0,0,0,0,'2021-10-16 22:40:29','2021-10-16 22:40:29',120,0,20),(834,3,206,15,0,NULL,0,0,0,0,0,'2021-10-16 22:40:29','2021-10-16 22:40:29',120,0,20),(835,3,209,14,0,NULL,0,0,0,0,0,'2021-10-16 22:40:29','2021-10-16 22:40:29',120,0,20),(836,3,208,15,0,NULL,0,0,0,0,0,'2021-10-16 22:40:29','2021-10-16 22:40:29',120,0,20),(837,3,162,7,0,NULL,0,0,0,0,0,'2021-10-16 22:40:29','2021-10-16 22:40:29',120,0,20),(838,3,142,21,0,NULL,0,0,0,0,0,'2021-10-16 22:40:29','2021-10-16 22:40:29',120,0,20),(839,3,139,6,0,NULL,0,0,0,0,0,'2021-10-16 22:40:29','2021-10-16 22:40:29',120,0,20),(840,3,225,14,0,NULL,0,0,0,0,0,'2021-10-16 22:40:29','2021-10-16 22:40:29',120,0,20),(841,3,45,17,0,NULL,0,0,0,0,0,'2021-10-16 22:40:29','2021-10-16 22:40:29',120,0,20),(842,3,44,3,0,NULL,0,0,0,0,0,'2021-10-16 22:40:29','2021-10-16 22:40:29',120,0,20),(843,3,69,1,0,NULL,0,0,0,0,0,'2021-10-16 22:40:29','2021-10-16 22:40:29',120,0,20),(844,3,82,2,0,NULL,0,0,0,0,0,'2021-10-16 22:40:29','2021-10-16 22:40:29',120,0,20),(845,3,32,5,0,NULL,0,0,0,0,0,'2021-10-16 22:40:29','2021-10-16 22:40:29',120,0,20),(846,3,33,16,0,NULL,0,0,0,0,0,'2021-10-16 22:40:29','2021-10-16 22:40:29',120,0,20),(847,3,88,2,0,NULL,0,0,0,0,0,'2021-10-16 22:40:29','2021-10-16 22:40:29',120,0,20),(848,3,75,1,0,NULL,0,0,0,0,0,'2021-10-16 22:40:29','2021-10-16 22:40:29',120,0,20),(849,3,56,3,0,NULL,0,0,0,0,0,'2021-10-16 22:40:29','2021-10-16 22:40:29',120,0,20),(850,3,57,17,0,NULL,0,0,0,0,0,'2021-10-16 22:40:29','2021-10-16 22:40:29',120,0,20),(851,3,18,5,0,NULL,0,0,0,0,0,'2021-10-16 22:40:29','2021-10-16 22:40:29',120,0,20),(852,3,19,16,0,NULL,0,0,0,0,0,'2021-10-16 22:40:29','2021-10-16 22:40:29',120,0,20),(853,3,108,9,0,NULL,0,0,0,0,0,'2021-10-16 22:40:29','2021-10-16 22:40:29',120,0,20),(854,3,109,10,0,NULL,0,0,0,0,0,'2021-10-16 22:40:29','2021-10-16 22:40:29',120,0,20),(856,3,143,21,0,NULL,0,0,0,0,0,'2021-10-16 22:40:29','2021-10-16 22:40:29',120,0,20),(857,3,137,6,0,NULL,0,0,0,0,0,'2021-10-16 22:40:29','2021-10-16 22:40:29',120,0,20),(858,3,160,7,0,NULL,0,0,0,0,0,'2021-10-16 22:40:29','2021-10-16 22:40:29',120,0,20),(859,3,173,8,13.316666666667,NULL,0,0,12,3,0,'2021-10-16 22:40:29','2021-10-16 22:40:29',120,0,20),(860,3,199,12,0,NULL,0,0,0,0,0,'2021-10-16 22:40:29','2021-10-16 22:40:29',120,0,20),(861,3,198,13,0,NULL,0,0,0,0,0,'2021-10-16 22:40:29','2021-10-16 22:40:29',120,0,20),(862,3,201,14,0,NULL,0,0,0,0,0,'2021-10-16 22:40:29','2021-10-16 22:40:29',120,0,20),(863,3,200,15,0,NULL,0,0,0,0,0,'2021-10-16 22:40:29','2021-10-16 22:40:29',120,0,20),(864,3,177,12,0,NULL,0,0,0,0,0,'2021-10-16 22:40:29','2021-10-16 22:40:29',120,0,20),(865,3,176,13,0,NULL,0,0,0,0,0,'2021-10-16 22:40:29','2021-10-16 22:40:29',120,0,20),(866,3,184,14,0,NULL,0,0,0,0,0,'2021-10-16 22:40:29','2021-10-16 22:40:29',120,0,20),(867,3,185,15,0,NULL,0,0,0,0,0,'2021-10-16 22:40:29','2021-10-16 22:40:29',120,0,20),(870,3,8,5,0,NULL,0,0,0,0,0,'2021-10-16 22:40:29','2021-10-16 22:40:29',120,0,20),(871,3,9,16,0,NULL,0,0,0,0,0,'2021-10-16 22:40:29','2021-10-16 22:40:29',120,0,20),(872,3,66,1,0,NULL,0,0,0,0,0,'2021-10-16 22:40:29','2021-10-16 22:40:29',120,0,20),(873,3,38,3,0,NULL,0,0,0,0,0,'2021-10-16 22:40:29','2021-10-16 22:40:29',120,0,20),(874,3,39,17,0,NULL,0,0,0,0,0,'2021-10-16 22:40:29','2021-10-16 22:40:29',120,0,20),(875,3,64,3,0,NULL,0,0,0,0,0,'2021-10-16 22:40:29','2021-10-16 22:40:29',120,0,20),(876,3,65,17,0,NULL,0,0,0,0,0,'2021-10-16 22:40:29','2021-10-16 22:40:29',120,0,20),(877,3,170,8,0,NULL,15,0,1,14,0,'2021-10-16 22:40:29','2021-10-16 22:40:29',120,0,20),(878,3,171,8,0,NULL,0,0,0,0,0,'2021-10-16 22:40:29','2021-10-16 22:40:29',120,0,20),(879,3,159,7,0,NULL,0,0,0,0,0,'2021-10-16 22:40:29','2021-10-16 22:40:29',120,0,20),(880,3,158,7,0,NULL,0,0,0,0,0,'2021-10-16 22:40:29','2021-10-16 22:40:29',120,0,20),(881,3,102,9,0,NULL,0,0,0,0,0,'2021-10-16 22:40:29','2021-10-16 22:40:29',120,0,20),(882,3,103,10,0,NULL,0,0,0,0,0,'2021-10-16 22:40:29','2021-10-16 22:40:29',120,0,20),(883,3,101,9,0,NULL,0,0,0,0,0,'2021-10-16 22:40:29','2021-10-16 22:40:29',120,0,20),(884,3,100,10,0,NULL,0,0,0,0,0,'2021-10-16 22:40:29','2021-10-16 22:40:29',120,0,20),(887,3,111,10,0,NULL,0,0,0,0,0,'2021-10-16 22:40:29','2021-10-16 22:40:29',120,0,20),(888,3,110,9,0,NULL,0,0,0,0,0,'2021-10-16 22:40:29','2021-10-16 22:40:29',120,0,20),(890,3,114,9,0,NULL,0,0,0,0,0,'2021-10-16 22:40:29','2021-10-16 22:40:29',120,0,20),(891,3,132,6,0,NULL,0,0,0,0,0,'2021-10-16 22:40:29','2021-10-16 22:40:29',120,0,20),(892,3,147,21,0,NULL,0,0,0,0,0,'2021-10-16 22:40:29','2021-10-16 22:40:29',120,0,20),(893,3,141,21,0,NULL,0,0,0,0,0,'2021-10-16 22:40:29','2021-10-16 22:40:29',120,0,20),(894,3,140,6,0,NULL,0,0,0,0,0,'2021-10-16 22:40:29','2021-10-16 22:40:29',120,0,20),(895,3,163,7,0,NULL,0,0,0,0,0,'2021-10-16 22:40:29','2021-10-16 22:40:29',120,0,20),(896,3,175,8,0,NULL,15,0,0,15,0,'2021-10-16 22:40:29','2021-10-16 22:40:29',120,0,20),(897,3,115,10,0,NULL,0,0,0,0,0,'2021-10-16 22:40:29','2021-10-16 22:40:29',120,0,20),(898,4,89,2,0,NULL,0,0,0,0,0,'2021-10-16 22:40:29','2021-10-16 22:40:29',120,0,20),(899,4,91,2,0,NULL,0,0,0,0,0,'2021-10-16 22:40:29','2021-10-16 22:40:29',120,0,20),(900,4,81,2,0,NULL,0,0,0,0,0,'2021-10-16 22:40:29','2021-10-16 22:40:29',120,0,20),(901,4,79,2,0,NULL,0,0,0,0,0,'2021-10-16 22:40:29','2021-10-16 22:40:29',120,0,20),(902,4,80,2,0,NULL,0,0,0,0,0,'2021-10-16 22:40:29','2021-10-16 22:40:29',120,0,20),(903,4,87,2,0,NULL,0,0,0,0,0,'2021-10-16 22:40:29','2021-10-16 22:40:29',120,0,20),(904,4,88,2,0,NULL,0,0,0,0,0,'2021-10-16 22:40:29','2021-10-16 22:40:29',120,0,20),(905,4,90,2,0,NULL,0,0,0,0,0,'2021-10-16 22:40:29','2021-10-16 22:40:29',120,0,20),(906,4,82,2,0,NULL,0,0,0,0,0,'2021-10-16 22:40:29','2021-10-16 22:40:29',120,0,20),(907,4,83,2,0,NULL,0,0,0,0,0,'2021-10-16 22:40:29','2021-10-16 22:40:29',120,0,20),(908,4,86,2,0,NULL,0,0,0,0,0,'2021-10-16 22:40:29','2021-10-16 22:40:29',120,0,20),(909,4,85,2,0,NULL,0,0,0,0,0,'2021-10-16 22:40:29','2021-10-16 22:40:29',120,0,20),(910,4,84,2,0,NULL,0,0,0,0,0,'2021-10-16 22:40:29','2021-10-16 22:40:29',120,0,20),(911,4,66,1,0,NULL,0,0,0,0,0,'2021-10-16 22:40:29','2021-10-16 22:40:29',120,0,20),(912,4,76,1,0,NULL,0,0,0,0,0,'2021-10-16 22:40:29','2021-10-16 22:40:29',120,0,20),(913,4,68,1,0,NULL,0,0,0,0,0,'2021-10-16 22:40:29','2021-10-16 22:40:29',120,0,20),(914,4,71,1,0,NULL,0,0,0,0,0,'2021-10-16 22:40:29','2021-10-16 22:40:29',120,0,20),(915,4,73,1,0,NULL,0,0,0,0,0,'2021-10-16 22:40:29','2021-10-16 22:40:29',120,0,20),(916,4,72,1,0,NULL,0,0,0,0,0,'2021-10-16 22:40:29','2021-10-16 22:40:29',120,0,20),(917,4,70,1,0,NULL,0,0,0,0,0,'2021-10-16 22:40:29','2021-10-16 22:40:29',120,0,20),(918,4,67,1,0,NULL,0,0,0,0,0,'2021-10-16 22:40:29','2021-10-16 22:40:29',120,0,20),(919,4,74,1,0,NULL,0,0,0,0,0,'2021-10-16 22:40:29','2021-10-16 22:40:29',120,0,20),(920,4,78,1,0,NULL,0,0,0,0,0,'2021-10-16 22:40:29','2021-10-16 22:40:29',120,0,20),(921,4,77,1,0,NULL,0,0,0,0,0,'2021-10-16 22:40:29','2021-10-16 22:40:29',120,0,20),(922,4,75,1,0,NULL,0,0,0,0,0,'2021-10-16 22:40:29','2021-10-16 22:40:29',120,0,20),(923,4,69,1,0,NULL,0,0,0,0,0,'2021-10-16 22:40:29','2021-10-16 22:40:29',120,0,20),(924,4,64,3,0,NULL,0,0,0,0,0,'2021-10-16 22:40:29','2021-10-16 22:40:29',120,0,20),(925,4,65,17,0,NULL,0,0,0,0,0,'2021-10-16 22:40:29','2021-10-16 22:40:29',120,0,20),(926,4,43,17,0,NULL,0,0,0,0,0,'2021-10-16 22:40:29','2021-10-16 22:40:29',120,0,20),(927,4,42,3,0,NULL,0,0,0,0,0,'2021-10-16 22:40:29','2021-10-16 22:40:29',120,0,20),(929,4,40,3,0,NULL,0,0,0,0,0,'2021-10-16 22:40:29','2021-10-16 22:40:29',120,0,20),(930,4,54,3,0,NULL,0,0,0,0,0,'2021-10-16 22:40:29','2021-10-16 22:40:29',120,0,20),(931,4,41,17,0,NULL,0,0,0,0,0,'2021-10-16 22:40:29','2021-10-16 22:40:29',120,0,20),(932,4,55,17,0,NULL,0,0,0,0,0,'2021-10-16 22:40:30','2021-10-16 22:40:30',120,0,20),(933,4,58,3,0,NULL,0,0,0,0,0,'2021-10-16 22:40:30','2021-10-16 22:40:30',120,0,20),(936,4,62,3,0,NULL,0,0,0,0,0,'2021-10-16 22:40:30','2021-10-16 22:40:30',120,0,20),(937,4,63,17,0,NULL,0,0,0,0,0,'2021-10-16 22:40:30','2021-10-16 22:40:30',120,0,20),(938,4,37,3,0,NULL,0,0,0,0,0,'2021-10-16 22:40:30','2021-10-16 22:40:30',120,0,20),(939,4,36,17,0,NULL,0,0,0,0,0,'2021-10-16 22:40:30','2021-10-16 22:40:30',120,0,20),(940,4,60,3,0,NULL,0,0,0,0,0,'2021-10-16 22:40:30','2021-10-16 22:40:30',120,0,20),(941,4,61,17,0,NULL,0,0,0,0,0,'2021-10-16 22:40:30','2021-10-16 22:40:30',120,0,20),(942,4,38,3,0,NULL,0,0,0,0,0,'2021-10-16 22:40:30','2021-10-16 22:40:30',120,0,20),(943,4,39,17,0,NULL,0,0,0,0,0,'2021-10-16 22:40:30','2021-10-16 22:40:30',120,0,20),(944,4,46,3,0,NULL,0,0,0,0,0,'2021-10-16 22:40:30','2021-10-16 22:40:30',120,0,20),(945,4,47,17,0,NULL,0,0,0,0,0,'2021-10-16 22:40:30','2021-10-16 22:40:30',120,0,20),(946,4,52,3,0,NULL,0,0,0,0,0,'2021-10-16 22:40:30','2021-10-16 22:40:30',120,0,20),(947,4,53,17,0,NULL,0,0,0,0,0,'2021-10-16 22:40:30','2021-10-16 22:40:30',120,0,20),(948,4,48,3,0,NULL,0,0,0,0,0,'2021-10-16 22:40:30','2021-10-16 22:40:30',120,0,20),(949,4,49,17,0,NULL,0,0,0,0,0,'2021-10-16 22:40:30','2021-10-16 22:40:30',120,0,20),(950,4,50,3,0,NULL,0,0,0,0,0,'2021-10-16 22:40:30','2021-10-16 22:40:30',120,0,20),(951,4,51,17,0,NULL,0,0,0,0,0,'2021-10-16 22:40:30','2021-10-16 22:40:30',120,0,20),(952,4,44,3,0,NULL,0,0,0,0,0,'2021-10-16 22:40:30','2021-10-16 22:40:30',120,0,20),(953,4,45,17,0,NULL,0,0,0,0,0,'2021-10-16 22:40:30','2021-10-16 22:40:30',120,0,20),(954,4,56,3,0,NULL,0,0,0,0,0,'2021-10-16 22:40:30','2021-10-16 22:40:30',120,0,20),(955,4,57,17,0,NULL,0,0,0,0,0,'2021-10-16 22:40:30','2021-10-16 22:40:30',120,0,20),(956,4,24,5,0,NULL,0,0,0,0,0,'2021-10-16 22:40:30','2021-10-16 22:40:30',120,0,20),(957,4,25,16,0,NULL,0,0,0,0,0,'2021-10-16 22:40:30','2021-10-16 22:40:30',120,0,20),(958,4,18,5,0,NULL,0,0,0,0,0,'2021-10-16 22:40:30','2021-10-16 22:40:30',120,0,20),(960,4,10,5,0,NULL,0,0,0,0,0,'2021-10-16 22:40:30','2021-10-16 22:40:30',120,0,20),(961,4,30,5,0,NULL,0,0,0,0,0,'2021-10-16 22:40:30','2021-10-16 22:40:30',120,0,20),(962,4,12,5,0,NULL,0,0,0,0,0,'2021-10-16 22:40:30','2021-10-16 22:40:30',120,0,20),(963,4,8,5,0,NULL,0,0,0,0,0,'2021-10-16 22:40:30','2021-10-16 22:40:30',120,0,20),(964,4,9,16,0,NULL,0,0,0,0,0,'2021-10-16 22:40:30','2021-10-16 22:40:30',120,0,20),(965,4,11,16,0,NULL,0,0,0,0,0,'2021-10-16 22:40:30','2021-10-16 22:40:30',120,0,20),(966,4,20,5,0,NULL,0,0,0,0,0,'2021-10-16 22:40:30','2021-10-16 22:40:30',120,0,20),(967,4,21,16,0,NULL,0,0,0,0,0,'2021-10-16 22:40:30','2021-10-16 22:40:30',120,0,20),(968,4,28,5,0,NULL,0,0,0,0,0,'2021-10-16 22:40:30','2021-10-16 22:40:30',120,0,20),(969,4,29,16,0,NULL,0,0,0,0,0,'2021-10-16 22:40:30','2021-10-16 22:40:30',120,0,20),(970,4,14,5,0,NULL,0,0,0,0,0,'2021-10-16 22:40:30','2021-10-16 22:40:30',120,0,20),(971,4,15,16,0,NULL,0,0,0,0,0,'2021-10-16 22:40:30','2021-10-16 22:40:30',120,0,20),(972,4,7,16,0,NULL,0,0,0,0,0,'2021-10-16 22:40:30','2021-10-16 22:40:30',120,0,20),(973,4,2,5,0,NULL,0,0,0,0,0,'2021-10-16 22:40:30','2021-10-16 22:40:30',120,0,20),(974,4,4,16,0,NULL,0,0,0,0,0,'2021-10-16 22:40:30','2021-10-16 22:40:30',120,0,20),(975,4,5,16,0,NULL,0,0,0,0,0,'2021-10-16 22:40:30','2021-10-16 22:40:30',120,0,20),(976,4,3,5,0,NULL,0,0,0,0,0,'2021-10-16 22:40:30','2021-10-16 22:40:30',120,0,20),(977,4,26,5,0,NULL,0,0,0,0,0,'2021-10-16 22:40:30','2021-10-16 22:40:30',120,0,20),(978,4,27,16,0,NULL,0,0,0,0,0,'2021-10-16 22:40:30','2021-10-16 22:40:30',120,0,20),(979,4,22,5,0,NULL,0,0,0,0,0,'2021-10-16 22:40:30','2021-10-16 22:40:30',120,0,20),(980,4,23,16,0,NULL,0,0,0,0,0,'2021-10-16 22:40:30','2021-10-16 22:40:30',120,0,20),(981,4,32,5,0,NULL,0,0,0,0,0,'2021-10-16 22:40:30','2021-10-16 22:40:30',120,0,20),(982,4,33,16,0,NULL,0,0,0,0,0,'2021-10-16 22:40:30','2021-10-16 22:40:30',120,0,20),(983,4,19,16,0,NULL,0,0,0,0,0,'2021-10-16 22:40:30','2021-10-16 22:40:30',120,0,20),(986,4,108,9,0,NULL,0,0,0,0,0,'2021-10-16 22:40:30','2021-10-16 22:40:30',120,0,20),(987,4,109,10,0,NULL,0,0,0,0,0,'2021-10-16 22:40:30','2021-10-16 22:40:30',120,0,20),(988,4,121,11,0,NULL,0,0,0,0,0,'2021-10-16 22:40:30','2021-10-16 22:40:30',120,0,20),(989,4,103,10,0,NULL,0,0,0,0,0,'2021-10-16 22:40:30','2021-10-16 22:40:30',120,0,20),(990,4,125,11,0,NULL,0,0,0,0,0,'2021-10-16 22:40:30','2021-10-16 22:40:30',120,0,20),(991,4,100,10,0,NULL,0,0,0,0,0,'2021-10-16 22:40:30','2021-10-16 22:40:30',120,0,20),(992,4,124,11,0,NULL,0,0,0,0,0,'2021-10-16 22:40:30','2021-10-16 22:40:30',120,0,20),(993,4,101,9,0,NULL,0,0,0,0,0,'2021-10-16 22:40:30','2021-10-16 22:40:30',120,0,20),(994,4,110,9,0,NULL,0,0,0,0,0,'2021-10-16 22:40:30','2021-10-16 22:40:30',120,0,20),(995,4,111,10,0,NULL,0,0,0,0,0,'2021-10-16 22:40:30','2021-10-16 22:40:30',120,0,20),(996,4,127,11,0,NULL,0,0,0,0,0,'2021-10-16 22:40:30','2021-10-16 22:40:30',120,0,20),(997,4,114,9,0,NULL,0,0,0,0,0,'2021-10-16 22:40:30','2021-10-16 22:40:30',120,0,20),(998,4,94,9,0,NULL,0,0,0,0,0,'2021-10-16 22:40:30','2021-10-16 22:40:30',120,0,20),(999,4,95,10,0,NULL,0,0,0,0,0,'2021-10-16 22:40:30','2021-10-16 22:40:30',120,0,20),(1000,4,116,11,0,NULL,0,0,0,0,0,'2021-10-16 22:40:30','2021-10-16 22:40:30',120,0,20),(1001,4,122,11,0,NULL,0,0,0,0,0,'2021-10-16 22:40:30','2021-10-16 22:40:30',120,0,20),(1002,4,119,11,0,NULL,0,0,0,0,0,'2021-10-16 22:40:30','2021-10-16 22:40:30',120,0,20),(1003,4,99,10,0,NULL,0,0,0,0,0,'2021-10-16 22:40:30','2021-10-16 22:40:30',120,0,20),(1004,4,98,9,0,NULL,0,0,0,0,0,'2021-10-16 22:40:30','2021-10-16 22:40:30',120,0,20),(1005,4,96,9,0,NULL,0,0,0,0,0,'2021-10-16 22:40:30','2021-10-16 22:40:30',120,0,20),(1006,4,97,10,0,NULL,0,0,0,0,0,'2021-10-16 22:40:30','2021-10-16 22:40:30',120,0,20),(1007,4,106,9,0,NULL,0,0,0,0,0,'2021-10-16 22:40:30','2021-10-16 22:40:30',120,0,20),(1008,4,107,10,0,NULL,0,0,0,0,0,'2021-10-16 22:40:30','2021-10-16 22:40:30',120,0,20),(1009,4,120,11,0,NULL,0,0,0,0,0,'2021-10-16 22:40:30','2021-10-16 22:40:30',120,0,20),(1010,4,118,11,0,NULL,0,0,0,0,0,'2021-10-16 22:40:30','2021-10-16 22:40:30',120,0,20),(1011,4,126,11,0,NULL,0,0,0,0,0,'2021-10-16 22:40:30','2021-10-16 22:40:30',120,0,20),(1012,4,113,10,0,NULL,0,0,0,0,0,'2021-10-16 22:40:30','2021-10-16 22:40:30',120,0,20),(1013,4,112,9,0,NULL,0,0,0,0,0,'2021-10-16 22:40:30','2021-10-16 22:40:30',120,0,20),(1014,4,92,9,0,NULL,0,0,0,0,0,'2021-10-16 22:40:30','2021-10-16 22:40:30',120,0,20),(1015,4,93,10,0,NULL,0,0,0,0,0,'2021-10-16 22:40:30','2021-10-16 22:40:30',120,0,20),(1016,4,228,9,0,NULL,0,0,0,0,0,'2021-10-16 22:40:30','2021-10-16 22:40:30',120,0,20),(1017,4,227,10,0,NULL,0,0,0,0,0,'2021-10-16 22:40:30','2021-10-16 22:40:30',120,0,20),(1018,4,165,8,8.1333333333333,NULL,0,0,9,6,0,'2021-10-16 22:40:30','2021-10-16 22:40:30',120,0,20),(1019,4,166,8,6.7333333333333,NULL,0,0,3,12,0,'2021-10-16 22:40:30','2021-10-16 22:40:30',120,0,20),(1020,4,156,7,0,NULL,0,0,0,0,0,'2021-10-16 22:40:30','2021-10-16 22:40:30',120,0,20),(1021,4,155,7,0,NULL,0,0,0,0,0,'2021-10-16 22:40:30','2021-10-16 22:40:30',120,0,20),(1022,4,143,21,0,NULL,0,0,0,0,0,'2021-10-16 22:40:30','2021-10-16 22:40:30',120,0,20),(1023,4,137,6,0,NULL,0,0,0,0,0,'2021-10-16 22:40:30','2021-10-16 22:40:30',120,0,20),(1024,4,160,7,0,NULL,0,0,0,0,0,'2021-10-16 22:40:30','2021-10-16 22:40:30',120,0,20),(1025,4,173,8,9.6333333333333,NULL,0,0,9,6,0,'2021-10-16 22:40:30','2021-10-16 22:40:30',120,0,20),(1026,4,148,21,0,NULL,0,0,0,0,0,'2021-10-16 22:40:30','2021-10-16 22:40:30',120,0,20),(1027,4,149,21,0,NULL,0,0,0,0,0,'2021-10-16 22:40:30','2021-10-16 22:40:30',120,0,20),(1028,4,131,6,0,NULL,0,0,0,0,0,'2021-10-16 22:40:30','2021-10-16 22:40:30',120,0,20),(1029,4,130,6,0,NULL,0,0,0,0,0,'2021-10-16 22:40:30','2021-10-16 22:40:30',120,0,20),(1030,4,167,8,0,NULL,0,0,0,0,0,'2021-10-16 22:40:30','2021-10-16 22:40:30',120,0,20),(1031,4,168,8,0,NULL,0,0,0,0,0,'2021-10-16 22:40:30','2021-10-16 22:40:30',120,0,20),(1032,4,154,7,0,NULL,0,0,0,0,0,'2021-10-16 22:40:30','2021-10-16 22:40:30',120,0,20),(1033,4,153,7,0,NULL,0,0,0,0,0,'2021-10-16 22:40:30','2021-10-16 22:40:30',120,0,20),(1034,4,136,6,0,NULL,0,0,0,0,0,'2021-10-16 22:40:30','2021-10-16 22:40:30',120,0,20),(1035,4,226,21,0,NULL,0,0,0,0,0,'2021-10-16 22:40:30','2021-10-16 22:40:30',120,0,20),(1036,4,134,6,0,NULL,0,0,0,0,0,'2021-10-16 22:40:30','2021-10-16 22:40:30',120,0,20),(1037,4,144,21,0,NULL,0,0,0,0,0,'2021-10-16 22:40:30','2021-10-16 22:40:30',120,0,20),(1038,4,151,21,0,NULL,0,0,0,0,0,'2021-10-16 22:40:30','2021-10-16 22:40:30',120,0,20),(1039,4,35,6,0,NULL,0,0,0,0,0,'2021-10-16 22:40:30','2021-10-16 22:40:30',120,0,20),(1040,4,152,7,0,NULL,0,0,0,0,0,'2021-10-16 22:40:30','2021-10-16 22:40:30',120,0,20),(1041,4,164,8,9.5833333333333,NULL,0,0,9,6,0,'2021-10-16 22:40:30','2021-10-16 22:40:30',120,0,20),(1042,4,169,8,3.7,NULL,0,0,2,13,0,'2021-10-16 22:40:30','2021-10-16 22:40:30',120,0,20),(1043,4,157,7,0,NULL,0,0,0,0,0,'2021-10-16 22:40:30','2021-10-16 22:40:30',120,0,20),(1044,4,141,21,0,NULL,0,0,0,0,0,'2021-10-16 22:40:30','2021-10-16 22:40:30',120,0,20),(1045,4,140,6,0,NULL,0,0,0,0,0,'2021-10-16 22:40:30','2021-10-16 22:40:30',120,0,20),(1046,4,163,7,0,NULL,0,0,0,0,0,'2021-10-16 22:40:30','2021-10-16 22:40:30',120,0,20),(1047,4,175,8,12.133333333333,NULL,0,0,13,2,0,'2021-10-16 22:40:30','2021-10-16 22:40:30',120,0,20),(1048,4,132,6,0,NULL,0,0,0,0,0,'2021-10-16 22:40:30','2021-10-16 22:40:30',120,0,20),(1049,4,147,21,0,NULL,0,0,0,0,0,'2021-10-16 22:40:30','2021-10-16 22:40:30',120,0,20),(1050,4,129,6,0,NULL,0,0,0,0,0,'2021-10-16 22:40:30','2021-10-16 22:40:30',120,0,20),(1051,4,150,21,0,NULL,0,0,0,0,0,'2021-10-16 22:40:30','2021-10-16 22:40:30',120,0,20),(1052,4,170,8,6,NULL,0,0,3,12,0,'2021-10-16 22:40:30','2021-10-16 22:40:30',120,0,20),(1053,4,171,8,0,NULL,0,0,0,0,0,'2021-10-16 22:40:30','2021-10-16 22:40:30',120,0,20),(1054,4,159,7,0,NULL,0,0,0,0,0,'2021-10-16 22:40:30','2021-10-16 22:40:30',120,0,20),(1055,4,158,7,0,NULL,0,0,0,0,0,'2021-10-16 22:40:30','2021-10-16 22:40:30',120,0,20),(1056,4,142,21,0,NULL,0,0,0,0,0,'2021-10-16 22:40:30','2021-10-16 22:40:30',120,0,20),(1058,4,162,7,0,NULL,0,0,0,0,0,'2021-10-16 22:40:30','2021-10-16 22:40:30',120,0,20),(1059,4,174,8,11.933333333333,NULL,0,0,13,2,0,'2021-10-16 22:40:30','2021-10-16 22:40:30',120,0,20),(1060,4,172,8,6.0666666666667,NULL,0,0,2,13,0,'2021-10-16 22:40:30','2021-10-16 22:40:30',120,0,20),(1061,4,161,7,0,NULL,0,0,0,0,0,'2021-10-16 22:43:53','2021-10-16 22:43:53',120,0,20),(1064,4,139,6,0,NULL,0,0,0,0,0,'2021-10-16 22:43:53','2021-10-16 22:43:53',120,0,20),(1065,4,191,12,0,NULL,0,0,0,0,0,'2021-10-16 22:43:53','2021-10-16 22:43:53',120,0,20),(1066,4,195,12,0,NULL,0,0,0,0,0,'2021-10-16 22:43:53','2021-10-16 22:43:53',120,0,20),(1067,4,190,13,0,NULL,0,0,0,0,0,'2021-10-16 22:43:53','2021-10-16 22:43:53',120,0,20),(1068,4,194,13,0,NULL,0,0,0,0,0,'2021-10-16 22:43:53','2021-10-16 22:43:53',120,0,20),(1069,4,192,15,0,NULL,0,0,0,0,0,'2021-10-16 22:43:53','2021-10-16 22:43:53',120,0,20),(1070,4,196,15,0,NULL,0,0,0,0,0,'2021-10-16 22:43:53','2021-10-16 22:43:53',120,0,20),(1071,4,193,14,0,NULL,0,0,0,0,0,'2021-10-16 22:43:53','2021-10-16 22:43:53',120,0,20),(1072,4,197,14,0,NULL,0,0,0,0,0,'2021-10-16 22:43:53','2021-10-16 22:43:53',120,0,20),(1073,4,178,13,0,NULL,0,0,0,0,0,'2021-10-16 22:43:53','2021-10-16 22:43:53',120,0,20),(1074,4,179,12,0,NULL,0,0,0,0,0,'2021-10-16 22:43:53','2021-10-16 22:43:53',120,0,20),(1075,4,186,13,0,NULL,0,0,0,0,0,'2021-10-16 22:43:53','2021-10-16 22:43:53',120,0,20),(1076,4,187,12,0,NULL,0,0,0,0,0,'2021-10-16 22:43:53','2021-10-16 22:43:53',120,0,20),(1077,4,199,12,0,NULL,0,0,0,0,0,'2021-10-16 22:43:53','2021-10-16 22:43:53',120,0,20),(1078,4,198,13,0,NULL,0,0,0,0,0,'2021-10-16 22:43:53','2021-10-16 22:43:53',120,0,20),(1079,4,201,14,0,NULL,0,0,0,0,0,'2021-10-16 22:43:53','2021-10-16 22:43:53',120,0,20),(1080,4,200,15,0,NULL,0,0,0,0,0,'2021-10-16 22:43:53','2021-10-16 22:43:53',120,0,20),(1081,4,204,15,0,NULL,0,0,0,0,0,'2021-10-16 22:43:53','2021-10-16 22:43:53',120,0,20),(1082,4,205,14,0,NULL,0,0,0,0,0,'2021-10-16 22:43:53','2021-10-16 22:43:53',120,0,20),(1083,4,177,12,0,NULL,0,0,0,0,0,'2021-10-16 22:43:53','2021-10-16 22:43:53',120,0,20),(1084,4,176,13,0,NULL,0,0,0,0,0,'2021-10-16 22:43:53','2021-10-16 22:43:53',120,0,20),(1085,4,184,14,0,NULL,0,0,0,0,0,'2021-10-16 22:43:53','2021-10-16 22:43:53',120,0,20),(1086,4,185,15,0,NULL,0,0,0,0,0,'2021-10-16 22:43:53','2021-10-16 22:43:53',120,0,20),(1087,4,211,12,0,NULL,0,0,0,0,0,'2021-10-16 22:43:53','2021-10-16 22:43:53',120,0,20),(1088,4,210,13,0,NULL,0,0,0,0,0,'2021-10-16 22:43:53','2021-10-16 22:43:53',120,0,20),(1089,4,213,14,0,NULL,0,0,0,0,0,'2021-10-16 22:43:53','2021-10-16 22:43:53',120,0,20),(1090,4,212,15,0,NULL,0,0,0,0,0,'2021-10-16 22:43:53','2021-10-16 22:43:53',120,0,20),(1091,4,222,13,0,NULL,0,0,0,0,0,'2021-10-16 22:43:53','2021-10-16 22:43:53',120,0,20),(1092,4,202,13,0,NULL,0,0,0,0,0,'2021-10-16 22:43:53','2021-10-16 22:43:53',120,0,20),(1093,4,203,12,0,NULL,0,0,0,0,0,'2021-10-16 22:43:53','2021-10-16 22:43:53',120,0,20),(1094,4,215,12,0,NULL,0,0,0,0,0,'2021-10-16 22:43:53','2021-10-16 22:43:53',120,0,20),(1095,4,214,13,0,NULL,0,0,0,0,0,'2021-10-16 22:43:53','2021-10-16 22:43:53',120,0,20),(1096,4,217,14,0,NULL,0,0,0,0,0,'2021-10-16 22:43:53','2021-10-16 22:43:53',120,0,20),(1097,4,216,15,0,NULL,0,0,0,0,0,'2021-10-16 22:43:53','2021-10-16 22:43:53',120,0,20),(1098,4,208,15,0,NULL,0,0,0,0,0,'2021-10-16 22:43:53','2021-10-16 22:43:53',120,0,20),(1099,4,209,14,0,NULL,0,0,0,0,0,'2021-10-16 22:43:53','2021-10-16 22:43:53',120,0,20),(1100,4,224,15,0,NULL,0,0,0,0,0,'2021-10-16 22:43:53','2021-10-16 22:43:53',120,0,20),(1101,4,223,12,0,NULL,0,0,0,0,0,'2021-10-16 22:43:53','2021-10-16 22:43:53',120,0,20),(1102,4,225,14,0,NULL,0,0,0,0,0,'2021-10-16 22:43:53','2021-10-16 22:43:53',120,0,20),(1103,4,188,15,0,NULL,0,0,0,0,0,'2021-10-16 22:43:53','2021-10-16 22:43:53',120,0,20),(1104,4,180,15,0,NULL,0,0,0,0,0,'2021-10-16 22:43:53','2021-10-16 22:43:53',120,0,20),(1105,4,189,14,0,NULL,0,0,0,0,0,'2021-10-16 22:43:53','2021-10-16 22:43:53',120,0,20),(1106,4,181,14,0,NULL,0,0,0,0,0,'2021-10-16 22:43:53','2021-10-16 22:43:53',120,0,20),(1107,4,13,16,0,NULL,0,0,0,0,0,'2021-10-16 22:43:53','2021-10-16 22:43:53',120,0,20),(1108,4,235,20,0,NULL,0,0,0,0,0,'2021-10-16 22:43:53','2021-10-16 22:43:53',120,0,20),(1111,4,231,19,0,NULL,0,0,0,0,0,'2021-10-16 22:43:53','2021-10-16 22:43:53',120,0,20),(1112,4,273,18,0,NULL,0,0,0,0,0,'2021-10-16 22:43:53','2021-10-16 22:43:53',120,0,20),(1113,4,296,20,0,NULL,0,0,0,0,0,'2021-10-16 22:43:53','2021-10-16 22:43:53',120,0,20),(1114,4,297,19,0,NULL,0,0,0,0,0,'2021-10-16 22:43:53','2021-10-16 22:43:53',120,0,20),(1115,4,300,4,0,NULL,0,0,0,0,0,'2021-10-16 22:43:53','2021-10-16 22:43:53',120,0,20),(1116,4,299,23,0,NULL,0,0,0,0,0,'2021-10-16 22:43:53','2021-10-16 22:43:53',120,0,20),(1117,4,260,4,0,NULL,0,0,0,0,0,'2021-10-16 22:43:53','2021-10-16 22:43:53',120,0,20),(1118,4,284,23,0,NULL,0,0,0,0,0,'2021-10-16 22:43:53','2021-10-16 22:43:53',120,0,20),(1119,4,236,20,0,'Speaking and Reading',0,0,0,0,0,'2021-10-16 22:43:53','2021-10-16 22:43:53',120,0,20),(1120,4,237,20,0,NULL,0,0,0,0,0,'2021-10-16 22:43:53','2021-10-16 22:43:53',120,0,20),(1121,4,238,20,0,NULL,0,0,0,0,0,'2021-10-16 22:43:53','2021-10-16 22:43:53',120,0,20),(1122,4,239,20,0,NULL,0,0,0,0,0,'2021-10-16 22:43:53','2021-10-16 22:43:53',120,0,20),(1123,4,240,20,0,NULL,0,0,0,0,0,'2021-10-16 22:43:53','2021-10-16 22:43:53',120,0,20),(1124,4,241,20,0,NULL,0,0,0,0,0,'2021-10-16 22:43:53','2021-10-16 22:43:53',120,0,20),(1125,4,242,20,0,NULL,0,0,0,0,0,'2021-10-16 22:43:53','2021-10-16 22:43:53',120,0,20),(1126,4,243,20,0,NULL,0,0,0,0,0,'2021-10-16 22:43:53','2021-10-16 22:43:53',120,0,20),(1127,4,244,20,0,NULL,0,0,0,0,0,'2021-10-16 22:43:53','2021-10-16 22:43:53',120,0,20),(1128,4,245,20,0,NULL,0,0,0,0,0,'2021-10-16 22:43:53','2021-10-16 22:43:53',120,0,20),(1129,4,246,20,0,NULL,0,0,0,0,0,'2021-10-16 22:43:53','2021-10-16 22:43:53',120,0,20),(1130,4,229,20,0,NULL,0,0,0,0,0,'2021-10-16 22:43:53','2021-10-16 22:43:53',120,0,20),(1131,3,298,18,0,NULL,0,0,0,0,0,'2021-10-16 22:43:53','2021-10-16 22:43:53',120,0,20),(1132,3,296,20,0,NULL,0,0,0,0,0,'2021-10-16 22:43:53','2021-10-16 22:43:53',120,0,20),(1133,3,297,19,0,NULL,0,0,0,0,0,'2021-10-16 22:43:53','2021-10-16 22:43:53',120,0,20),(1134,4,248,19,0,NULL,0,0,0,0,0,'2021-10-16 22:43:53','2021-10-16 22:43:53',120,0,20),(1135,4,247,19,0,'Speaking and Reading',0,0,0,0,0,'2021-10-16 22:43:53','2021-10-16 22:43:53',120,0,20),(1136,4,249,19,0,NULL,0,0,0,0,0,'2021-10-16 22:43:53','2021-10-16 22:43:53',120,0,20),(1137,4,250,19,0,NULL,0,0,0,0,0,'2021-10-16 22:43:53','2021-10-16 22:43:53',120,0,20),(1138,4,251,19,0,NULL,0,0,0,0,0,'2021-10-16 22:43:53','2021-10-16 22:43:53',120,0,20),(1139,4,254,19,0,NULL,0,0,0,0,0,'2021-10-16 22:43:53','2021-10-16 22:43:53',120,0,20),(1140,4,255,19,0,NULL,0,0,0,0,0,'2021-10-16 22:43:53','2021-10-16 22:43:53',120,0,20),(1141,4,256,19,0,NULL,0,0,0,0,0,'2021-10-16 22:43:53','2021-10-16 22:43:53',120,0,20),(1142,4,257,19,0,NULL,0,0,0,0,0,'2021-10-16 22:43:53','2021-10-16 22:43:53',120,0,20),(1143,4,258,19,0,NULL,0,0,0,0,0,'2021-10-16 22:43:53','2021-10-16 22:43:53',120,0,20),(1144,4,259,19,0,NULL,0,0,0,0,0,'2021-10-16 22:43:53','2021-10-16 22:43:53',120,0,20),(1145,4,230,19,0,NULL,0,0,0,0,0,'2021-10-16 22:43:53','2021-10-16 22:43:53',120,0,20),(1146,4,274,18,0,'Speaking and Reading',0,0,0,0,0,'2021-10-16 22:43:53','2021-10-16 22:43:53',120,0,20),(1147,4,275,18,0,NULL,0,0,0,0,0,'2021-10-16 22:43:53','2021-10-16 22:43:53',120,0,20),(1148,4,276,18,0,NULL,0,0,0,0,0,'2021-10-16 22:43:53','2021-10-16 22:43:53',120,0,20),(1149,4,277,18,0,NULL,0,0,0,0,0,'2021-10-16 22:43:53','2021-10-16 22:43:53',120,0,20),(1150,4,294,18,0,NULL,0,0,0,0,0,'2021-10-16 22:43:53','2021-10-16 22:43:53',120,0,20),(1151,4,278,18,0,NULL,0,0,0,0,0,'2021-10-16 22:43:53','2021-10-16 22:43:53',120,0,20),(1152,4,295,18,0,NULL,0,0,0,0,0,'2021-10-16 22:43:53','2021-10-16 22:43:53',120,0,20),(1153,4,279,18,0,NULL,0,0,0,0,0,'2021-10-16 22:43:53','2021-10-16 22:43:53',120,0,20),(1154,4,282,18,0,NULL,0,0,0,0,0,'2021-10-16 22:43:53','2021-10-16 22:43:53',120,0,20),(1155,4,280,18,0,NULL,0,0,0,0,0,'2021-10-16 22:43:53','2021-10-16 22:43:53',120,0,20),(1156,4,281,18,0,NULL,0,0,0,0,0,'2021-10-16 22:43:53','2021-10-16 22:43:53',120,0,20),(1157,4,232,18,0,NULL,0,0,0,0,0,'2021-10-16 22:43:53','2021-10-16 22:43:53',120,0,20),(1158,4,298,18,0,NULL,0,0,0,0,0,'2021-10-16 22:43:53','2021-10-16 22:43:53',120,0,20),(1159,4,261,4,0,'Speaking and Reading',0,0,0,0,0,'2021-10-16 22:43:53','2021-10-16 22:43:53',120,0,20),(1160,4,285,23,0,'Speaking and Reading',0,0,0,0,0,'2021-10-16 22:43:53','2021-10-16 22:43:53',120,0,20),(1161,4,262,4,0,NULL,0,0,0,0,0,'2021-10-16 22:43:53','2021-10-16 22:43:53',120,0,20),(1162,4,263,4,0,NULL,0,0,0,0,0,'2021-10-16 22:43:53','2021-10-16 22:43:53',120,0,20),(1163,4,290,23,0,NULL,0,0,0,0,0,'2021-10-16 22:43:53','2021-10-16 22:43:53',120,0,20),(1164,4,264,23,0,NULL,0,0,0,0,0,'2021-10-16 22:43:53','2021-10-16 22:43:53',120,0,20),(1165,4,265,23,0,NULL,0,0,0,0,0,'2021-10-16 22:43:53','2021-10-16 22:43:53',120,0,20),(1166,4,266,4,0,NULL,0,0,0,0,0,'2021-10-16 22:43:53','2021-10-16 22:43:53',120,0,20),(1167,4,291,23,0,NULL,0,0,0,0,0,'2021-10-16 22:43:53','2021-10-16 22:43:53',120,0,20),(1168,4,289,23,0,NULL,0,0,0,0,0,'2021-10-16 22:43:53','2021-10-16 22:43:53',120,0,20),(1169,4,267,4,0,NULL,0,0,0,0,0,'2021-10-16 22:43:53','2021-10-16 22:43:53',120,0,20),(1170,4,293,23,0,NULL,0,0,0,0,0,'2021-10-16 22:43:53','2021-10-16 22:43:53',120,0,20),(1171,4,269,4,0,NULL,0,0,0,0,0,'2021-10-16 22:43:53','2021-10-16 22:43:53',120,0,20),(1172,4,270,4,0,NULL,0,0,0,0,0,'2021-10-16 22:43:53','2021-10-16 22:43:53',120,0,20),(1173,4,283,23,0,NULL,0,0,0,0,0,'2021-10-16 22:43:53','2021-10-16 22:43:53',120,0,20),(1174,4,234,4,0,NULL,0,0,0,0,0,'2021-10-16 22:43:53','2021-10-16 22:43:53',120,0,20),(1175,4,271,4,0,NULL,0,0,0,0,0,'2021-10-16 22:43:53','2021-10-16 22:43:53',120,0,20),(1176,4,286,23,0,NULL,0,0,0,0,0,'2021-10-16 22:43:53','2021-10-16 22:43:53',120,0,20),(1177,4,292,23,0,NULL,0,0,0,0,0,'2021-10-16 22:43:53','2021-10-16 22:43:53',120,0,20),(1178,4,268,4,0,NULL,0,0,0,0,0,'2021-10-16 22:43:53','2021-10-16 22:43:53',120,0,20),(1179,4,287,23,0,NULL,0,0,0,0,0,'2021-10-16 22:43:53','2021-10-16 22:43:53',120,0,20),(1180,4,272,4,0,NULL,0,0,0,0,0,'2021-10-16 22:43:53','2021-10-16 22:43:53',120,0,20),(1181,4,288,23,0,NULL,0,0,0,0,0,'2021-10-16 22:43:53','2021-10-16 22:43:53',120,0,20),(1182,4,233,4,0,NULL,0,0,0,0,0,'2021-10-16 22:43:53','2021-10-16 22:43:53',120,0,20),(1183,4,221,14,0,NULL,0,0,0,0,0,'2021-10-16 22:43:53','2021-10-16 22:43:53',120,0,20),(1184,3,221,14,0,NULL,0,0,0,0,0,'2021-10-16 22:43:53','2021-10-16 22:43:53',120,0,20),(1185,2,220,15,0,NULL,0,0,0,0,0,'2021-10-16 22:43:53','2021-10-16 22:43:53',120,0,20),(1186,3,220,15,0,NULL,0,0,0,0,0,'2021-10-16 22:43:53','2021-10-16 22:43:53',120,0,20),(1187,4,220,15,0,NULL,0,0,0,0,0,'2021-10-16 22:43:53','2021-10-16 22:43:53',120,0,20),(1188,3,218,13,0,NULL,0,0,0,0,0,'2021-10-16 22:43:53','2021-10-16 22:43:53',120,0,20),(1189,4,218,13,0,NULL,0,0,0,0,0,'2021-10-16 22:43:53','2021-10-16 22:43:53',120,0,20),(1190,2,218,13,0,NULL,0,0,0,0,0,'2021-10-16 22:43:53','2021-10-16 22:43:53',120,0,20),(1191,3,219,12,0,NULL,0,0,0,0,0,'2021-10-16 22:43:53','2021-10-16 22:43:53',120,0,20),(1192,4,219,12,0,NULL,0,0,0,0,0,'2021-10-16 22:43:53','2021-10-16 22:43:53',120,0,20),(1193,2,219,12,0,NULL,0,0,0,0,0,'2021-10-16 22:43:53','2021-10-16 22:43:53',120,0,20),(1194,4,115,10,0,NULL,0,0,0,0,0,'2021-10-16 22:43:53','2021-10-16 22:43:53',120,0,20),(1195,4,207,14,0,NULL,0,0,0,0,0,'2021-10-16 22:43:53','2021-10-16 22:43:53',120,0,20),(1196,4,287,23,0,NULL,0,0,0,0,0,'2021-10-16 22:43:53','2021-10-16 22:43:53',120,0,20),(1197,4,206,15,0,NULL,0,0,0,0,0,'2021-10-16 22:43:53','2021-10-16 22:43:53',120,0,20),(1198,4,133,6,0,NULL,0,0,0,0,0,'2021-10-16 22:43:53','2021-10-16 22:43:53',120,0,20),(1199,4,146,21,0,NULL,0,0,0,0,0,'2021-10-16 22:43:53','2021-10-16 22:43:53',120,0,20),(1200,4,31,16,0,NULL,0,0,0,0,0,'2021-10-16 22:43:53','2021-10-16 22:43:53',120,0,20),(1201,3,133,6,0,NULL,0,0,0,0,0,'2021-10-16 22:43:53','2021-10-16 22:43:53',120,0,20),(1202,3,146,21,0,NULL,0,0,0,0,0,'2021-10-16 22:43:53','2021-10-16 22:43:53',120,0,20),(1203,4,102,9,0,NULL,0,0,0,0,0,'2021-10-16 22:43:53','2021-10-16 22:43:53',120,0,20),(1204,3,272,4,0,NULL,0,0,0,0,0,'2021-10-16 22:43:53','2021-10-16 22:43:53',120,0,20),(1205,3,287,23,0,NULL,0,0,0,0,0,'2021-10-16 22:43:53','2021-10-16 22:43:53',120,0,20),(1206,3,287,23,0,NULL,0,0,0,0,0,'2021-10-16 22:43:53','2021-10-16 22:43:53',120,0,20),(1207,3,7,16,0,NULL,0,0,0,0,0,'2021-10-16 22:43:53','2021-10-16 22:43:53',120,0,20),(1208,3,15,16,0,NULL,0,0,0,0,0,'2021-10-16 22:43:53','2021-10-16 22:43:53',120,0,20),(1209,3,36,17,0,NULL,0,0,0,0,0,'2021-10-16 22:43:53','2021-10-16 22:43:53',120,0,20),(1210,4,59,17,0,NULL,0,0,0,0,0,'2021-10-16 22:43:53','2021-10-16 22:43:53',120,0,20),(1211,5,285,23,0,'Speaking and Reading',0,0,0,0,0,'2021-10-16 22:43:53','2021-10-16 22:43:53',120,0,20),(1212,5,261,4,0,'Speaking and Reading',0,0,0,0,0,'2021-10-16 22:43:53','2021-10-16 22:43:53',120,0,20),(1213,5,262,4,0,NULL,0,0,0,0,0,'2021-10-16 22:43:53','2021-10-16 22:43:53',120,0,20),(1214,5,263,4,0,NULL,0,0,0,0,0,'2021-10-16 22:43:53','2021-10-16 22:43:53',120,0,20),(1215,5,290,23,0,NULL,0,0,0,0,0,'2021-10-16 22:43:53','2021-10-16 22:43:53',120,0,20),(1216,5,264,23,0,NULL,0,0,0,0,0,'2021-10-16 22:43:53','2021-10-16 22:43:53',120,0,20),(1217,5,265,23,0,NULL,0,0,0,0,0,'2021-10-16 22:43:53','2021-10-16 22:43:53',120,0,20),(1218,5,266,4,0,NULL,0,0,0,0,0,'2021-10-16 22:43:53','2021-10-16 22:43:53',120,0,20),(1219,5,291,23,0,NULL,0,0,0,0,0,'2021-10-16 22:43:53','2021-10-16 22:43:53',120,0,20),(1220,5,267,4,0,NULL,0,0,0,0,0,'2021-10-16 22:43:53','2021-10-16 22:43:53',120,0,20),(1221,5,289,23,0,NULL,0,0,0,0,0,'2021-10-16 22:43:53','2021-10-16 22:43:53',120,0,20),(1222,5,293,23,0,NULL,0,0,0,0,0,'2021-10-16 22:43:53','2021-10-16 22:43:53',120,0,20),(1223,5,269,4,0,NULL,0,0,0,0,0,'2021-10-16 22:43:53','2021-10-16 22:43:53',120,0,20),(1224,5,270,4,0,NULL,0,0,0,0,0,'2021-10-16 22:43:53','2021-10-16 22:43:53',120,0,20),(1225,5,234,4,0,NULL,0,0,0,0,0,'2021-10-16 22:43:53','2021-10-16 22:43:53',120,0,20),(1226,5,283,23,0,NULL,0,0,0,0,0,'2021-10-16 22:43:53','2021-10-16 22:43:53',120,0,20),(1227,5,271,4,0,NULL,0,0,0,0,0,'2021-10-16 22:43:53','2021-10-16 22:43:53',120,0,20),(1228,5,286,23,0,NULL,0,0,0,0,0,'2021-10-16 22:43:53','2021-10-16 22:43:53',120,0,20),(1229,5,268,4,0,NULL,0,0,0,0,0,'2021-10-16 22:43:53','2021-10-16 22:43:53',120,0,20),(1230,5,292,23,0,NULL,0,0,0,0,0,'2021-10-16 22:43:53','2021-10-16 22:43:53',120,0,20),(1231,5,272,4,0,NULL,0,0,0,0,0,'2021-10-16 22:43:53','2021-10-16 22:43:53',120,0,20),(1232,5,287,23,0,NULL,0,0,0,0,0,'2021-10-16 22:43:53','2021-10-16 22:43:53',120,0,20),(1233,5,273,18,0,NULL,0,0,0,0,0,'2021-10-16 22:43:53','2021-10-16 22:43:53',120,0,20),(1234,5,274,18,0,'Speaking and Reading',0,0,0,0,0,'2021-10-16 22:43:53','2021-10-16 22:43:53',120,0,20),(1235,5,275,18,0,NULL,0,0,0,0,0,'2021-10-16 22:43:53','2021-10-16 22:43:53',120,0,20),(1236,5,276,18,0,NULL,0,0,0,0,0,'2021-10-16 22:43:53','2021-10-16 22:43:53',120,0,20),(1237,5,277,18,0,NULL,0,0,0,0,0,'2021-10-16 22:43:53','2021-10-16 22:43:53',120,0,20),(1238,5,294,18,0,NULL,0,0,0,0,0,'2021-10-16 22:43:53','2021-10-16 22:43:53',120,0,20),(1239,5,278,18,0,NULL,0,0,0,0,0,'2021-10-16 22:43:53','2021-10-16 22:43:53',120,0,20),(1240,5,295,18,0,NULL,0,0,0,0,0,'2021-10-16 22:43:53','2021-10-16 22:43:53',120,0,20),(1241,5,279,18,0,NULL,0,0,0,0,0,'2021-10-16 22:43:53','2021-10-16 22:43:53',120,0,20),(1242,5,282,18,0,NULL,0,0,0,0,0,'2021-10-16 22:43:53','2021-10-16 22:43:53',120,0,20),(1243,5,280,18,0,NULL,0,0,0,0,0,'2021-10-16 22:43:53','2021-10-16 22:43:53',120,0,20),(1244,5,281,18,0,NULL,0,0,0,0,0,'2021-10-16 22:43:53','2021-10-16 22:43:53',120,0,20),(1245,5,231,19,0,NULL,0,0,0,0,0,'2021-10-16 22:43:53','2021-10-16 22:43:53',120,0,20),(1246,5,247,19,0,'Speaking and Reading',0,0,0,0,0,'2021-10-16 22:43:53','2021-10-16 22:43:53',120,0,20),(1248,5,248,19,0,NULL,0,0,0,0,0,'2021-10-16 22:43:53','2021-10-16 22:43:53',120,0,20),(1249,5,249,19,0,NULL,0,0,0,0,0,'2021-10-16 22:43:53','2021-10-16 22:43:53',120,0,20),(1250,5,250,19,0,NULL,0,0,0,0,0,'2021-10-16 22:43:53','2021-10-16 22:43:53',120,0,20),(1251,5,251,19,0,NULL,0,0,0,0,0,'2021-10-16 22:43:53','2021-10-16 22:43:53',120,0,20),(1252,5,254,19,0,NULL,0,0,0,0,0,'2021-10-16 22:43:53','2021-10-16 22:43:53',120,0,20),(1253,5,255,19,0,NULL,0,0,0,0,0,'2021-10-16 22:43:53','2021-10-16 22:43:53',120,0,20),(1254,5,256,19,0,NULL,0,0,0,0,0,'2021-10-16 22:43:53','2021-10-16 22:43:53',120,0,20),(1255,5,257,19,0,NULL,0,0,0,0,0,'2021-10-16 22:43:53','2021-10-16 22:43:53',120,0,20),(1256,5,258,19,0,NULL,0,0,0,0,0,'2021-10-16 22:43:53','2021-10-16 22:43:53',120,0,20),(1257,5,235,20,0,NULL,0,0,0,0,0,'2021-10-16 22:43:53','2021-10-16 22:43:53',120,0,20),(1258,5,236,20,0,'Speaking and Reading',0,0,0,0,0,'2021-10-16 22:43:53','2021-10-16 22:43:53',120,0,20),(1259,5,237,20,0,NULL,0,0,0,0,0,'2021-10-16 22:43:53','2021-10-16 22:43:53',120,0,20),(1260,5,238,20,0,NULL,0,0,0,0,0,'2021-10-16 22:43:53','2021-10-16 22:43:53',120,0,20),(1261,5,239,20,0,NULL,0,0,0,0,0,'2021-10-16 22:43:53','2021-10-16 22:43:53',120,0,20),(1262,5,240,20,0,NULL,0,0,0,0,0,'2021-10-16 22:43:53','2021-10-16 22:43:53',120,0,20),(1263,5,241,20,0,NULL,0,0,0,0,0,'2021-10-16 22:43:53','2021-10-16 22:43:53',120,0,20),(1264,5,242,20,0,NULL,0,0,0,0,0,'2021-10-16 22:43:53','2021-10-16 22:43:53',120,0,20),(1265,5,243,20,0,NULL,0,0,0,0,0,'2021-10-16 22:43:53','2021-10-16 22:43:53',120,0,20),(1266,5,244,20,0,NULL,0,0,0,0,0,'2021-10-16 22:43:53','2021-10-16 22:43:53',120,0,20),(1267,5,245,20,0,NULL,0,0,0,0,0,'2021-10-16 22:43:53','2021-10-16 22:43:53',120,0,20),(1268,5,79,2,0,NULL,0,0,0,0,0,'2021-10-16 22:43:53','2021-10-16 22:43:53',120,0,20),(1269,5,80,2,0,NULL,0,0,0,0,0,'2021-10-16 22:43:53','2021-10-16 22:43:53',120,0,20),(1270,5,83,2,0,NULL,0,0,0,0,0,'2021-10-16 22:43:53','2021-10-16 22:43:53',120,0,20),(1271,5,84,2,0,NULL,0,0,0,0,0,'2021-10-16 22:43:53','2021-10-16 22:43:53',120,0,20),(1272,5,85,2,0,NULL,0,0,0,0,0,'2021-10-16 22:43:53','2021-10-16 22:43:53',120,0,20),(1273,5,86,2,0,NULL,0,0,0,0,0,'2021-10-16 22:43:53','2021-10-16 22:43:53',120,0,20),(1274,5,87,2,0,NULL,0,0,0,0,0,'2021-10-16 22:43:53','2021-10-16 22:43:53',120,0,20),(1275,5,88,2,0,NULL,0,0,0,0,0,'2021-10-16 22:43:53','2021-10-16 22:43:53',120,0,20),(1276,5,89,2,0,NULL,0,0,0,0,0,'2021-10-16 22:43:53','2021-10-16 22:43:53',120,0,20),(1277,5,90,2,0,NULL,0,0,0,0,0,'2021-10-16 22:43:53','2021-10-16 22:43:53',120,0,20),(1278,5,81,2,0,NULL,0,0,0,0,0,'2021-10-16 22:43:53','2021-10-16 22:43:53',120,0,20),(1279,5,81,2,0,NULL,0,0,0,0,0,'2021-10-16 22:43:53','2021-10-16 22:43:53',120,0,20),(1280,5,82,2,0,NULL,0,0,0,0,0,'2021-10-16 22:43:53','2021-10-16 22:43:53',120,0,20),(1281,5,91,2,0,NULL,0,0,0,0,0,'2021-10-16 22:43:53','2021-10-16 22:43:53',120,0,20),(1282,5,75,1,0,NULL,0,0,0,0,0,'2021-10-16 22:43:53','2021-10-16 22:43:53',120,0,20),(1283,5,76,1,0,NULL,0,0,0,0,0,'2021-10-16 22:43:53','2021-10-16 22:43:53',120,0,20),(1284,5,77,1,0,NULL,0,0,0,0,0,'2021-10-16 22:43:53','2021-10-16 22:43:53',120,0,20),(1285,5,66,1,0,NULL,0,0,0,0,0,'2021-10-16 22:43:53','2021-10-16 22:43:53',120,0,20),(1286,5,67,1,0,NULL,0,0,0,0,0,'2021-10-16 22:43:53','2021-10-16 22:43:53',120,0,20),(1287,5,70,1,0,NULL,0,0,0,0,0,'2021-10-16 22:43:53','2021-10-16 22:43:53',120,0,20),(1288,5,71,1,0,NULL,0,0,0,0,0,'2021-10-16 22:43:53','2021-10-16 22:43:53',120,0,20),(1289,5,72,1,0,NULL,0,0,0,0,0,'2021-10-16 22:43:53','2021-10-16 22:43:53',120,0,20),(1290,5,73,1,0,NULL,0,0,0,0,0,'2021-10-16 22:43:53','2021-10-16 22:43:53',120,0,20),(1291,5,74,1,0,NULL,0,0,0,0,0,'2021-10-16 22:43:53','2021-10-16 22:43:53',120,0,20),(1292,5,68,1,0,NULL,0,0,0,0,0,'2021-10-16 22:43:53','2021-10-16 22:43:53',120,0,20),(1293,5,69,1,0,NULL,0,0,0,0,0,'2021-10-16 22:43:53','2021-10-16 22:43:53',120,0,20),(1294,5,78,1,0,NULL,0,0,0,0,0,'2021-10-16 22:43:53','2021-10-16 22:43:53',120,0,20),(1295,5,37,3,0,NULL,0,0,0,0,0,'2021-10-16 22:43:53','2021-10-16 22:43:53',120,0,20),(1296,5,38,3,0,NULL,0,0,0,0,0,'2021-10-16 22:43:53','2021-10-16 22:43:53',120,0,20),(1297,5,40,3,0,NULL,0,0,0,0,0,'2021-10-16 22:43:53','2021-10-16 22:43:53',120,0,20),(1298,5,46,3,0,NULL,0,0,0,0,0,'2021-10-16 22:43:53','2021-10-16 22:43:53',120,0,20),(1299,5,48,3,0,NULL,0,0,0,0,0,'2021-10-16 22:43:53','2021-10-16 22:43:53',120,0,20),(1300,5,50,3,0,NULL,0,0,0,0,0,'2021-10-16 22:43:53','2021-10-16 22:43:53',120,0,20),(1301,5,52,3,0,NULL,0,0,0,0,0,'2021-10-16 22:43:53','2021-10-16 22:43:53',120,0,20),(1302,5,54,3,0,NULL,0,0,0,0,0,'2021-10-16 22:43:54','2021-10-16 22:43:54',120,0,20),(1303,5,56,3,0,NULL,0,0,0,0,0,'2021-10-16 22:43:54','2021-10-16 22:43:54',120,0,20),(1304,5,58,3,0,NULL,0,0,0,0,0,'2021-10-16 22:43:54','2021-10-16 22:43:54',120,0,20),(1305,5,60,3,0,NULL,0,0,0,0,0,'2021-10-16 22:43:54','2021-10-16 22:43:54',120,0,20),(1306,5,62,3,0,NULL,0,0,0,0,0,'2021-10-16 22:43:54','2021-10-16 22:43:54',120,0,20),(1307,5,42,3,0,NULL,0,0,0,0,0,'2021-10-16 22:43:54','2021-10-16 22:43:54',120,0,20),(1308,5,44,3,0,NULL,0,0,0,0,0,'2021-10-16 22:43:54','2021-10-16 22:43:54',120,0,20),(1309,5,64,3,0,NULL,0,0,0,0,0,'2021-10-16 22:43:54','2021-10-16 22:43:54',120,0,20),(1310,5,36,17,0,NULL,0,0,0,0,0,'2021-10-16 22:43:54','2021-10-16 22:43:54',120,0,20),(1311,5,39,17,0,NULL,0,0,0,0,0,'2021-10-16 22:43:54','2021-10-16 22:43:54',120,0,20),(1312,5,41,17,0,NULL,0,0,0,0,0,'2021-10-16 22:43:54','2021-10-16 22:43:54',120,0,20),(1313,5,47,17,0,NULL,0,0,0,0,0,'2021-10-16 22:43:54','2021-10-16 22:43:54',120,0,20),(1314,5,49,17,0,NULL,0,0,0,0,0,'2021-10-16 22:43:54','2021-10-16 22:43:54',120,0,20),(1315,5,51,17,0,NULL,0,0,0,0,0,'2021-10-16 22:43:54','2021-10-16 22:43:54',120,0,20),(1316,5,53,17,0,NULL,0,0,0,0,0,'2021-10-16 22:43:54','2021-10-16 22:43:54',120,0,20),(1317,5,55,17,0,NULL,0,0,0,0,0,'2021-10-16 22:43:54','2021-10-16 22:43:54',120,0,20),(1318,5,57,17,0,NULL,0,0,0,0,0,'2021-10-16 22:43:54','2021-10-16 22:43:54',120,0,20),(1319,5,59,17,0,NULL,0,0,0,0,0,'2021-10-16 22:43:54','2021-10-16 22:43:54',120,0,20),(1320,5,61,17,0,NULL,0,0,0,0,0,'2021-10-16 22:43:54','2021-10-16 22:43:54',120,0,20),(1321,5,63,17,0,NULL,0,0,0,0,0,'2021-10-16 22:43:54','2021-10-16 22:43:54',120,0,20),(1322,5,43,17,0,NULL,0,0,0,0,0,'2021-10-16 22:43:54','2021-10-16 22:43:54',120,0,20),(1323,5,45,17,0,NULL,0,0,0,0,0,'2021-10-16 22:43:54','2021-10-16 22:43:54',120,0,20),(1324,5,65,17,0,NULL,0,0,0,0,0,'2021-10-16 22:43:54','2021-10-16 22:43:54',120,0,20),(1325,5,2,5,0,NULL,0,0,0,0,0,'2021-10-16 22:43:54','2021-10-16 22:43:54',120,0,20),(1326,5,3,5,0,NULL,0,0,0,0,0,'2021-10-16 22:43:54','2021-10-16 22:43:54',120,0,20),(1327,5,6,5,0,NULL,0,0,0,0,0,'2021-10-16 22:43:54','2021-10-16 22:43:54',120,0,20),(1328,5,8,5,0,NULL,0,0,0,0,0,'2021-10-16 22:43:54','2021-10-16 22:43:54',120,0,20),(1329,5,10,5,0,NULL,0,0,0,0,0,'2021-10-16 22:43:54','2021-10-16 22:43:54',120,0,20),(1330,5,12,5,0,NULL,0,0,0,0,0,'2021-10-16 22:43:54','2021-10-16 22:43:54',120,0,20),(1331,5,14,5,0,NULL,0,0,0,0,0,'2021-10-16 22:43:54','2021-10-16 22:43:54',120,0,20),(1332,5,30,5,0,NULL,0,0,0,0,0,'2021-10-16 22:43:54','2021-10-16 22:43:54',120,0,20),(1333,5,18,5,0,NULL,0,0,0,0,0,'2021-10-16 22:43:54','2021-10-16 22:43:54',120,0,20),(1334,5,20,5,0,NULL,0,0,0,0,0,'2021-10-16 22:43:54','2021-10-16 22:43:54',120,0,20),(1335,5,24,5,0,NULL,0,0,0,0,0,'2021-10-16 22:43:54','2021-10-16 22:43:54',120,0,20),(1336,5,26,5,0,NULL,0,0,0,0,0,'2021-10-16 22:43:54','2021-10-16 22:43:54',120,0,20),(1337,5,28,5,0,NULL,0,0,0,0,0,'2021-10-16 22:43:54','2021-10-16 22:43:54',120,0,20),(1338,5,32,5,0,NULL,0,0,0,0,0,'2021-10-16 22:43:54','2021-10-16 22:43:54',120,0,20),(1339,5,4,16,0,NULL,0,0,0,0,0,'2021-10-16 22:43:54','2021-10-16 22:43:54',120,0,20),(1340,5,5,16,0,NULL,0,0,0,0,0,'2021-10-16 22:43:54','2021-10-16 22:43:54',120,0,20),(1341,5,7,16,0,NULL,0,0,0,0,0,'2021-10-16 22:43:54','2021-10-16 22:43:54',120,0,20),(1342,5,9,16,0,NULL,0,0,0,0,0,'2021-10-16 22:43:54','2021-10-16 22:43:54',120,0,20),(1343,5,11,16,0,NULL,0,0,0,0,0,'2021-10-16 22:43:54','2021-10-16 22:43:54',120,0,20),(1344,5,13,16,0,NULL,0,0,0,0,0,'2021-10-16 22:43:54','2021-10-16 22:43:54',120,0,20),(1345,5,15,16,0,NULL,0,0,0,0,0,'2021-10-16 22:43:54','2021-10-16 22:43:54',120,0,20),(1346,5,31,16,0,NULL,0,0,0,0,0,'2021-10-16 22:43:54','2021-10-16 22:43:54',120,0,20),(1347,5,19,16,3.5128205128205,NULL,0,0,2,37,0,'2021-10-16 22:43:54','2021-10-16 22:43:54',120,0,20),(1348,5,21,16,3.8205128205128,NULL,0,0,1,38,0,'2021-10-16 22:43:54','2021-10-16 22:43:54',120,0,20),(1349,5,25,16,5.4615384615385,NULL,0,0,2,37,0,'2021-10-16 22:43:54','2021-10-16 22:43:54',120,0,20),(1350,5,29,16,8.7692307692308,NULL,0,0,26,13,0,'2021-10-16 22:43:54','2021-10-16 22:43:54',120,0,20),(1351,5,4,16,3.9230769230769,NULL,0,0,8,31,0,'2021-10-16 22:43:54','2021-10-16 22:43:54',120,0,20),(1352,5,177,12,0,NULL,0,0,0,0,0,'2021-10-16 22:43:54','2021-10-16 22:43:54',120,0,20),(1353,5,179,12,0,NULL,0,0,0,0,0,'2021-10-16 22:43:54','2021-10-16 22:43:54',120,0,20),(1354,5,187,12,0,NULL,0,0,0,0,0,'2021-10-16 22:43:54','2021-10-16 22:43:54',120,0,20),(1355,5,191,12,0,NULL,0,0,0,0,0,'2021-10-16 22:43:54','2021-10-16 22:43:54',120,0,20),(1356,5,195,12,0,NULL,0,0,0,0,0,'2021-10-16 22:43:54','2021-10-16 22:43:54',120,0,20),(1357,5,211,12,0,NULL,0,0,0,0,0,'2021-10-16 22:43:54','2021-10-16 22:43:54',120,0,20),(1358,5,223,12,0,NULL,0,0,0,0,0,'2021-10-16 22:43:54','2021-10-16 22:43:54',120,0,20),(1359,5,199,12,0,NULL,0,0,0,0,0,'2021-10-16 22:43:54','2021-10-16 22:43:54',120,0,20),(1360,5,203,12,0,NULL,0,0,0,0,0,'2021-10-16 22:43:54','2021-10-16 22:43:54',120,0,20),(1361,5,215,12,0,NULL,0,0,0,0,0,'2021-10-16 22:43:54','2021-10-16 22:43:54',120,0,20),(1362,5,219,12,0,NULL,0,0,0,0,0,'2021-10-16 22:43:54','2021-10-16 22:43:54',120,0,20),(1363,5,176,13,0,NULL,0,0,0,0,0,'2021-10-16 22:43:54','2021-10-16 22:43:54',120,0,20),(1364,5,178,13,0,NULL,0,0,0,0,0,'2021-10-16 22:43:54','2021-10-16 22:43:54',120,0,20),(1365,5,186,13,0,NULL,0,0,0,0,0,'2021-10-16 22:43:54','2021-10-16 22:43:54',120,0,20),(1366,5,190,13,0,NULL,0,0,0,0,0,'2021-10-16 22:43:54','2021-10-16 22:43:54',120,0,20),(1367,5,194,13,0,NULL,0,0,0,0,0,'2021-10-16 22:43:54','2021-10-16 22:43:54',120,0,20),(1368,5,210,13,0,NULL,0,0,0,0,0,'2021-10-16 22:43:54','2021-10-16 22:43:54',120,0,20),(1369,5,198,13,0,NULL,0,0,0,0,0,'2021-10-16 22:43:54','2021-10-16 22:43:54',120,0,20),(1370,5,202,13,0,NULL,0,0,0,0,0,'2021-10-16 22:43:54','2021-10-16 22:43:54',120,0,20),(1371,5,214,13,0,NULL,0,0,0,0,0,'2021-10-16 22:43:54','2021-10-16 22:43:54',120,0,20),(1372,5,218,13,0,NULL,0,0,0,0,0,'2021-10-16 22:43:54','2021-10-16 22:43:54',120,0,20),(1373,5,181,14,0,NULL,0,0,0,0,0,'2021-10-16 22:43:54','2021-10-16 22:43:54',120,0,20),(1374,5,189,14,0,NULL,0,0,0,0,0,'2021-10-16 22:43:54','2021-10-16 22:43:54',120,0,20),(1375,5,193,14,0,NULL,0,0,0,0,0,'2021-10-16 22:43:54','2021-10-16 22:43:54',120,0,20),(1376,5,197,14,0,NULL,0,0,0,0,0,'2021-10-16 22:43:54','2021-10-16 22:43:54',120,0,20),(1377,5,213,14,0,NULL,0,0,0,0,0,'2021-10-16 22:43:54','2021-10-16 22:43:54',120,0,20),(1378,5,201,14,0,NULL,0,0,0,0,0,'2021-10-16 22:43:54','2021-10-16 22:43:54',120,0,20),(1379,5,217,14,0,NULL,0,0,0,0,0,'2021-10-16 22:43:54','2021-10-16 22:43:54',120,0,20),(1380,5,221,14,0,NULL,0,0,0,0,0,'2021-10-16 22:43:54','2021-10-16 22:43:54',120,0,20),(1381,5,180,15,0,NULL,0,0,0,0,0,'2021-10-16 22:43:54','2021-10-16 22:43:54',120,0,20),(1382,5,185,15,0,NULL,0,0,0,0,0,'2021-10-16 22:43:54','2021-10-16 22:43:54',120,0,20),(1383,5,188,15,0,NULL,0,0,0,0,0,'2021-10-16 22:43:54','2021-10-16 22:43:54',120,0,20),(1384,5,192,15,0,NULL,0,0,0,0,0,'2021-10-16 22:43:54','2021-10-16 22:43:54',120,0,20),(1385,5,196,15,0,NULL,0,0,0,0,0,'2021-10-16 22:43:54','2021-10-16 22:43:54',120,0,20),(1386,5,212,15,0,NULL,0,0,0,0,0,'2021-10-16 22:43:54','2021-10-16 22:43:54',120,0,20),(1387,5,200,15,0,NULL,0,0,0,0,0,'2021-10-16 22:43:54','2021-10-16 22:43:54',120,0,20),(1388,5,224,15,0,NULL,0,0,0,0,0,'2021-10-16 22:43:54','2021-10-16 22:43:54',120,0,20),(1389,5,216,15,0,NULL,0,0,0,0,0,'2021-10-16 22:43:54','2021-10-16 22:43:54',120,0,20),(1390,5,220,15,0,NULL,0,0,0,0,0,'2021-10-16 22:43:54','2021-10-16 22:43:54',120,0,20),(1391,5,35,6,0,NULL,0,0,0,0,0,'2021-10-16 22:43:54','2021-10-16 22:43:54',120,0,20),(1392,5,129,6,0,NULL,0,0,0,0,0,'2021-10-16 22:43:54','2021-10-16 22:43:54',120,0,20),(1393,5,130,6,0,NULL,0,0,0,0,0,'2021-10-16 22:43:54','2021-10-16 22:43:54',120,0,20),(1394,5,131,6,0,NULL,0,0,0,0,0,'2021-10-16 22:43:54','2021-10-16 22:43:54',120,0,20),(1395,5,132,6,0,NULL,0,0,0,0,0,'2021-10-16 22:43:54','2021-10-16 22:43:54',120,0,20),(1396,5,133,6,0,NULL,0,0,0,0,0,'2021-10-16 22:43:54','2021-10-16 22:43:54',120,0,20),(1397,5,134,6,0,NULL,0,0,0,0,0,'2021-10-16 22:43:54','2021-10-16 22:43:54',120,0,20),(1399,5,137,6,0,NULL,0,0,0,0,0,'2021-10-16 22:43:54','2021-10-16 22:43:54',120,0,20),(1400,5,139,6,0,NULL,0,0,0,0,0,'2021-10-16 22:43:54','2021-10-16 22:43:54',120,0,20),(1401,5,140,6,0,NULL,0,0,0,0,0,'2021-10-16 22:43:54','2021-10-16 22:43:54',120,0,20),(1402,5,164,8,7.9,NULL,0,0,6,9,0,'2021-10-16 22:43:54','2021-10-16 22:43:54',120,0,20),(1403,5,165,8,7.1333333333333,NULL,0,0,4,11,0,'2021-10-16 22:43:54','2021-10-16 22:43:54',120,0,20),(1404,5,166,8,7.1333333333333,NULL,0,0,4,11,0,'2021-10-16 22:43:54','2021-10-16 22:43:54',120,0,20),(1405,5,167,8,0,NULL,0,0,0,0,0,'2021-10-16 22:43:54','2021-10-16 22:43:54',120,0,20),(1406,5,168,8,0,NULL,0,0,0,0,0,'2021-10-16 22:43:54','2021-10-16 22:43:54',120,0,20),(1407,5,169,8,4.6,NULL,0,0,1,14,0,'2021-10-16 22:43:54','2021-10-16 22:43:54',120,0,20),(1408,5,170,8,4.6666666666667,NULL,0,0,2,13,0,'2021-10-16 22:43:54','2021-10-16 22:43:54',120,0,20),(1409,5,171,8,0,NULL,0,0,0,0,0,'2021-10-16 22:43:54','2021-10-16 22:43:54',120,0,20),(1410,5,172,8,6.9333333333333,NULL,0,0,4,11,0,'2021-10-16 22:43:54','2021-10-16 22:43:54',120,0,20),(1411,5,173,8,7.5666666666667,NULL,0,0,7,8,0,'2021-10-16 22:43:54','2021-10-16 22:43:54',120,0,20),(1412,5,174,8,10.9,NULL,0,0,12,3,0,'2021-10-16 22:43:54','2021-10-16 22:43:54',120,0,20),(1413,5,175,8,0,NULL,0,0,0,0,0,'2021-10-16 22:43:54','2021-10-16 22:43:54',120,0,20),(1414,5,143,21,0,NULL,0,0,0,0,0,'2021-10-16 22:43:54','2021-10-16 22:43:54',120,0,20),(1415,5,144,21,0,NULL,0,0,0,0,0,'2021-10-16 22:43:54','2021-10-16 22:43:54',120,0,20),(1417,5,146,21,0,NULL,0,0,0,0,0,'2021-10-16 22:43:54','2021-10-16 22:43:54',120,0,20),(1418,5,147,21,0,NULL,0,0,0,0,0,'2021-10-16 22:43:54','2021-10-16 22:43:54',120,0,20),(1419,5,148,21,0,NULL,0,0,0,0,0,'2021-10-16 22:43:54','2021-10-16 22:43:54',120,0,20),(1420,5,149,21,0,NULL,0,0,0,0,0,'2021-10-16 22:43:54','2021-10-16 22:43:54',120,0,20),(1421,5,150,21,0,NULL,0,0,0,0,0,'2021-10-16 22:43:54','2021-10-16 22:43:54',120,0,20),(1422,5,151,21,0,NULL,0,0,0,0,0,'2021-10-16 22:43:54','2021-10-16 22:43:54',120,0,20),(1423,5,141,21,0,NULL,0,0,0,0,0,'2021-10-16 22:43:54','2021-10-16 22:43:54',120,0,20),(1424,5,157,7,0,NULL,0,0,0,0,0,'2021-10-16 22:43:54','2021-10-16 22:43:54',120,0,20),(1425,5,158,7,0,NULL,0,0,0,0,0,'2021-10-16 22:43:54','2021-10-16 22:43:54',120,0,20),(1426,5,159,7,0,NULL,0,0,0,0,0,'2021-10-16 22:43:54','2021-10-16 22:43:54',120,0,20),(1427,5,160,7,0,NULL,0,0,0,0,0,'2021-10-16 22:43:54','2021-10-16 22:43:54',120,0,20),(1428,5,161,7,0,NULL,0,0,0,0,0,'2021-10-16 22:43:54','2021-10-16 22:43:54',120,0,20),(1429,5,152,7,0,NULL,0,0,0,0,0,'2021-10-16 22:43:54','2021-10-16 22:43:54',120,0,20),(1430,5,153,7,0,NULL,0,0,0,0,0,'2021-10-16 22:43:54','2021-10-16 22:43:54',120,0,20),(1431,5,154,7,0,NULL,0,0,0,0,0,'2021-10-16 22:43:54','2021-10-16 22:43:54',120,0,20),(1432,5,155,7,0,NULL,0,0,0,0,0,'2021-10-16 22:43:54','2021-10-16 22:43:54',120,0,20),(1433,5,156,7,0,NULL,0,0,0,0,0,'2021-10-16 22:43:54','2021-10-16 22:43:54',120,0,20),(1434,5,162,7,0,NULL,0,0,0,0,0,'2021-10-16 22:43:54','2021-10-16 22:43:54',120,0,20),(1435,5,163,7,0,NULL,0,0,0,0,0,'2021-10-16 22:43:54','2021-10-16 22:43:54',120,0,20),(1436,5,92,9,0,NULL,0,0,0,0,0,'2021-10-16 22:43:54','2021-10-16 22:43:54',120,0,20),(1437,5,94,9,0,NULL,0,0,0,0,0,'2021-10-16 22:43:54','2021-10-16 22:43:54',120,0,20),(1438,5,96,9,0,NULL,0,0,0,0,0,'2021-10-16 22:43:54','2021-10-16 22:43:54',120,0,20),(1439,5,101,9,0,NULL,0,0,0,0,0,'2021-10-16 22:43:54','2021-10-16 22:43:54',120,0,20),(1440,5,102,9,0,NULL,0,0,0,0,0,'2021-10-16 22:43:54','2021-10-16 22:43:54',120,0,20),(1441,5,106,9,0,NULL,0,0,0,0,0,'2021-10-16 22:43:54','2021-10-16 22:43:54',120,0,20),(1442,5,228,9,0,NULL,0,0,0,0,0,'2021-10-16 22:43:54','2021-10-16 22:43:54',120,0,20),(1443,5,108,9,0,NULL,0,0,0,0,0,'2021-10-16 22:43:54','2021-10-16 22:43:54',120,0,20),(1444,5,110,9,0,NULL,0,0,0,0,0,'2021-10-16 22:43:54','2021-10-16 22:43:54',120,0,20),(1445,5,98,9,0,NULL,0,0,0,0,0,'2021-10-16 22:43:54','2021-10-16 22:43:54',120,0,20),(1446,5,114,9,0,NULL,0,0,0,0,0,'2021-10-16 22:43:54','2021-10-16 22:43:54',120,0,20),(1447,5,93,10,0,NULL,0,0,0,0,0,'2021-10-16 22:43:54','2021-10-16 22:43:54',120,0,20),(1448,5,95,10,0,NULL,0,0,0,0,0,'2021-10-16 22:43:54','2021-10-16 22:43:54',120,0,20),(1449,5,97,10,0,NULL,0,0,0,0,0,'2021-10-16 22:43:54','2021-10-16 22:43:54',120,0,20),(1450,5,100,10,0,NULL,0,0,0,0,0,'2021-10-16 22:43:54','2021-10-16 22:43:54',120,0,20),(1452,5,107,10,0,NULL,0,0,0,0,0,'2021-10-16 22:43:54','2021-10-16 22:43:54',120,0,20),(1453,5,227,10,0,NULL,0,0,0,0,0,'2021-10-16 22:43:54','2021-10-16 22:43:54',120,0,20),(1454,5,109,10,0,NULL,0,0,0,0,0,'2021-10-16 22:43:54','2021-10-16 22:43:54',120,0,20),(1455,5,111,10,0,NULL,0,0,0,0,0,'2021-10-16 22:43:54','2021-10-16 22:43:54',120,0,20),(1456,5,113,10,0,NULL,0,0,0,0,0,'2021-10-16 22:43:54','2021-10-16 22:43:54',120,0,20),(1457,5,99,10,0,NULL,0,0,0,0,0,'2021-10-16 22:43:54','2021-10-16 22:43:54',120,0,20),(1458,5,115,10,0,NULL,0,0,0,0,0,'2021-10-16 22:43:54','2021-10-16 22:43:54',120,0,20),(1459,5,121,11,10.823529411765,NULL,0,0,12,5,0,'2021-10-16 22:43:54','2021-10-16 22:43:54',120,0,20),(1460,5,122,11,5.8235294117647,NULL,0,0,2,15,0,'2021-10-16 22:43:54','2021-10-16 22:43:54',120,0,20),(1461,5,126,11,0,NULL,0,0,0,0,0,'2021-10-16 22:43:54','2021-10-16 22:43:54',120,0,20),(1462,5,116,11,0,NULL,0,0,0,0,0,'2021-10-16 22:43:54','2021-10-16 22:43:54',120,0,20),(1463,5,118,11,0,NULL,0,0,0,0,0,'2021-10-16 22:43:54','2021-10-16 22:43:54',120,0,20),(1464,5,120,11,0,NULL,0,0,0,0,0,'2021-10-16 22:43:54','2021-10-16 22:43:54',120,0,20),(1465,5,124,11,0,NULL,0,0,0,0,0,'2021-10-16 22:43:54','2021-10-16 22:43:54',120,0,20),(1466,5,125,11,0,NULL,0,0,0,0,0,'2021-10-16 22:43:54','2021-10-16 22:43:54',120,0,20),(1469,6,36,17,0,NULL,0,0,0,0,0,'2021-10-16 22:43:54','2021-10-16 22:43:54',120,0,20),(1470,6,39,17,0,NULL,0,0,0,0,0,'2021-10-16 22:43:54','2021-10-16 22:43:54',120,0,20),(1471,6,41,17,0,NULL,0,0,0,0,0,'2021-10-16 22:43:54','2021-10-16 22:43:54',120,0,20),(1472,6,47,17,0,NULL,0,0,0,0,0,'2021-10-16 22:43:54','2021-10-16 22:43:54',120,0,20),(1473,6,49,17,0,NULL,0,0,0,0,0,'2021-10-16 22:43:54','2021-10-16 22:43:54',120,0,20),(1474,6,51,17,0,NULL,0,0,0,0,0,'2021-10-16 22:43:54','2021-10-16 22:43:54',120,0,20),(1475,6,53,17,0,NULL,0,0,0,0,0,'2021-10-16 22:43:54','2021-10-16 22:43:54',120,0,20),(1476,6,55,17,0,NULL,0,0,0,0,0,'2021-10-16 22:43:54','2021-10-16 22:43:54',120,0,20),(1477,6,57,17,0,NULL,0,0,0,0,0,'2021-10-16 22:43:54','2021-10-16 22:43:54',120,0,20),(1478,6,59,17,0,NULL,0,0,0,0,0,'2021-10-16 22:43:54','2021-10-16 22:43:54',120,0,20),(1479,6,61,17,0,NULL,0,0,0,0,0,'2021-10-16 22:43:54','2021-10-16 22:43:54',120,0,20),(1480,6,63,17,0,NULL,0,0,0,0,0,'2021-10-16 22:43:54','2021-10-16 22:43:54',120,0,20),(1481,6,43,17,0,NULL,0,0,0,0,0,'2021-10-16 22:43:54','2021-10-16 22:43:54',120,0,20),(1482,6,45,17,0,NULL,0,0,0,0,0,'2021-10-16 22:43:54','2021-10-16 22:43:54',120,0,20),(1483,6,65,17,0,NULL,0,0,0,0,0,'2021-10-16 22:43:54','2021-10-16 22:43:54',120,0,20),(1484,6,75,1,0,NULL,0,0,0,0,0,'2021-10-16 22:43:54','2021-10-16 22:43:54',120,0,20),(1485,6,76,1,0,NULL,0,0,0,0,0,'2021-10-16 22:43:54','2021-10-16 22:43:54',120,0,20),(1486,6,77,1,0,NULL,0,0,0,0,0,'2021-10-16 22:43:54','2021-10-16 22:43:54',120,0,20),(1487,6,66,1,0,NULL,0,0,0,0,0,'2021-10-16 22:43:54','2021-10-16 22:43:54',120,0,20),(1488,6,67,1,0,NULL,0,0,0,0,0,'2021-10-16 22:43:54','2021-10-16 22:43:54',120,0,20),(1489,6,70,1,0,NULL,0,0,0,0,0,'2021-10-16 22:43:54','2021-10-16 22:43:54',120,0,20),(1490,6,71,1,0,NULL,0,0,0,0,0,'2021-10-16 22:43:54','2021-10-16 22:43:54',120,0,20),(1491,6,72,1,0,NULL,0,0,0,0,0,'2021-10-16 22:43:54','2021-10-16 22:43:54',120,0,20),(1492,6,73,1,0,NULL,0,0,0,0,0,'2021-10-16 22:43:54','2021-10-16 22:43:54',120,0,20),(1493,6,74,1,0,NULL,0,0,0,0,0,'2021-10-16 22:43:54','2021-10-16 22:43:54',120,0,20),(1494,6,68,1,0,NULL,0,0,0,0,0,'2021-10-16 22:43:54','2021-10-16 22:43:54',120,0,20),(1495,6,69,1,0,NULL,0,0,0,0,0,'2021-10-16 22:43:54','2021-10-16 22:43:54',120,0,20),(1496,6,78,1,0,NULL,0,0,0,0,0,'2021-10-16 22:43:54','2021-10-16 22:43:54',120,0,20),(1497,6,79,2,0,NULL,0,0,0,0,0,'2021-10-16 22:43:54','2021-10-16 22:43:54',120,0,20),(1498,6,80,2,0,NULL,0,0,0,0,0,'2021-10-16 22:43:54','2021-10-16 22:43:54',120,0,20),(1499,6,83,2,0,NULL,0,0,0,0,0,'2021-10-16 22:43:54','2021-10-16 22:43:54',120,0,20),(1500,6,84,2,0,NULL,0,0,0,0,0,'2021-10-16 22:43:54','2021-10-16 22:43:54',120,0,20),(1501,6,85,2,0,NULL,0,0,0,0,0,'2021-10-16 22:43:54','2021-10-16 22:43:54',120,0,20),(1502,6,86,2,0,NULL,0,0,0,0,0,'2021-10-16 22:43:54','2021-10-16 22:43:54',120,0,20),(1503,6,87,2,0,NULL,0,0,0,0,0,'2021-10-16 22:43:54','2021-10-16 22:43:54',120,0,20),(1504,6,88,2,0,NULL,0,0,0,0,0,'2021-10-16 22:43:54','2021-10-16 22:43:54',120,0,20),(1505,6,89,2,0,NULL,0,0,0,0,0,'2021-10-16 22:43:54','2021-10-16 22:43:54',120,0,20),(1506,6,90,2,0,NULL,0,0,0,0,0,'2021-10-16 22:43:54','2021-10-16 22:43:54',120,0,20),(1507,6,81,2,0,NULL,0,0,0,0,0,'2021-10-16 22:43:54','2021-10-16 22:43:54',120,0,20),(1508,6,82,2,0,NULL,0,0,0,0,0,'2021-10-16 22:43:54','2021-10-16 22:43:54',120,0,20),(1509,6,91,2,0,NULL,0,0,0,0,0,'2021-10-16 22:43:54','2021-10-16 22:43:54',120,0,20),(1510,6,35,6,0,NULL,0,0,0,0,0,'2021-10-16 22:43:54','2021-10-16 22:43:54',120,0,20),(1511,6,129,6,0,NULL,0,0,0,0,0,'2021-10-16 22:43:54','2021-10-16 22:43:54',120,0,20),(1512,6,130,6,0,NULL,0,0,0,0,0,'2021-10-16 22:43:54','2021-10-16 22:43:54',120,0,20),(1513,6,131,6,0,NULL,0,0,0,0,0,'2021-10-16 22:43:54','2021-10-16 22:43:54',120,0,20),(1514,6,132,6,0,NULL,0,0,0,0,0,'2021-10-16 22:43:54','2021-10-16 22:43:54',120,0,20),(1515,6,133,6,0,NULL,0,0,0,0,0,'2021-10-16 22:43:54','2021-10-16 22:43:54',120,0,20),(1516,6,134,6,0,NULL,0,0,0,0,0,'2021-10-16 22:43:54','2021-10-16 22:43:54',120,0,20),(1518,6,136,6,0,NULL,0,0,0,0,0,'2021-10-16 22:43:54','2021-10-16 22:43:54',120,0,20),(1519,6,137,6,0,NULL,0,0,0,0,0,'2021-10-16 22:43:54','2021-10-16 22:43:54',120,0,20),(1520,6,139,6,0,NULL,0,0,0,0,0,'2021-10-16 22:43:54','2021-10-16 22:43:54',120,0,20),(1521,6,140,6,0,NULL,0,0,0,0,0,'2021-10-16 22:43:54','2021-10-16 22:43:54',120,0,20),(1522,6,143,21,0,NULL,0,0,0,0,0,'2021-10-16 22:43:54','2021-10-16 22:43:54',120,0,20),(1523,6,144,21,0,NULL,0,0,0,0,0,'2021-10-16 22:43:54','2021-10-16 22:43:54',120,0,20),(1525,6,226,21,0,NULL,0,0,0,0,0,'2021-10-16 22:43:54','2021-10-16 22:43:54',120,0,20),(1526,6,146,21,0,NULL,0,0,0,0,0,'2021-10-16 22:43:54','2021-10-16 22:43:54',120,0,20),(1527,6,148,21,0,NULL,0,0,0,0,0,'2021-10-16 22:43:54','2021-10-16 22:43:54',120,0,20),(1528,6,147,21,0,NULL,0,0,0,0,0,'2021-10-16 22:43:54','2021-10-16 22:43:54',120,0,20),(1529,6,149,21,0,NULL,0,0,0,0,0,'2021-10-16 22:43:54','2021-10-16 22:43:54',120,0,20),(1530,6,150,21,0,NULL,0,0,0,0,0,'2021-10-16 22:43:54','2021-10-16 22:43:54',120,0,20),(1531,6,141,21,0,NULL,0,0,0,0,0,'2021-10-16 22:43:54','2021-10-16 22:43:54',120,0,20),(1532,6,142,21,0,NULL,0,0,0,0,0,'2021-10-16 22:43:54','2021-10-16 22:43:54',120,0,20),(1533,6,151,21,0,NULL,0,0,0,0,0,'2021-10-16 22:43:54','2021-10-16 22:43:54',120,0,20),(1534,6,164,8,9.2333333333333,NULL,0,0,9,6,0,'2021-10-16 22:43:54','2021-10-16 22:43:54',120,0,20),(1535,6,165,8,7.4666666666667,NULL,0,0,4,11,0,'2021-10-16 22:43:54','2021-10-16 22:43:54',120,0,20),(1536,6,166,8,7.3,NULL,0,0,2,13,0,'2021-10-16 22:43:54','2021-10-16 22:43:54',120,0,20),(1537,6,167,8,0,NULL,0,0,0,0,0,'2021-10-16 22:43:54','2021-10-16 22:43:54',120,0,20),(1538,6,168,8,0,NULL,0,0,0,0,0,'2021-10-16 22:43:54','2021-10-16 22:43:54',120,0,20),(1539,6,169,8,5.1333333333333,NULL,0,0,2,13,0,'2021-10-16 22:43:54','2021-10-16 22:43:54',120,0,20),(1540,6,170,8,6.0666666666667,NULL,0,0,2,13,0,'2021-10-16 22:43:54','2021-10-16 22:43:54',120,0,20),(1541,6,171,8,0,NULL,0,0,0,0,0,'2021-10-16 22:43:54','2021-10-16 22:43:54',120,0,20),(1542,6,172,8,5.5,NULL,2,0,1,14,0,'2021-10-16 22:43:54','2021-10-16 22:43:54',120,0,20),(1543,6,173,8,11.333333333333,NULL,0,0,11,4,0,'2021-10-16 22:43:54','2021-10-16 22:43:54',120,0,20),(1544,6,174,8,16.366666666667,NULL,0,0,15,0,0,'2021-10-16 22:43:54','2021-10-16 22:43:54',120,0,20),(1545,6,175,8,13.866666666667,NULL,0,0,13,2,0,'2021-10-16 22:43:54','2021-10-16 22:43:54',120,0,20),(1546,6,157,7,0,NULL,0,0,0,0,0,'2021-10-16 22:43:54','2021-10-16 22:43:54',120,0,20),(1547,6,158,7,0,NULL,0,0,0,0,0,'2021-10-16 22:43:54','2021-10-16 22:43:54',120,0,20),(1548,6,159,7,0,NULL,0,0,0,0,0,'2021-10-16 22:43:54','2021-10-16 22:43:54',120,0,20),(1549,6,160,7,0,NULL,0,0,0,0,0,'2021-10-16 22:43:54','2021-10-16 22:43:54',120,0,20),(1550,6,161,7,0,NULL,0,0,0,0,0,'2021-10-16 22:43:54','2021-10-16 22:43:54',120,0,20),(1551,6,152,7,0,NULL,0,0,0,0,0,'2021-10-16 22:43:54','2021-10-16 22:43:54',120,0,20),(1552,6,153,7,0,NULL,0,0,0,0,0,'2021-10-16 22:43:54','2021-10-16 22:43:54',120,0,20),(1553,6,154,7,0,NULL,0,0,0,0,0,'2021-10-16 22:43:54','2021-10-16 22:43:54',120,0,20),(1554,6,155,7,0,NULL,0,0,0,0,0,'2021-10-16 22:43:54','2021-10-16 22:43:54',120,0,20),(1555,6,156,7,0,NULL,0,0,0,0,0,'2021-10-16 22:43:54','2021-10-16 22:43:54',120,0,20),(1556,6,162,7,0,NULL,0,0,0,0,0,'2021-10-16 22:43:54','2021-10-16 22:43:54',120,0,20),(1557,6,163,7,0,NULL,0,0,0,0,0,'2021-10-16 22:43:54','2021-10-16 22:43:54',120,0,20),(1558,6,93,10,0,NULL,0,0,0,0,0,'2021-10-16 22:43:54','2021-10-16 22:43:54',120,0,20),(1559,6,95,10,0,NULL,0,0,0,0,0,'2021-10-16 22:43:54','2021-10-16 22:43:54',120,0,20),(1560,6,97,10,0,NULL,0,0,0,0,0,'2021-10-16 22:43:54','2021-10-16 22:43:54',120,0,20),(1561,6,100,10,0,NULL,0,0,0,0,0,'2021-10-16 22:43:54','2021-10-16 22:43:54',120,0,20),(1562,6,103,10,0,NULL,0,0,0,0,0,'2021-10-16 22:43:54','2021-10-16 22:43:54',120,0,20),(1563,6,107,10,0,NULL,0,0,0,0,0,'2021-10-16 22:43:54','2021-10-16 22:43:54',120,0,20),(1564,6,227,10,0,NULL,0,0,0,0,0,'2021-10-16 22:43:54','2021-10-16 22:43:54',120,0,20),(1565,6,109,10,0,NULL,0,0,0,0,0,'2021-10-16 22:43:54','2021-10-16 22:43:54',120,0,20),(1566,6,111,10,0,NULL,0,0,0,0,0,'2021-10-16 22:43:54','2021-10-16 22:43:54',120,0,20),(1567,6,113,10,0,NULL,0,0,0,0,0,'2021-10-16 22:43:54','2021-10-16 22:43:54',120,0,20),(1568,6,99,10,0,NULL,0,0,0,0,0,'2021-10-16 22:43:54','2021-10-16 22:43:54',120,0,20),(1569,6,115,10,0,NULL,0,0,0,0,0,'2021-10-16 22:43:54','2021-10-16 22:43:54',120,0,20),(1570,6,92,9,0,NULL,0,0,0,0,0,'2021-10-16 22:43:54','2021-10-16 22:43:54',120,0,20),(1571,6,94,9,0,NULL,0,0,0,0,0,'2021-10-16 22:43:54','2021-10-16 22:43:54',120,0,20),(1572,6,96,9,0,NULL,0,0,0,0,0,'2021-10-16 22:43:54','2021-10-16 22:43:54',120,0,20),(1573,6,101,9,0,NULL,0,0,0,0,0,'2021-10-16 22:43:54','2021-10-16 22:43:54',120,0,20),(1574,6,102,9,0,NULL,0,0,0,0,0,'2021-10-16 22:43:54','2021-10-16 22:43:54',120,0,20),(1575,6,106,9,0,NULL,0,0,0,0,0,'2021-10-16 22:43:54','2021-10-16 22:43:54',120,0,20),(1576,6,228,9,0,NULL,0,0,0,0,0,'2021-10-16 22:43:54','2021-10-16 22:43:54',120,0,20),(1577,6,110,9,0,NULL,0,0,0,0,0,'2021-10-16 22:43:54','2021-10-16 22:43:54',120,0,20),(1578,6,112,9,0,NULL,0,0,0,0,0,'2021-10-16 22:43:54','2021-10-16 22:43:54',120,0,20),(1579,6,98,9,0,NULL,0,0,0,0,0,'2021-10-16 22:43:54','2021-10-16 22:43:54',120,0,20),(1580,6,114,9,0,NULL,0,0,0,0,0,'2021-10-16 22:43:54','2021-10-16 22:43:54',120,0,20),(1581,6,177,12,0,NULL,0,0,0,0,0,'2021-10-16 22:43:54','2021-10-16 22:43:54',120,0,20),(1582,6,179,12,0,NULL,0,0,0,0,0,'2021-10-16 22:43:54','2021-10-16 22:43:54',120,0,20),(1583,6,187,12,0,NULL,0,0,0,0,0,'2021-10-16 22:43:54','2021-10-16 22:43:54',120,0,20),(1584,6,191,12,0,NULL,0,0,0,0,0,'2021-10-16 22:43:54','2021-10-16 22:43:54',120,0,20),(1585,6,195,12,0,NULL,0,0,0,0,0,'2021-10-16 22:43:54','2021-10-16 22:43:54',120,0,20),(1586,6,211,12,0,NULL,0,0,0,0,0,'2021-10-16 22:43:54','2021-10-16 22:43:54',120,0,20),(1587,6,223,12,0,NULL,0,0,0,0,0,'2021-10-16 22:43:54','2021-10-16 22:43:54',120,0,20),(1588,6,199,12,0,NULL,0,0,0,0,0,'2021-10-16 22:43:54','2021-10-16 22:43:54',120,0,20),(1589,6,203,12,0,NULL,0,0,0,0,0,'2021-10-16 22:43:54','2021-10-16 22:43:54',120,0,20),(1590,6,215,12,0,NULL,0,0,0,0,0,'2021-10-16 22:43:54','2021-10-16 22:43:54',120,0,20),(1591,6,219,12,0,NULL,0,0,0,0,0,'2021-10-16 22:43:54','2021-10-16 22:43:54',120,0,20),(1592,6,176,13,0,NULL,0,0,0,0,0,'2021-10-16 22:43:54','2021-10-16 22:43:54',120,0,20),(1593,6,178,13,0,NULL,0,0,0,0,0,'2021-10-16 22:43:54','2021-10-16 22:43:54',120,0,20),(1594,6,186,13,0,NULL,0,0,0,0,0,'2021-10-16 22:43:54','2021-10-16 22:43:54',120,0,20),(1595,6,190,13,0,NULL,0,0,0,0,0,'2021-10-16 22:43:54','2021-10-16 22:43:54',120,0,20),(1596,6,210,13,0,NULL,0,0,0,0,0,'2021-10-16 22:43:54','2021-10-16 22:43:54',120,0,20),(1597,6,194,13,0,NULL,0,0,0,0,0,'2021-10-16 22:43:54','2021-10-16 22:43:54',120,0,20),(1598,6,222,13,0,NULL,0,0,0,0,0,'2021-10-16 22:43:54','2021-10-16 22:43:54',120,0,20),(1599,6,198,13,0,NULL,0,0,0,0,0,'2021-10-16 22:43:54','2021-10-16 22:43:54',120,0,20),(1600,6,202,13,0,NULL,0,0,0,0,0,'2021-10-16 22:43:54','2021-10-16 22:43:54',120,0,20),(1601,6,214,13,0,NULL,0,0,0,0,0,'2021-10-16 22:43:54','2021-10-16 22:43:54',120,0,20),(1602,6,218,13,0,NULL,0,0,0,0,0,'2021-10-16 22:43:54','2021-10-16 22:43:54',120,0,20),(1603,6,181,14,0,NULL,0,0,0,0,0,'2021-10-16 22:43:54','2021-10-16 22:43:54',120,0,20),(1604,6,184,14,0,NULL,0,0,0,0,0,'2021-10-16 22:43:54','2021-10-16 22:43:54',120,0,20),(1605,6,189,14,0,NULL,0,0,0,0,0,'2021-10-16 22:43:54','2021-10-16 22:43:54',120,0,20),(1606,6,193,14,0,NULL,0,0,0,0,0,'2021-10-16 22:43:54','2021-10-16 22:43:54',120,0,20),(1607,6,197,14,0,NULL,0,0,0,0,0,'2021-10-16 22:43:54','2021-10-16 22:43:54',120,0,20),(1608,6,213,14,0,NULL,0,0,0,0,0,'2021-10-16 22:43:54','2021-10-16 22:43:54',120,0,20),(1609,6,201,14,0,NULL,0,0,0,0,0,'2021-10-16 22:43:54','2021-10-16 22:43:54',120,0,20),(1610,6,205,14,0,NULL,0,0,0,0,0,'2021-10-16 22:43:54','2021-10-16 22:43:54',120,0,20),(1611,6,207,14,0,NULL,0,0,0,0,0,'2021-10-16 22:43:54','2021-10-16 22:43:54',120,0,20),(1612,6,209,14,0,NULL,0,0,0,0,0,'2021-10-16 22:43:54','2021-10-16 22:43:54',120,0,20),(1613,6,225,14,0,NULL,0,0,0,0,0,'2021-10-16 22:43:54','2021-10-16 22:43:54',120,0,20),(1614,6,217,14,0,NULL,0,0,0,0,0,'2021-10-16 22:43:54','2021-10-16 22:43:54',120,0,20),(1615,6,221,14,0,NULL,0,0,0,0,0,'2021-10-16 22:43:54','2021-10-16 22:43:54',120,0,20),(1616,6,180,15,0,NULL,0,0,0,0,0,'2021-10-16 22:43:54','2021-10-16 22:43:54',120,0,20),(1617,6,185,15,0,NULL,0,0,0,0,0,'2021-10-16 22:43:54','2021-10-16 22:43:54',120,0,20),(1618,6,188,15,0,NULL,0,0,0,0,0,'2021-10-16 22:43:54','2021-10-16 22:43:54',120,0,20),(1619,6,192,15,0,NULL,0,0,0,0,0,'2021-10-16 22:43:54','2021-10-16 22:43:54',120,0,20),(1620,6,196,15,0,NULL,0,0,0,0,0,'2021-10-16 22:43:54','2021-10-16 22:43:54',120,0,20),(1621,6,212,15,0,NULL,0,0,0,0,0,'2021-10-16 22:43:54','2021-10-16 22:43:54',120,0,20),(1622,6,200,15,0,NULL,0,0,0,0,0,'2021-10-16 22:43:54','2021-10-16 22:43:54',120,0,20),(1623,6,204,15,0,NULL,0,0,0,0,0,'2021-10-16 22:43:54','2021-10-16 22:43:54',120,0,20),(1624,6,206,15,0,NULL,0,0,0,0,0,'2021-10-16 22:43:54','2021-10-16 22:43:54',120,0,20),(1625,6,208,15,0,NULL,0,0,0,0,0,'2021-10-16 22:43:54','2021-10-16 22:43:54',120,0,20),(1626,6,224,15,0,NULL,0,0,0,0,0,'2021-10-16 22:43:54','2021-10-16 22:43:54',120,0,20),(1627,6,216,15,0,NULL,0,0,0,0,0,'2021-10-16 22:43:54','2021-10-16 22:43:54',120,0,20),(1628,6,220,15,0,NULL,0,0,0,0,0,'2021-10-16 22:43:54','2021-10-16 22:43:54',120,0,20),(1629,6,235,20,0,NULL,0,0,0,0,0,'2021-10-16 22:43:54','2021-10-16 22:43:54',120,0,20),(1630,6,236,20,0,'Speaking and Reading',0,0,0,0,0,'2021-10-16 22:43:54','2021-10-16 22:43:54',120,0,20),(1631,6,237,20,0,NULL,0,0,0,0,0,'2021-10-16 22:43:54','2021-10-16 22:43:54',120,0,20),(1632,6,238,20,0,NULL,0,0,0,0,0,'2021-10-16 22:43:54','2021-10-16 22:43:54',120,0,20),(1633,6,239,20,0,NULL,0,0,0,0,0,'2021-10-16 22:43:54','2021-10-16 22:43:54',120,0,20),(1634,6,240,20,0,NULL,0,0,0,0,0,'2021-10-16 22:43:54','2021-10-16 22:43:54',120,0,20),(1635,6,241,20,0,NULL,0,0,0,0,0,'2021-10-16 22:43:54','2021-10-16 22:43:54',120,0,20),(1636,6,242,20,0,NULL,0,0,0,0,0,'2021-10-16 22:43:54','2021-10-16 22:43:54',120,0,20),(1637,6,243,20,0,NULL,0,0,0,0,0,'2021-10-16 22:43:54','2021-10-16 22:43:54',120,0,20),(1638,6,244,20,0,NULL,0,0,0,0,0,'2021-10-16 22:43:54','2021-10-16 22:43:54',120,0,20),(1639,6,245,20,0,NULL,0,0,0,0,0,'2021-10-16 22:43:54','2021-10-16 22:43:54',120,0,20),(1640,6,246,20,0,NULL,0,0,0,0,0,'2021-10-16 22:43:54','2021-10-16 22:43:54',120,0,20),(1641,6,229,20,0,NULL,0,0,0,0,0,'2021-10-16 22:43:54','2021-10-16 22:43:54',120,0,20),(1642,6,296,20,0,NULL,0,0,0,0,0,'2021-10-16 22:43:54','2021-10-16 22:43:54',120,0,20),(1643,6,231,19,0,NULL,0,0,0,0,0,'2021-10-16 22:43:54','2021-10-16 22:43:54',120,0,20),(1644,6,247,19,0,'Speaking and Reading',0,0,0,0,0,'2021-10-16 22:43:54','2021-10-16 22:43:54',120,0,20),(1645,6,297,19,0,NULL,0,0,0,0,0,'2021-10-16 22:43:54','2021-10-16 22:43:54',120,0,20),(1646,6,230,19,0,NULL,0,0,0,0,0,'2021-10-16 22:43:54','2021-10-16 22:43:54',120,0,20),(1647,6,259,19,0,NULL,0,0,0,0,0,'2021-10-16 22:43:54','2021-10-16 22:43:54',120,0,20),(1648,6,258,19,0,NULL,0,0,0,0,0,'2021-10-16 22:43:54','2021-10-16 22:43:54',120,0,20),(1649,6,257,19,0,NULL,0,0,0,0,0,'2021-10-16 22:43:54','2021-10-16 22:43:54',120,0,20),(1650,6,256,19,0,NULL,0,0,0,0,0,'2021-10-16 22:43:54','2021-10-16 22:43:54',120,0,20),(1651,6,255,19,0,NULL,0,0,0,0,0,'2021-10-16 22:43:54','2021-10-16 22:43:54',120,0,20),(1652,6,254,19,0,NULL,0,0,0,0,0,'2021-10-16 22:43:54','2021-10-16 22:43:54',120,0,20),(1653,6,251,19,0,NULL,0,0,0,0,0,'2021-10-16 22:43:54','2021-10-16 22:43:54',120,0,20),(1654,6,250,19,0,NULL,0,0,0,0,0,'2021-10-16 22:43:54','2021-10-16 22:43:54',120,0,20),(1655,6,249,19,0,NULL,0,0,0,0,0,'2021-10-16 22:43:54','2021-10-16 22:43:54',120,0,20),(1656,6,248,19,0,NULL,0,0,0,0,0,'2021-10-16 22:43:54','2021-10-16 22:43:54',120,0,20),(1657,6,273,18,0,NULL,0,0,0,0,0,'2021-10-16 22:43:54','2021-10-16 22:43:54',120,0,20),(1658,6,274,18,0,'Speaking and Reading',0,0,0,0,0,'2021-10-16 22:43:54','2021-10-16 22:43:54',120,0,20),(1659,6,275,18,0,NULL,0,0,0,0,0,'2021-10-16 22:43:54','2021-10-16 22:43:54',120,0,20),(1660,6,276,18,0,NULL,0,0,0,0,0,'2021-10-16 22:43:54','2021-10-16 22:43:54',120,0,20),(1661,6,277,18,0,NULL,0,0,0,0,0,'2021-10-16 22:43:54','2021-10-16 22:43:54',120,0,20),(1662,6,294,18,0,NULL,0,0,0,0,0,'2021-10-16 22:43:54','2021-10-16 22:43:54',120,0,20),(1663,6,278,18,0,NULL,0,0,0,0,0,'2021-10-16 22:43:54','2021-10-16 22:43:54',120,0,20),(1664,6,295,18,0,NULL,0,0,0,0,0,'2021-10-16 22:43:54','2021-10-16 22:43:54',120,0,20),(1665,6,279,18,0,NULL,0,0,0,0,0,'2021-10-16 22:43:54','2021-10-16 22:43:54',120,0,20),(1666,6,282,18,0,NULL,0,0,0,0,0,'2021-10-16 22:43:54','2021-10-16 22:43:54',120,0,20),(1667,6,280,18,0,NULL,0,0,0,0,0,'2021-10-16 22:43:54','2021-10-16 22:43:54',120,0,20),(1668,6,281,18,0,NULL,0,0,0,0,0,'2021-10-16 22:43:54','2021-10-16 22:43:54',120,0,20),(1669,6,232,18,0,NULL,0,0,0,0,0,'2021-10-16 22:43:54','2021-10-16 22:43:54',120,0,20),(1670,6,298,18,0,NULL,0,0,0,0,0,'2021-10-16 22:43:54','2021-10-16 22:43:54',120,0,20),(1671,6,260,4,0,NULL,0,0,0,0,0,'2021-10-16 22:43:54','2021-10-16 22:43:54',120,0,20),(1672,6,284,23,0,NULL,0,0,0,0,0,'2021-10-16 22:43:54','2021-10-16 22:43:54',120,0,20),(1673,6,261,4,0,'Speaking and Reading',0,0,0,0,0,'2021-10-16 22:43:54','2021-10-16 22:43:54',120,0,20),(1674,6,285,23,0,'Speaking and Reading',0,0,0,0,0,'2021-10-16 22:43:54','2021-10-16 22:43:54',120,0,20),(1675,6,262,4,0,NULL,0,0,0,0,0,'2021-10-16 22:43:54','2021-10-16 22:43:54',120,0,20),(1676,6,263,4,0,NULL,0,0,0,0,0,'2021-10-16 22:43:54','2021-10-16 22:43:54',120,0,20),(1677,6,290,23,0,NULL,0,0,0,0,0,'2021-10-16 22:43:54','2021-10-16 22:43:54',120,0,20),(1679,6,264,23,0,NULL,0,0,0,0,0,'2021-10-16 22:43:54','2021-10-16 22:43:54',120,0,20),(1680,6,265,23,0,NULL,0,0,0,0,0,'2021-10-16 22:43:54','2021-10-16 22:43:54',120,0,20),(1681,6,266,4,0,NULL,0,0,0,0,0,'2021-10-16 22:43:54','2021-10-16 22:43:54',120,0,20),(1682,6,291,23,0,NULL,0,0,0,0,0,'2021-10-16 22:43:54','2021-10-16 22:43:54',120,0,20),(1683,6,267,4,0,NULL,0,0,0,0,0,'2021-10-16 22:43:54','2021-10-16 22:43:54',120,0,20),(1684,6,289,23,0,NULL,0,0,0,0,0,'2021-10-16 22:43:54','2021-10-16 22:43:54',120,0,20),(1685,6,269,4,0,NULL,0,0,0,0,0,'2021-10-16 22:43:54','2021-10-16 22:43:54',120,0,20),(1686,6,293,23,0,NULL,0,0,0,0,0,'2021-10-16 22:43:54','2021-10-16 22:43:54',120,0,20),(1687,6,270,4,0,NULL,0,0,0,0,0,'2021-10-16 22:43:54','2021-10-16 22:43:54',120,0,20),(1688,6,234,4,0,NULL,0,0,0,0,0,'2021-10-16 22:43:54','2021-10-16 22:43:54',120,0,20),(1689,6,283,23,0,NULL,0,0,0,0,0,'2021-10-16 22:43:54','2021-10-16 22:43:54',120,0,20),(1690,6,271,4,0,NULL,0,0,0,0,0,'2021-10-16 22:43:54','2021-10-16 22:43:54',120,0,20),(1691,6,286,23,0,NULL,0,0,0,0,0,'2021-10-16 22:43:54','2021-10-16 22:43:54',120,0,20),(1692,6,268,4,0,NULL,0,0,0,0,0,'2021-10-16 22:43:54','2021-10-16 22:43:54',120,0,20),(1693,6,292,23,0,NULL,0,0,0,0,0,'2021-10-16 22:43:54','2021-10-16 22:43:54',120,0,20),(1694,6,283,23,0,NULL,0,0,0,0,0,'2021-10-16 22:43:54','2021-10-16 22:43:54',120,0,20),(1695,6,272,4,0,NULL,0,0,0,0,0,'2021-10-16 22:43:54','2021-10-16 22:43:54',120,0,20),(1696,6,233,4,0,NULL,0,0,0,0,0,'2021-10-16 22:43:54','2021-10-16 22:43:54',120,0,20),(1697,6,288,23,0,NULL,0,0,0,0,0,'2021-10-16 22:43:54','2021-10-16 22:43:54',120,0,20),(1698,6,300,4,0,NULL,0,0,0,0,0,'2021-10-16 22:43:54','2021-10-16 22:43:54',120,0,20),(1699,6,299,23,0,NULL,0,0,0,0,0,'2021-10-16 22:43:54','2021-10-16 22:43:54',120,0,20),(1700,5,299,23,0,NULL,0,0,0,0,0,'2021-10-16 22:43:54','2021-10-16 22:43:54',120,0,20),(1701,6,300,4,0,NULL,0,0,0,0,0,'2021-10-16 22:43:54','2021-10-16 22:43:54',120,0,20),(1702,6,4,16,5.8589743589744,NULL,0,0,1,38,0,'2021-10-16 22:43:54','2021-10-16 22:43:54',120,0,20),(1703,6,5,16,6,NULL,1,0,5,34,0,'2021-10-16 22:43:54','2021-10-16 22:43:54',120,0,20),(1704,6,7,16,12.153846153846,NULL,0,0,33,6,0,'2021-10-16 22:43:54','2021-10-16 22:43:54',120,0,20),(1705,6,9,16,9.1538461538462,NULL,0,0,26,13,0,'2021-10-16 22:43:54','2021-10-16 22:43:54',120,0,20),(1706,6,11,16,7.6923076923077,NULL,0,0,11,28,0,'2021-10-16 22:43:54','2021-10-16 22:43:54',120,0,20),(1707,6,13,16,7.4102564102564,NULL,0,0,6,33,0,'2021-10-16 22:43:54','2021-10-16 22:43:54',120,0,20),(1708,6,15,16,11.410256410256,NULL,0,0,29,10,0,'2021-10-16 22:43:54','2021-10-16 22:43:54',120,0,20),(1709,6,31,16,7,NULL,0,0,12,27,0,'2021-10-16 22:43:54','2021-10-16 22:43:54',120,0,20),(1710,6,19,16,6.3205128205128,NULL,0,0,6,33,0,'2021-10-16 22:43:54','2021-10-16 22:43:54',120,0,20),(1711,6,21,16,3.0769230769231,NULL,0,0,1,38,0,'2021-10-16 22:43:54','2021-10-16 22:43:54',120,0,20),(1712,6,25,16,4.6486486486486,NULL,2,0,2,37,0,'2021-10-16 22:43:54','2021-10-16 22:43:54',120,0,20),(1713,6,27,16,13.064102564103,NULL,0,0,35,4,0,'2021-10-16 22:43:54','2021-10-16 22:43:54',120,0,20),(1714,6,29,16,10.551282051282,NULL,0,0,30,9,0,'2021-10-16 22:43:54','2021-10-16 22:43:54',120,0,20),(1715,6,33,16,11.358974358974,NULL,0,0,35,4,0,'2021-10-16 22:43:54','2021-10-16 22:43:54',120,0,20),(1716,6,2,5,0,NULL,0,0,0,0,0,'2021-10-16 22:43:54','2021-10-16 22:43:54',120,0,20),(1717,6,3,5,0,NULL,0,0,0,0,0,'2021-10-16 22:43:54','2021-10-16 22:43:54',120,0,20),(1718,6,6,5,0,NULL,0,0,0,0,0,'2021-10-16 22:43:54','2021-10-16 22:43:54',120,0,20),(1719,6,8,5,0,NULL,0,0,0,0,0,'2021-10-16 22:43:54','2021-10-16 22:43:54',120,0,20),(1720,6,10,5,0,NULL,0,0,0,0,0,'2021-10-16 22:43:54','2021-10-16 22:43:54',120,0,20),(1721,6,12,5,0,NULL,0,0,0,0,0,'2021-10-16 22:43:54','2021-10-16 22:43:54',120,0,20),(1722,6,14,5,0,NULL,0,0,0,0,0,'2021-10-16 22:43:54','2021-10-16 22:43:54',120,0,20),(1723,6,30,5,0,NULL,0,0,0,0,0,'2021-10-16 22:43:54','2021-10-16 22:43:54',120,0,20),(1724,6,18,5,0,NULL,0,0,0,0,0,'2021-10-16 22:43:54','2021-10-16 22:43:54',120,0,20),(1725,6,20,5,0,NULL,0,0,0,0,0,'2021-10-16 22:43:54','2021-10-16 22:43:54',120,0,20),(1726,6,24,5,0,NULL,0,0,0,0,0,'2021-10-16 22:43:54','2021-10-16 22:43:54',120,0,20),(1727,6,26,5,0,NULL,0,0,0,0,0,'2021-10-16 22:43:54','2021-10-16 22:43:54',120,0,20),(1728,6,28,5,0,NULL,0,0,0,0,0,'2021-10-16 22:43:54','2021-10-16 22:43:54',120,0,20),(1729,6,32,5,0,NULL,0,0,0,0,0,'2021-10-16 22:43:54','2021-10-16 22:43:54',120,0,20),(1730,6,37,3,12.15625,NULL,0,0,11,5,0,'2021-10-16 22:43:54','2021-10-16 22:43:54',120,0,20),(1731,6,38,3,15.8125,NULL,0,0,15,1,0,'2021-10-16 22:43:54','2021-10-16 22:43:54',120,0,20),(1732,6,40,3,12.9375,NULL,0,0,15,1,0,'2021-10-16 22:43:54','2021-10-16 22:43:54',120,0,20),(1733,6,46,3,9.5625,NULL,0,0,11,5,0,'2021-10-16 22:43:54','2021-10-16 22:43:54',120,0,20),(1734,6,48,3,9.28125,NULL,0,0,8,8,0,'2021-10-16 22:43:54','2021-10-16 22:43:54',120,0,20),(1735,6,50,3,13.625,NULL,0,0,16,0,0,'2021-10-16 22:43:54','2021-10-16 22:43:54',120,0,20),(1736,6,52,3,9.4375,NULL,0,0,9,7,0,'2021-10-16 22:43:54','2021-10-16 22:43:54',120,0,20),(1737,6,54,3,13.75,NULL,0,0,16,0,0,'2021-10-16 22:43:54','2021-10-16 22:43:54',120,0,20),(1738,6,56,3,15.4375,NULL,0,0,16,0,0,'2021-10-16 22:43:54','2021-10-16 22:43:54',120,0,20),(1739,6,58,3,8.375,NULL,0,0,7,9,0,'2021-10-16 22:43:54','2021-10-16 22:43:54',120,0,20),(1740,6,60,3,14,NULL,0,0,15,1,0,'2021-10-16 22:43:54','2021-10-16 22:43:54',120,0,20),(1741,6,62,3,8.3125,NULL,0,0,7,9,0,'2021-10-16 22:43:54','2021-10-16 22:43:54',120,0,20),(1742,6,42,3,13.53125,NULL,0,0,15,1,0,'2021-10-16 22:43:54','2021-10-16 22:43:54',120,0,20),(1743,6,44,3,14.40625,NULL,0,0,15,1,0,'2021-10-16 22:43:54','2021-10-16 22:43:54',120,0,20),(1744,6,64,3,16,NULL,0,0,16,0,0,'2021-10-16 22:43:54','2021-10-16 22:43:54',120,0,20),(1745,1,31,16,2.2692307692308,NULL,0,0,2,37,0,'2021-10-16 22:43:54','2021-10-16 22:43:54',120,0,20),(1746,2,31,16,9.2894736842105,NULL,1,0,18,21,0,'2021-10-16 22:43:54','2021-10-16 22:43:54',120,0,20),(1747,6,14,5,0,NULL,0,0,0,0,0,'2021-10-16 22:43:54','2021-10-16 22:43:54',120,0,20),(1748,5,136,6,0,NULL,0,0,0,0,0,'2021-10-16 22:43:54','2021-10-16 22:43:54',120,0,20),(1749,1,46,3,14.5,NULL,0,0,16,0,0,'2021-10-16 22:43:54','2021-10-16 22:43:54',120,0,20),(1750,5,23,16,6.6285714285714,NULL,4,0,6,33,0,'2021-10-16 22:43:54','2021-10-16 22:43:54',120,0,20),(1751,6,23,16,9.4722222222222,NULL,3,0,23,16,0,'2021-10-16 22:43:54','2021-10-16 22:43:54',120,0,20),(1752,5,22,5,0,NULL,0,0,0,0,0,'2021-10-16 22:43:54','2021-10-16 22:43:54',120,0,20),(1753,6,22,5,11.833333333333,NULL,0,1,11,6,0,'2021-10-16 22:43:54','2021-10-16 22:43:54',120,0,20),(1755,6,117,11,8.3529411764706,NULL,0,0,11,6,0,'2021-10-16 22:43:54','2021-10-16 22:43:54',120,0,20),(1756,5,209,14,0,NULL,0,0,0,0,0,'2021-10-16 22:43:54','2021-10-16 22:43:54',120,0,20),(1757,5,207,14,0,NULL,0,0,0,0,0,'2021-10-16 22:43:54','2021-10-16 22:43:54',120,0,20),(1758,2,208,15,0,NULL,0,0,0,0,0,'2021-10-16 22:43:54','2021-10-16 22:43:54',120,0,20),(1759,5,208,15,0,NULL,0,0,0,0,0,'2021-10-16 22:43:54','2021-10-16 22:43:54',120,0,20),(1760,5,206,15,0,NULL,0,0,0,0,0,'2021-10-16 22:43:54','2021-10-16 22:43:54',120,0,20),(1761,2,7,16,12.223684210526,NULL,1,0,32,7,0,'2021-10-16 22:43:54','2021-10-16 22:43:54',120,0,20),(1762,5,222,13,0,NULL,0,0,0,0,0,'2021-10-16 22:43:54','2021-10-16 22:43:54',120,0,20),(1763,5,184,14,0,NULL,0,0,0,0,0,'2021-10-16 22:43:54','2021-10-16 22:43:54',120,0,20),(1764,5,27,16,3.8289473684211,NULL,1,0,9,30,0,'2021-10-16 22:43:54','2021-10-16 22:43:54',120,0,20),(1765,6,121,11,10.529411764706,NULL,0,0,13,4,0,'2021-10-16 22:43:54','2021-10-16 22:43:54',120,0,20),(1766,6,122,11,6.0588235294118,NULL,0,0,1,16,0,'2021-10-16 22:43:54','2021-10-16 22:43:54',120,0,20),(1767,6,126,11,8.5882352941176,NULL,0,0,10,7,0,'2021-10-16 22:43:54','2021-10-16 22:43:54',120,0,20),(1768,6,116,11,0,NULL,0,0,0,0,0,'2021-10-16 22:43:54','2021-10-16 22:43:54',120,0,20),(1769,6,118,11,0,NULL,0,0,0,0,0,'2021-10-16 22:43:54','2021-10-16 22:43:54',120,0,20),(1770,6,120,11,0,NULL,0,0,0,0,0,'2021-10-16 22:43:54','2021-10-16 22:43:54',120,0,20),(1771,6,124,11,0,NULL,0,0,0,0,0,'2021-10-16 22:43:54','2021-10-16 22:43:54',120,0,20),(1772,6,125,11,0,NULL,0,0,0,0,0,'2021-10-16 22:43:54','2021-10-16 22:43:54',120,0,20),(1773,6,119,11,0,NULL,0,0,0,0,0,'2021-10-16 22:43:54','2021-10-16 22:43:54',120,0,20),(1774,6,127,11,0,NULL,0,0,0,0,0,'2021-10-16 22:43:54','2021-10-16 22:43:54',120,0,20),(1775,1,300,4,0,NULL,0,0,0,0,0,'2021-10-16 22:43:54','2021-10-16 22:43:54',120,0,20),(1776,5,300,4,0,NULL,0,0,0,0,0,'2021-10-16 22:43:54','2021-10-16 22:43:54',120,0,20),(1777,5,260,4,0,NULL,0,0,0,0,0,'2021-10-16 22:43:54','2021-10-16 22:43:54',120,0,20),(1778,5,233,4,0,NULL,0,0,0,0,0,'2021-10-16 22:43:54','2021-10-16 22:43:54',120,0,20),(1779,5,284,23,0,NULL,0,0,0,0,0,'2021-10-16 22:43:54','2021-10-16 22:43:54',120,0,20),(1780,5,288,23,0,NULL,0,0,0,0,0,'2021-10-16 22:43:54','2021-10-16 22:43:54',120,0,20),(1781,6,287,23,0,NULL,0,0,0,0,0,'2021-10-16 22:43:54','2021-10-16 22:43:54',120,0,20),(1782,5,298,18,0,NULL,0,0,0,0,0,'2021-10-16 22:43:54','2021-10-16 22:43:54',120,0,20),(1783,5,232,18,0,NULL,0,0,0,0,0,'2021-10-16 22:43:54','2021-10-16 22:43:54',120,0,20),(1784,5,297,19,0,NULL,0,0,0,0,0,'2021-10-16 22:43:54','2021-10-16 22:43:54',120,0,20),(1785,1,297,19,0,NULL,0,0,0,0,0,'2021-10-16 22:43:54','2021-10-16 22:43:54',120,0,20),(1786,5,230,19,0,NULL,0,0,0,0,0,'2021-10-16 22:43:54','2021-10-16 22:43:54',120,0,20),(1787,5,259,19,0,NULL,0,0,0,0,0,'2021-10-16 22:43:54','2021-10-16 22:43:54',120,0,20),(1788,1,231,19,0,NULL,0,0,0,0,0,'2021-10-16 22:43:54','2021-10-16 22:43:54',120,0,20),(1789,5,296,20,0,NULL,0,0,0,0,0,'2021-10-16 22:43:54','2021-10-16 22:43:54',120,0,20),(1790,5,229,20,0,NULL,0,0,0,0,0,'2021-10-16 22:43:54','2021-10-16 22:43:54',120,0,20),(1791,1,235,20,0,NULL,0,0,0,0,0,'2021-10-16 22:43:54','2021-10-16 22:43:54',120,0,20),(1792,5,246,20,0,NULL,0,0,0,0,0,'2021-10-16 22:43:54','2021-10-16 22:43:54',120,0,20),(1793,2,15,16,14.307692307692,NULL,0,0,38,1,0,'2021-10-16 22:43:54','2021-10-16 22:43:54',120,0,20),(1794,5,33,16,3.9230769230769,NULL,0,0,8,31,0,'2021-10-16 22:43:54','2021-10-16 22:43:54',120,0,20),(1795,1,8,5,0,NULL,0,0,0,0,0,'2021-10-16 22:43:54','2021-10-16 22:43:54',120,0,20),(1796,2,14,5,0,NULL,0,0,0,0,0,'2021-10-16 22:43:54','2021-10-16 22:43:54',120,0,20),(1797,3,14,5,0,NULL,0,0,0,0,0,'2021-10-16 22:43:54','2021-10-16 22:43:54',120,0,20),(1798,1,155,7,0,NULL,0,0,0,0,0,'2021-10-16 22:43:54','2021-10-16 22:43:54',120,0,20),(1799,2,162,7,0,NULL,0,0,0,0,0,'2021-10-16 22:43:54','2021-10-16 22:43:54',120,0,20),(1800,6,108,9,0,NULL,0,0,0,0,0,'2021-10-16 22:43:54','2021-10-16 22:43:54',120,0,20),(1801,5,112,9,0,NULL,0,0,0,0,0,'2021-10-16 22:43:54','2021-10-16 22:43:54',120,0,20),(1803,5,117,11,8.4117647058824,NULL,0,0,11,6,0,'2021-10-16 22:43:54','2021-10-16 22:43:54',120,0,20),(1804,5,123,11,0,NULL,0,0,0,0,0,'2021-10-16 22:43:54','2021-10-16 22:43:54',120,0,20),(1805,2,215,12,0,NULL,0,0,0,0,0,'2021-10-16 22:43:54','2021-10-16 22:43:54',120,0,20),(1806,2,179,12,0,NULL,0,0,0,0,0,'2021-10-16 22:43:54','2021-10-16 22:43:54',120,0,20),(1807,2,221,14,0,NULL,0,0,0,0,0,'2021-10-16 22:43:54','2021-10-16 22:43:54',120,0,20),(1808,2,209,14,0,NULL,0,0,0,0,0,'2021-10-16 22:43:54','2021-10-16 22:43:54',120,0,20),(1810,1,33,16,10.241935483871,NULL,8,0,23,16,0,'2021-10-16 22:43:54','2021-10-16 22:43:54',120,0,20),(1811,2,36,17,11.840909090909,NULL,0,0,32,12,0,'2021-10-16 22:43:54','2021-10-16 22:43:54',120,0,20),(1812,2,161,7,10.5,NULL,0,0,3,0,0,'2021-10-16 22:43:54','2021-10-16 22:43:54',120,0,20),(1813,2,152,7,12.166666666667,NULL,0,0,2,1,0,'2021-10-16 22:43:54','2021-10-16 22:43:54',120,0,20),(1814,2,35,6,6.5714285714286,NULL,0,0,1,6,0,'2021-10-16 22:43:54','2021-10-16 22:43:54',120,0,20),(1815,2,164,8,10.285714285714,NULL,1,0,7,8,0,'2021-10-16 22:43:54','2021-10-16 22:43:54',120,0,20),(1816,2,172,8,8.3,NULL,0,0,4,11,0,'2021-10-16 22:43:54','2021-10-16 22:43:54',120,0,20),(1848,7,191,12,6.5,NULL,1,0,0,1,1,'2021-10-16 22:43:54','2021-10-16 22:43:54',120,0,20),(1849,7,195,12,8,NULL,1,0,0,1,1,'2021-10-16 22:43:54','2021-10-16 22:43:54',120,0,20),(1850,7,192,15,10,NULL,13,0,1,13,0,'2021-10-16 22:43:54','2021-10-16 22:43:54',120,0,20),(1852,7,193,14,10.125,NULL,0,0,2,1,1,'2021-10-16 22:43:54','2021-10-16 22:43:54',120,0,20),(1853,7,197,14,10.375,NULL,0,0,3,1,0,'2021-10-16 22:43:54','2021-10-16 22:43:54',120,0,20),(1854,7,190,13,8,NULL,1,0,0,1,6,'2021-10-16 22:43:54','2021-10-16 22:43:54',120,0,20),(1855,7,194,13,11.083333333333,NULL,1,1,3,0,3,'2021-10-16 22:43:54','2021-10-16 22:43:54',120,0,20),(1856,7,58,3,9.195652173913,NULL,0,0,10,1,12,'2021-10-16 22:43:54','2021-10-16 22:43:54',120,0,20),(1857,7,59,17,7.5857142857143,NULL,0,3,10,3,19,'2021-10-16 22:43:54','2021-10-16 22:43:54',120,0,20),(1858,7,111,10,5.7142857142857,NULL,0,0,0,14,0,'2021-10-16 22:43:54','2021-10-16 22:43:54',120,0,20),(1859,7,110,9,8.7222222222222,NULL,0,1,2,1,5,'2021-10-16 22:43:54','2021-10-16 22:43:54',120,0,20),(1860,7,169,8,6.1388888888889,NULL,0,2,1,6,9,'2021-10-16 22:43:54','2021-10-16 22:43:54',120,0,20),(1861,7,181,14,15.375,NULL,4,1,3,0,0,'2021-10-16 22:43:54','2021-10-16 22:43:54',120,0,20),(1863,7,120,11,11.166666666667,NULL,0,2,6,0,4,'2021-10-16 22:43:54','2021-10-16 22:43:54',120,0,20),(1864,7,306,26,12.555555555556,NULL,0,2,7,0,0,'2021-10-16 22:43:54','2021-10-16 22:43:54',120,0,20),(1865,7,106,9,12.111111111111,NULL,0,2,7,0,0,'2021-10-16 22:43:54','2021-10-16 22:43:54',120,0,20),(1866,7,107,10,10.785714285714,NULL,0,1,10,3,0,'2021-10-16 22:43:54','2021-10-16 22:43:54',120,0,20),(1867,7,96,9,10.111111111111,NULL,0,1,4,1,3,'2021-10-16 22:43:54','2021-10-16 22:43:54',120,0,20),(1868,7,97,10,9.3928571428571,NULL,0,0,7,7,0,'2021-10-16 22:43:54','2021-10-16 22:43:54',120,0,20),(1869,7,305,26,9.4444444444444,NULL,0,0,2,2,5,'2021-10-16 22:43:54','2021-10-16 22:43:54',120,0,20),(1870,7,118,11,9.25,NULL,0,0,3,2,7,'2021-10-16 22:43:54','2021-10-16 22:43:54',120,0,20),(1873,7,167,8,10.055555555556,NULL,0,6,5,7,0,'2021-10-16 22:43:54','2021-10-16 22:43:54',120,0,20),(1875,7,130,6,8.4615384615385,NULL,0,1,7,0,5,'2021-10-16 22:43:54','2021-10-16 22:43:54',120,0,20),(1876,7,149,21,7,NULL,0,0,3,0,3,'2021-10-16 22:43:54','2021-10-16 22:43:54',120,0,20),(1877,7,153,7,11.5,NULL,0,0,2,0,0,'2021-10-16 22:43:54','2021-10-16 22:43:54',120,0,20),(1879,7,168,8,11,NULL,0,8,10,0,0,'2021-10-16 22:43:54','2021-10-16 22:43:54',120,0,20),(1880,7,202,13,11.5,NULL,1,1,3,0,3,'2021-10-16 22:43:54','2021-10-16 22:43:54',120,0,20),(1881,7,203,12,13,NULL,1,0,1,1,0,'2021-10-16 22:43:54','2021-10-16 22:43:54',120,0,20),(1882,7,22,5,11.714285714286,NULL,0,2,9,3,0,'2021-10-16 22:43:54','2021-10-16 22:43:54',120,0,20),(1883,7,23,16,9.95,NULL,0,2,20,3,15,'2021-10-16 22:43:54','2021-10-16 22:43:54',120,0,20),(1884,7,310,26,8.2222222222222,NULL,0,1,2,1,5,'2021-10-16 22:43:54','2021-10-16 22:43:54',120,0,20),(1885,7,123,11,6.6666666666667,NULL,0,0,1,2,9,'2021-10-16 22:43:54','2021-10-16 22:43:54',120,0,20),(1887,7,12,5,8.1071428571429,NULL,0,1,2,2,9,'2021-10-16 22:43:54','2021-10-16 22:43:54',120,0,20),(1888,7,13,16,7.4,'',0,0,9,31,0,'2021-10-16 22:43:54','2021-10-16 22:43:54',120,0,20),(1891,7,222,13,11.5,NULL,1,1,5,0,1,'2021-10-16 22:43:54','2021-10-16 22:43:54',120,0,20),(1892,7,129,6,11.541666666667,NULL,1,1,10,0,2,'2021-10-16 22:43:54','2021-10-16 22:43:54',120,0,20),(1893,7,5,16,9.4128205128205,NULL,1,0,18,5,17,'2021-10-16 22:43:54','2021-10-16 22:43:54',120,0,20),(1894,7,204,15,12.5,'',13,0,1,13,0,'2021-10-16 22:43:54','2021-10-16 22:43:54',120,0,20),(1895,7,21,16,6.75,NULL,0,2,7,3,28,'2021-10-16 22:43:54','2021-10-16 22:43:54',120,0,20),(1896,7,20,5,8.2857142857143,NULL,0,1,4,2,7,'2021-10-16 22:43:54','2021-10-16 22:43:54',120,0,20),(1897,7,205,14,10.375,NULL,0,1,1,0,2,'2021-10-16 22:43:54','2021-10-16 22:43:54',120,0,20),(1898,7,89,2,10.369863013699,NULL,0,17,25,10,21,'2021-10-16 22:43:54','2021-10-16 22:43:54',120,0,20),(1899,7,210,13,14.083333333333,NULL,1,1,5,0,1,'2021-10-16 22:43:54','2021-10-16 22:43:54',120,0,20),(1900,7,150,21,9.0833333333333,NULL,0,0,3,0,3,'2021-10-16 22:43:54','2021-10-16 22:43:54',120,0,20),(1901,7,134,6,6.1666666666667,NULL,1,0,2,1,10,'2021-10-16 22:43:54','2021-10-16 22:43:54',120,0,20),(1903,7,144,21,3.1666666666667,NULL,0,0,0,0,12,'2021-10-16 22:43:54','2021-10-16 22:43:54',120,0,20),(1904,7,148,21,6,NULL,0,0,0,0,6,'2021-10-16 22:43:54','2021-10-16 22:43:54',120,0,20),(1905,7,131,6,7.6666666666667,NULL,1,0,3,1,9,'2021-10-16 22:43:54','2021-10-16 22:43:54',120,0,20),(1906,7,14,5,13.857142857143,NULL,0,3,10,1,0,'2021-10-16 22:43:54','2021-10-16 22:43:54',120,0,20),(1907,7,15,16,13.975,NULL,0,5,32,3,0,'2021-10-16 22:43:54','2021-10-16 22:43:54',120,0,20),(1908,7,50,3,12.434782608696,NULL,0,0,20,1,2,'2021-10-16 22:43:54','2021-10-16 22:43:54',120,0,20),(1909,7,52,3,9.1304347826087,NULL,0,0,11,1,11,'2021-10-16 22:43:54','2021-10-16 22:43:54',120,0,20),(1910,7,46,3,7.6521739130435,NULL,0,0,5,1,17,'2021-10-16 22:43:54','2021-10-16 22:43:54',120,0,20),(1911,7,212,15,14.5,NULL,13,0,1,13,0,'2021-10-16 22:43:54','2021-10-16 22:43:54',120,0,20),(1912,7,172,8,6.4583333333333,NULL,0,2,2,6,8,'2021-10-16 22:43:54','2021-10-16 22:43:54',120,0,20),(1913,7,161,7,8.5,NULL,0,0,1,0,1,'2021-10-16 22:43:54','2021-10-16 22:43:54',120,0,20),(1914,7,112,9,8.6666666666667,NULL,0,1,2,1,5,'2021-10-16 22:43:54','2021-10-16 22:43:54',120,0,20),(1915,7,113,10,6.8214285714286,NULL,0,0,3,11,0,'2021-10-16 22:43:54','2021-10-16 22:43:54',120,0,20),(1916,7,225,14,7.75,NULL,0,0,1,1,2,'2021-10-16 22:43:54','2021-10-16 22:43:54',120,0,20),(1917,7,62,3,5.6195652173913,NULL,0,1,2,0,20,'2021-10-16 22:43:54','2021-10-16 22:43:54',120,0,20),(1918,7,63,17,5.65,NULL,0,0,6,6,23,'2021-10-16 22:43:54','2021-10-16 22:43:54',120,0,20),(1919,7,81,2,15.3,NULL,3,26,44,1,2,'2021-10-16 22:43:54','2021-10-16 22:43:54',120,0,20),(1920,7,231,19,13.328571428571,NULL,3,3,27,8,0,'2021-10-16 22:43:54','2021-10-16 22:43:54',120,0,20),(1921,7,48,3,9.1086956521739,NULL,0,0,9,1,13,'2021-10-16 22:43:54','2021-10-16 22:43:54',120,0,20),(1922,7,47,17,8.9142857142857,NULL,0,1,12,5,17,'2021-10-16 22:43:54','2021-10-16 22:43:54',120,0,20),(1923,7,53,17,8.6285714285714,NULL,0,1,12,5,17,'2021-10-16 22:43:54','2021-10-16 22:43:54',120,0,20),(1924,7,51,17,11.771428571429,NULL,0,3,25,3,4,'2021-10-16 22:43:54','2021-10-16 22:43:54',120,0,20),(1925,7,49,17,9.0285714285714,NULL,0,0,13,6,16,'2021-10-16 22:43:54','2021-10-16 22:43:54',120,0,20),(1926,7,211,12,11.25,NULL,1,0,1,1,0,'2021-10-16 22:43:54','2021-10-16 22:43:54',120,0,20),(1927,7,117,11,6.3636363636364,NULL,1,0,1,2,9,'2021-10-16 22:43:54','2021-10-16 22:43:54',120,0,20),(1928,7,311,26,8.4444444444444,NULL,0,1,1,1,6,'2021-10-16 22:43:54','2021-10-16 22:43:54',120,0,20),(1930,7,70,1,12.767441860465,NULL,1,2,34,8,0,'2021-10-16 22:43:54','2021-10-16 22:43:54',120,0,20),(1931,7,136,6,11.708333333333,NULL,1,1,8,4,0,'2021-10-16 22:43:54','2021-10-16 22:43:54',120,0,20),(1932,7,224,15,13.5,NULL,13,0,1,13,0,'2021-10-16 22:43:54','2021-10-16 22:43:54',120,0,20),(1933,7,126,11,8.9375,NULL,0,0,4,2,6,'2021-10-16 22:43:54','2021-10-16 22:43:54',120,0,20),(1934,7,61,17,9.8071428571429,NULL,0,4,16,15,0,'2021-10-16 22:43:54','2021-10-16 22:43:54',120,0,20),(1935,7,60,3,8.9565217391304,NULL,0,0,10,1,12,'2021-10-16 22:43:54','2021-10-16 22:43:54',120,0,20),(1936,7,226,21,12.166666666667,NULL,0,0,6,0,0,'2021-10-16 22:43:54','2021-10-16 22:43:54',120,0,20),(1937,7,313,26,10.222222222222,NULL,0,1,4,4,0,'2021-10-16 22:43:54','2021-10-16 22:43:54',120,0,20),(1938,7,83,2,4.9246575342466,NULL,0,4,2,23,44,'2021-10-16 22:43:54','2021-10-16 22:43:54',120,0,20),(1939,7,315,21,7.0833333333333,NULL,0,0,1,5,0,'2021-10-16 22:43:54','2021-10-16 22:43:54',120,0,20),(1940,7,314,6,6.2916666666667,NULL,1,0,1,1,11,'2021-10-16 22:43:54','2021-10-16 22:43:54',120,0,20),(1941,7,2,5,7.9642857142857,NULL,0,0,1,3,10,'2021-10-16 22:43:54','2021-10-16 22:43:54',120,0,20),(1943,7,38,3,6.804347826087,NULL,0,0,5,18,0,'2021-10-16 22:43:54','2021-10-16 22:43:54',120,0,20),(1944,7,39,17,5.2529411764706,NULL,1,0,2,6,27,'2021-10-16 22:43:54','2021-10-16 22:43:54',120,0,20),(1945,7,66,1,8.9166666666667,NULL,2,2,16,26,0,'2021-10-16 22:43:54','2021-10-16 22:43:54',120,0,20),(1946,7,151,21,5.25,NULL,0,0,1,0,5,'2021-10-16 22:43:54','2021-10-16 22:43:54',120,0,20),(1947,7,35,6,7.2272727272727,NULL,2,0,1,1,11,'2021-10-16 22:43:54','2021-10-16 22:43:54',120,0,20),(1948,7,152,7,6.75,NULL,0,0,0,0,2,'2021-10-16 22:43:54','2021-10-16 22:43:54',120,0,20),(1949,7,164,8,6.9666666666667,NULL,3,1,3,14,0,'2021-10-16 22:43:54','2021-10-16 22:43:54',120,0,20),(1950,7,122,11,4,NULL,0,0,1,2,9,'2021-10-16 22:43:54','2021-10-16 22:43:54',120,0,20),(1951,7,309,26,7.1111111111111,NULL,0,1,1,1,6,'2021-10-16 22:43:54','2021-10-16 22:43:54',120,0,20),(1952,7,71,1,9.25,NULL,2,3,13,2,26,'2021-10-16 22:43:54','2021-10-16 22:43:54',120,0,20),(1953,7,157,7,10.75,NULL,0,0,1,0,1,'2021-10-16 22:43:54','2021-10-16 22:43:54',120,0,20),(1954,7,223,12,10.5,NULL,1,0,1,1,0,'2021-10-16 22:43:54','2021-10-16 22:43:54',120,0,20),(1955,7,67,1,11.954545454545,NULL,0,3,29,12,0,'2021-10-16 22:43:54','2021-10-16 22:43:54',120,0,20),(1957,7,94,9,10.055555555556,NULL,0,0,4,2,3,'2021-10-16 22:43:54','2021-10-16 22:43:54',120,0,20),(1958,7,95,10,8.4285714285714,NULL,0,1,2,0,11,'2021-10-16 22:43:54','2021-10-16 22:43:54',120,0,20),(1959,7,116,11,8.35,NULL,2,1,2,9,0,'2021-10-16 22:43:54','2021-10-16 22:43:54',120,0,20),(1960,7,177,12,7.5,NULL,1,0,0,1,1,'2021-10-16 22:43:54','2021-10-16 22:43:54',120,0,20),(1961,7,176,13,10.083333333333,NULL,1,0,5,1,1,'2021-10-16 22:43:54','2021-10-16 22:43:54',120,0,20),(1962,7,185,15,12.5,NULL,13,0,1,13,0,'2021-10-16 22:43:54','2021-10-16 22:43:54',120,0,20),(1963,7,184,14,10.625,NULL,0,0,3,1,0,'2021-10-16 22:43:54','2021-10-16 22:43:54',120,0,20),(1964,7,79,2,10.684931506849,NULL,0,18,33,9,13,'2021-10-16 22:43:54','2021-10-16 22:43:54',120,0,20),(1965,7,25,16,9.1282051282051,NULL,1,1,18,21,0,'2021-10-16 22:43:54','2021-10-16 22:43:54',120,0,20),(1966,7,55,17,9.7714285714286,NULL,0,2,16,17,0,'2021-10-16 22:43:54','2021-10-16 22:43:54',120,0,20),(1967,7,41,17,12.828571428571,NULL,0,5,25,5,0,'2021-10-16 22:43:54','2021-10-16 22:43:54',120,0,20),(1968,7,77,1,11.906976744186,NULL,1,4,31,1,8,'2021-10-16 22:43:54','2021-10-16 22:43:54',120,0,20),(1969,7,24,5,11.041666666667,NULL,2,1,7,6,0,'2021-10-16 22:43:54','2021-10-16 22:43:54',120,0,20),(1971,7,92,9,10.472222222222,NULL,0,1,4,1,3,'2021-10-16 22:43:54','2021-10-16 22:43:54',120,0,20),(1972,7,7,16,11.175,NULL,0,2,29,3,6,'2021-10-16 22:43:54','2021-10-16 22:43:54',120,0,20),(1973,7,6,5,11.357142857143,NULL,0,2,9,3,0,'2021-10-16 22:43:54','2021-10-16 22:43:54',120,0,20),(1979,7,91,2,17,NULL,0,162,276,0,0,'2021-10-16 22:43:54','2021-10-16 22:43:54',120,0,20),(1980,7,78,1,16,NULL,0,5,39,0,0,'2021-10-16 22:43:54','2021-10-16 22:43:54',120,0,20),(1982,7,65,17,15,NULL,0,6,29,0,0,'2021-10-16 22:43:54','2021-10-16 22:43:54',120,0,20),(1983,7,33,16,11.0125,NULL,0,3,26,2,9,'2021-10-16 22:43:54','2021-10-16 22:43:54',120,0,20),(1984,7,32,5,11.714285714286,NULL,0,3,7,0,4,'2021-10-16 22:43:54','2021-10-16 22:43:54',120,0,20),(1985,7,171,8,5.6527777777778,NULL,0,1,1,16,0,'2021-10-16 22:43:54','2021-10-16 22:43:54',120,0,20),(1986,7,159,7,5.25,NULL,0,0,0,0,2,'2021-10-16 22:43:54','2021-10-16 22:43:54',120,0,20),(1987,7,208,15,17,NULL,13,0,1,13,0,'2021-10-16 22:43:54','2021-10-16 22:43:54',120,0,20),(1988,7,209,14,10.5,NULL,0,1,2,0,1,'2021-10-16 22:43:54','2021-10-16 22:43:54',120,0,20),(1989,7,170,8,4.1111111111111,NULL,0,0,0,8,10,'2021-10-16 22:43:54','2021-10-16 22:43:54',120,0,20),(1990,7,207,14,10.25,NULL,0,1,2,0,1,'2021-10-16 22:43:54','2021-10-16 22:43:54',120,0,20),(1991,7,206,15,13.25,NULL,13,0,1,13,0,'2021-10-16 22:43:54','2021-10-16 22:43:54',120,0,20),(1992,7,158,7,4.75,NULL,0,0,0,0,2,'2021-10-16 22:43:54','2021-10-16 22:43:54',120,0,20),(1993,7,227,10,10.714285714286,NULL,0,1,9,0,4,'2021-10-16 22:43:54','2021-10-16 22:43:54',120,0,20),(1994,7,228,9,9.1111111111111,NULL,0,1,4,1,3,'2021-10-16 22:43:54','2021-10-16 22:43:54',120,0,20),(1995,7,73,1,10.982558139535,NULL,1,2,28,14,0,'2021-10-16 22:43:54','2021-10-16 22:43:54',120,0,20),(1996,7,84,2,5.0821917808219,NULL,0,3,6,24,40,'2021-10-16 22:43:54','2021-10-16 22:43:54',120,0,20),(1997,7,86,2,7.2876712328767,NULL,0,5,15,22,31,'2021-10-16 22:43:54','2021-10-16 22:43:54',120,0,20),(1998,7,45,17,12.771428571429,NULL,0,4,24,2,5,'2021-10-16 22:43:54','2021-10-16 22:43:54',120,0,20),(1999,7,44,3,13,NULL,0,1,21,0,1,'2021-10-16 22:43:54','2021-10-16 22:43:54',120,0,20),(2000,7,69,1,12.255813953488,NULL,1,3,30,11,0,'2021-10-16 22:43:54','2021-10-16 22:43:54',120,0,20),(2001,7,82,2,14.5,NULL,2,24,46,3,0,'2021-10-16 22:43:54','2021-10-16 22:43:54',120,0,20),(2002,7,216,15,16,'Vivre en société',13,0,1,13,0,'2021-10-16 22:43:54','2021-10-16 22:43:54',120,0,20),(2003,7,214,13,12.666666666667,'Vivre en société',1,1,5,0,1,'2021-10-16 22:43:54','2021-10-16 22:43:54',120,0,20),(2004,7,217,14,13,'Vivre en société',0,1,3,0,0,'2021-10-16 22:43:54','2021-10-16 22:43:54',120,0,20),(2005,7,215,12,12.75,'Vivre en société',0,1,1,0,0,'2021-10-16 22:43:54','2021-10-16 22:43:54',120,0,20),(2006,7,119,11,12.681818181818,'Vivre en société',1,2,9,1,0,'2021-10-16 22:43:54','2021-10-16 22:43:54',120,0,20),(2007,7,98,9,12.5,'Vivre en société',0,2,7,0,0,'2021-10-16 22:43:54','2021-10-16 22:43:54',120,0,20),(2008,7,307,26,12.388888888889,'Vivre en société',0,2,7,0,0,'2021-10-16 22:43:54','2021-10-16 22:43:54',120,0,20),(2010,7,28,5,13.4,'Vivre en société',0,2,11,1,0,'2021-10-16 22:43:54','2021-10-16 22:43:54',120,0,20),(2011,7,29,16,11.3025,'Vivre en société',0,4,30,1,5,'2021-10-16 22:43:54','2021-10-16 22:43:54',120,0,20),(2012,7,42,3,13.852173913043,'Vivre en société',0,1,21,0,1,'2021-10-16 22:43:54','2021-10-16 22:43:54',120,0,20),(2013,7,43,17,13.402857142857,'Vivre en société',0,5,28,2,0,'2021-10-16 22:43:54','2021-10-16 22:43:54',120,0,20),(2014,7,68,1,14.319512195122,'Vivre en société',3,3,37,4,0,'2021-10-16 22:43:54','2021-10-16 22:43:54',120,0,20),(2015,7,75,1,12,NULL,1,5,26,0,13,'2021-10-16 22:43:54','2021-10-16 22:43:54',120,0,20),(2016,7,57,17,10.985714285714,NULL,0,3,18,14,0,'2021-10-16 22:43:54','2021-10-16 22:43:54',120,0,20),(2017,7,56,3,10.695652173913,NULL,0,0,12,1,10,'2021-10-16 22:43:54','2021-10-16 22:43:54',120,0,20),(2018,7,198,13,13.666666666667,NULL,1,1,5,0,1,'2021-10-16 22:43:54','2021-10-16 22:43:54',120,0,20),(2019,7,200,15,14,NULL,13,0,1,13,0,'2021-10-16 22:43:54','2021-10-16 22:43:54',120,0,20),(2020,7,160,7,13.25,NULL,0,0,2,0,0,'2021-10-16 22:43:54','2021-10-16 22:43:54',120,0,20),(2021,7,201,14,13.8125,NULL,0,1,3,0,0,'2021-10-16 22:43:54','2021-10-16 22:43:54',120,0,20),(2022,7,18,5,11,NULL,0,3,8,3,0,'2021-10-16 22:43:54','2021-10-16 22:43:54',120,0,20),(2023,7,19,16,8.775,NULL,0,1,18,4,17,'2021-10-16 22:43:54','2021-10-16 22:43:54',120,0,20),(2024,7,199,12,7.5,NULL,1,0,0,1,1,'2021-10-16 22:43:54','2021-10-16 22:43:54',120,0,20),(2025,7,143,21,11,NULL,0,0,5,0,1,'2021-10-16 22:43:54','2021-10-16 22:43:54',120,0,20),(2026,7,137,6,11.090909090909,NULL,2,1,7,0,5,'2021-10-16 22:43:54','2021-10-16 22:43:54',120,0,20),(2027,7,88,2,13.19014084507,NULL,2,24,37,3,9,'2021-10-16 22:43:54','2021-10-16 22:43:54',120,0,20),(2028,7,173,8,12.847222222222,NULL,0,8,8,2,0,'2021-10-16 22:43:54','2021-10-16 22:43:54',120,0,20),(2041,7,154,7,12.5,NULL,0,0,2,0,0,'2021-10-16 22:43:54','2021-10-16 22:43:54',120,0,20),(2042,7,74,1,12.627906976744,NULL,1,4,32,8,0,'2021-10-16 22:43:54','2021-10-16 22:43:54',120,0,20),(2043,7,87,2,12.493150684932,NULL,0,27,46,0,0,'2021-10-16 22:43:54','2021-10-16 22:43:54',120,0,20),(2044,7,80,2,15.038356164384,NULL,0,27,46,0,0,'2021-10-16 22:43:54','2021-10-16 22:43:54',120,0,20),(2045,7,54,3,8.8260869565217,NULL,0,0,7,1,15,'2021-10-16 22:43:54','2021-10-16 22:43:54',120,0,20),(2046,7,40,3,13.434782608696,NULL,0,1,22,0,0,'2021-10-16 22:43:54','2021-10-16 22:43:54',120,0,20),(2047,7,196,15,13,NULL,13,0,1,13,0,'2021-10-16 22:43:54','2021-10-16 22:43:54',120,0,20),(2048,7,3,5,11.692307692308,NULL,1,2,10,2,0,'2021-10-16 22:43:54','2021-10-16 22:43:54',120,0,20),(2050,7,354,8,8.7777777777778,NULL,0,1,2,15,0,'2021-10-16 22:43:54','2021-10-16 22:43:54',120,0,20),(2051,7,355,7,9.25,NULL,0,0,1,0,1,'2021-10-16 22:43:54','2021-10-16 22:43:54',120,0,20),(2052,7,213,14,16.75,NULL,0,1,3,0,0,'2021-10-16 22:43:54','2021-10-16 22:43:54',120,0,20),(2053,7,76,1,3.5046511627907,NULL,1,0,2,5,37,'2021-10-16 22:43:54','2021-10-16 22:43:54',120,0,20),(2054,7,90,2,12.3,NULL,3,21,39,6,7,'2021-10-16 22:43:54','2021-10-16 22:43:54',120,0,20),(2055,7,64,3,16,NULL,0,1,22,0,0,'2021-10-16 22:43:54','2021-10-16 22:43:54',120,0,20),(2056,7,72,1,12.744186046512,NULL,1,4,35,5,0,'2021-10-16 22:43:54','2021-10-16 22:43:54',120,0,20),(2057,7,85,2,9.1780821917808,NULL,0,18,33,9,13,'2021-10-16 22:43:54','2021-10-16 22:43:54',120,0,20),(2058,7,312,26,12.055555555556,NULL,0,2,7,0,0,'2021-10-16 22:43:54','2021-10-16 22:43:54',120,0,20),(2059,7,109,10,9.8,NULL,0,1,10,0,3,'2021-10-16 22:43:54','2021-10-16 22:43:54',120,0,20),(2060,7,108,9,12.055555555556,NULL,0,2,6,0,1,'2021-10-16 22:43:54','2021-10-16 22:43:54',120,0,20),(2061,7,121,11,11.909090909091,NULL,1,2,9,0,1,'2021-10-16 22:43:54','2021-10-16 22:43:54',120,0,20),(2062,7,140,6,14.015384615385,NULL,0,1,10,0,2,'2021-10-16 22:43:54','2021-10-16 22:43:54',120,0,20),(2063,7,141,21,13.516666666667,NULL,0,0,5,0,1,'2021-10-16 22:43:54','2021-10-16 22:43:54',120,0,20),(2064,7,221,14,17.25,NULL,0,1,3,0,0,'2021-10-16 22:43:54','2021-10-16 22:43:54',120,0,20),(2065,7,220,15,17,NULL,13,0,1,13,0,'2021-10-16 22:43:54','2021-10-16 22:43:54',120,0,20),(2066,7,163,7,17,NULL,0,0,2,0,0,'2021-10-16 22:43:54','2021-10-16 22:43:54',120,0,20),(2067,7,175,8,17,NULL,0,8,10,0,0,'2021-10-16 22:43:54','2021-10-16 22:43:54',120,0,20),(2068,7,114,9,17.666666666667,NULL,0,2,7,0,0,'2021-10-16 22:43:54','2021-10-16 22:43:54',120,0,20),(2069,7,115,10,16.357142857143,NULL,0,1,13,0,0,'2021-10-16 22:43:54','2021-10-16 22:43:54',120,0,20),(2070,7,127,11,16,NULL,0,2,10,0,0,'2021-10-16 22:43:54','2021-10-16 22:43:54',120,0,20),(2071,7,308,26,16,NULL,0,2,7,0,0,'2021-10-16 22:43:54','2021-10-16 22:43:54',120,0,20),(2072,7,218,13,16,NULL,0,1,6,0,0,'2021-10-16 22:43:54','2021-10-16 22:43:54',120,0,20),(2073,7,219,12,16,NULL,0,1,1,0,0,'2021-10-16 22:43:54','2021-10-16 22:43:54',120,0,20),(2074,7,37,3,13.717391304348,NULL,0,1,20,0,2,'2021-10-16 22:43:54','2021-10-16 22:43:54',120,0,20),(2075,7,179,12,9.5,NULL,1,0,0,1,1,'2021-10-16 22:43:54','2021-10-16 22:43:54',120,0,20),(2076,7,187,12,11.5,NULL,1,0,1,1,0,'2021-10-16 22:43:54','2021-10-16 22:43:54',120,0,20),(2077,7,178,13,9.6428571428571,NULL,0,1,2,0,4,'2021-10-16 22:43:54','2021-10-16 22:43:54',120,0,20),(2078,7,186,13,10.428571428571,NULL,0,1,5,0,1,'2021-10-16 22:43:54','2021-10-16 22:43:54',120,0,20),(2079,7,132,6,9.4666666666667,NULL,1,1,6,0,6,'2021-10-16 22:43:54','2021-10-16 22:43:54',120,0,20),(2080,7,133,6,9.4666666666667,NULL,1,1,5,0,7,'2021-10-16 22:43:54','2021-10-16 22:43:54',120,0,20),(2081,7,147,21,9.8333333333333,NULL,0,0,4,0,2,'2021-10-16 22:43:54','2021-10-16 22:43:54',120,0,20),(2082,7,146,21,10.333333333333,NULL,0,0,4,0,2,'2021-10-16 22:43:54','2021-10-16 22:43:54',120,0,20),(2083,7,11,16,7.6,NULL,0,0,3,5,32,'2021-10-16 22:43:54','2021-10-16 22:43:54',120,0,20),(2084,7,10,5,8.3928571428571,NULL,0,1,1,2,10,'2021-10-16 22:43:54','2021-10-16 22:43:54',120,0,20),(2085,7,8,5,8.8538461538462,NULL,1,0,6,3,5,'2021-10-16 22:43:54','2021-10-16 22:43:54',120,0,20),(2086,7,4,16,9.5875,NULL,0,2,22,16,0,'2021-10-16 22:43:54','2021-10-16 22:43:54',120,0,20),(2087,7,30,5,9.3076923076923,NULL,1,0,5,3,6,'2021-10-16 22:43:54','2021-10-16 22:43:54',120,0,20),(2088,7,31,16,7.8625,NULL,0,0,10,30,0,'2021-10-16 22:43:54','2021-10-16 22:43:54',120,0,20),(2089,7,9,16,9.5125,NULL,0,2,21,3,14,'2021-10-16 22:43:54','2021-10-16 22:43:54',120,0,20),(2091,7,356,8,10.147058823529,NULL,1,5,5,8,0,'2021-10-16 22:43:54','2021-10-16 22:43:54',120,0,20),(2092,7,26,5,17,NULL,0,3,11,0,0,'2021-10-16 22:43:54','2021-10-16 22:43:54',120,0,20),(2093,7,27,16,17,NULL,0,5,35,0,0,'2021-10-16 22:43:54','2021-10-16 22:43:54',120,0,20),(2094,7,36,17,12.681818181818,NULL,2,3,24,3,5,'2021-10-16 22:43:54','2021-10-16 22:43:54',120,0,20),(2095,7,189,14,0,NULL,4,0,0,1,3,'2021-10-16 22:43:54','2021-10-16 22:43:54',120,0,20),(2096,7,188,15,12.5,NULL,13,0,1,13,0,'2021-10-16 22:43:54','2021-10-16 22:43:54',120,0,20),(2097,7,180,15,13.25,NULL,13,0,1,13,0,'2021-10-16 22:43:54','2021-10-16 22:43:54',120,0,20),(2098,7,162,7,0,'Vivre en société',2,0,0,0,2,'2021-10-16 22:43:54','2021-10-16 22:43:54',120,0,20),(2099,7,155,7,0,NULL,2,0,0,0,2,'2021-10-16 22:43:54','2021-10-16 22:43:54',120,0,20),(2100,7,156,7,0,NULL,2,0,0,0,2,'2021-10-16 22:43:54','2021-10-16 22:43:54',120,0,20),(2101,7,165,8,0,NULL,18,0,0,8,10,'2021-10-16 22:43:54','2021-10-16 22:43:54',120,0,20),(2102,7,166,8,0,NULL,18,0,0,8,10,'2021-10-16 22:43:54','2021-10-16 22:43:54',120,0,20),(2103,7,174,8,0,'Vivre en société',18,0,0,18,0,'2021-10-16 22:43:54','2021-10-16 22:43:54',120,0,20),(2104,7,101,9,0,NULL,9,0,0,2,7,'2021-10-16 22:43:54','2021-10-16 22:43:54',120,0,20),(2105,7,102,9,0,NULL,9,0,0,2,7,'2021-10-16 22:43:54','2021-10-16 22:43:54',120,0,20),(2106,7,100,10,0,NULL,14,0,0,1,13,'2021-10-16 22:43:54','2021-10-16 22:43:54',120,0,20),(2107,7,103,10,0,NULL,14,0,0,1,13,'2021-10-16 22:43:54','2021-10-16 22:43:54',120,0,20),(2109,7,99,10,11.1875,'Vivre en société',6,1,7,6,0,'2021-10-16 22:43:54','2021-10-16 22:43:54',120,0,20),(2110,7,303,26,0,NULL,9,0,0,2,7,'2021-10-16 22:43:54','2021-10-16 22:43:54',120,0,20),(2111,7,304,26,0,NULL,9,0,0,2,7,'2021-10-16 22:43:54','2021-10-16 22:43:54',120,0,20),(2112,7,302,26,9.0555555555556,NULL,0,1,3,5,0,'2021-10-16 22:43:54','2021-10-16 22:43:54',120,0,20),(2113,7,124,11,0,NULL,12,0,0,2,10,'2021-10-16 22:43:54','2021-10-16 22:43:54',120,0,20),(2114,7,125,11,0,NULL,12,0,0,2,10,'2021-10-16 22:43:54','2021-10-16 22:43:54',120,0,20),(2115,7,93,10,11.615384615385,NULL,1,1,11,2,0,'2021-10-16 22:43:54','2021-10-16 22:43:54',120,0,20),(2116,7,331,24,11.590909090909,'Analysis',2,1,8,4,0,'2021-10-16 22:43:54','2021-10-16 22:43:54',120,0,20),(2117,7,330,25,12.3,NULL,0,1,3,0,1,'2021-10-16 22:43:54','2021-10-16 22:43:54',120,0,20),(2119,7,332,25,9.2,NULL,0,0,4,1,0,'2021-10-16 22:43:54','2021-10-16 22:43:54',120,0,20),(2120,7,333,24,9.4166666666667,'Expression and writing',1,0,5,8,0,'2021-10-16 22:43:54','2021-10-16 22:43:54',120,0,20),(2121,7,334,24,7.8181818181818,NULL,2,0,5,2,6,'2021-10-16 22:43:54','2021-10-16 22:43:54',120,0,20),(2122,7,329,24,7.3727272727273,'Appreciate types of set',2,0,4,9,0,'2021-10-16 22:43:54','2021-10-16 22:43:54',120,0,20),(2123,7,328,25,10.6,NULL,0,1,3,0,1,'2021-10-16 22:43:54','2021-10-16 22:43:54',120,0,20),(2124,7,327,25,10,NULL,0,0,3,1,1,'2021-10-16 22:43:54','2021-10-16 22:43:54',120,0,20),(2125,7,326,25,10,NULL,2,1,1,0,3,'2021-10-16 22:43:54','2021-10-16 22:43:54',120,0,20),(2126,7,341,24,13,NULL,12,0,1,2,10,'2021-10-16 22:43:54','2021-10-16 22:43:54',120,0,20),(2127,7,340,25,14,NULL,4,0,1,1,3,'2021-10-16 22:43:54','2021-10-16 22:43:54',120,0,20),(2128,7,337,24,6.9166666666667,NULL,1,0,4,2,7,'2021-10-16 22:43:54','2021-10-16 22:43:54',120,0,20),(2129,7,336,25,7,NULL,0,1,1,0,3,'2021-10-16 22:43:54','2021-10-16 22:43:54',120,0,20),(2130,7,335,24,9.925,'Reasons for resistance',1,0,7,6,0,'2021-10-16 22:43:54','2021-10-16 22:43:54',120,0,20),(2131,7,338,25,6,NULL,4,0,0,1,4,'2021-10-16 22:43:54','2021-10-16 22:43:54',120,0,20),(2132,7,339,24,8.6,'Gender relations and Minority rights',3,0,5,8,0,'2021-10-16 22:43:54','2021-10-16 22:43:54',120,0,20),(2134,7,320,24,7.5777777777778,NULL,4,0,3,2,8,'2021-10-16 22:43:54','2021-10-16 22:43:54',120,0,20),(2135,7,357,24,9.3636363636364,NULL,2,0,6,2,5,'2021-10-16 22:43:54','2021-10-16 22:43:54',120,0,20),(2136,7,358,25,7.6,NULL,0,0,1,1,3,'2021-10-16 22:43:54','2021-10-16 22:43:54',120,0,20),(2137,7,359,25,6.6666666666667,NULL,2,0,0,5,0,'2021-10-16 22:43:54','2021-10-16 22:43:54',120,0,20),(2138,7,284,23,11,'',0,1,7,4,0,'2021-10-16 22:43:54','2021-10-16 22:43:54',120,0,20),(2139,7,260,4,8.9545454545455,NULL,1,1,4,1,6,'2021-10-16 22:43:54','2021-10-16 22:43:54',120,0,20),(2140,7,285,23,10.954545454545,'Speaking and Reading',1,1,7,4,0,'2021-10-16 22:43:54','2021-10-16 22:43:54',120,0,20),(2141,7,261,4,8.7272727272727,'Speaking and Reading',1,0,5,2,5,'2021-10-16 22:43:54','2021-10-16 22:43:54',120,0,20),(2142,7,262,4,8.5454545454545,NULL,1,0,4,2,6,'2021-10-16 22:43:54','2021-10-16 22:43:54',120,0,20),(2143,7,263,4,4.0909090909091,NULL,1,0,2,2,8,'2021-10-16 22:43:54','2021-10-16 22:43:54',120,0,20),(2144,7,290,23,5.6363636363636,'',1,1,2,9,0,'2021-10-16 22:43:54','2021-10-16 22:43:54',120,0,20),(2145,7,264,23,10.272727272727,'',1,0,7,5,0,'2021-10-16 22:43:54','2021-10-16 22:43:54',120,0,20),(2146,7,265,23,9.3636363636364,'',1,1,5,6,0,'2021-10-16 22:43:54','2021-10-16 22:43:54',120,0,20),(2147,7,266,4,7.2,NULL,2,0,4,2,6,'2021-10-16 22:43:54','2021-10-16 22:43:54',120,0,20),(2148,7,291,23,11.9,'',2,1,6,5,0,'2021-10-16 22:43:54','2021-10-16 22:43:54',120,0,20),(2149,7,267,4,11.181818181818,'',1,1,8,3,0,'2021-10-16 22:43:54','2021-10-16 22:43:54',120,0,20),(2150,7,289,23,12.8,'',2,2,7,3,0,'2021-10-16 22:43:54','2021-10-16 22:43:54',120,0,20),(2151,7,269,4,3.7272727272727,NULL,1,0,2,2,8,'2021-10-16 22:43:54','2021-10-16 22:43:54',120,0,20),(2152,7,293,23,7.0833333333333,'',0,0,5,7,0,'2021-10-16 22:43:54','2021-10-16 22:43:54',120,0,20),(2153,7,270,4,8.7272727272727,NULL,1,0,3,2,7,'2021-10-16 22:43:54','2021-10-16 22:43:54',120,0,20),(2154,7,234,4,14.181818181818,NULL,1,2,9,0,1,'2021-10-16 22:43:54','2021-10-16 22:43:54',120,0,20),(2155,7,283,23,14.181818181818,NULL,2,2,7,1,3,'2021-10-16 22:43:54','2021-10-16 22:43:54',120,0,20),(2156,7,271,4,10,NULL,1,1,7,1,3,'2021-10-16 22:43:54','2021-10-16 22:43:54',120,0,20),(2157,7,286,23,11.636363636364,NULL,2,2,8,1,2,'2021-10-16 22:43:54','2021-10-16 22:43:54',120,0,20),(2158,7,268,4,8.6818181818182,NULL,1,1,3,1,7,'2021-10-16 22:43:54','2021-10-16 22:43:54',120,0,20),(2159,7,292,23,10.8,'',2,2,6,4,0,'2021-10-16 22:43:54','2021-10-16 22:43:54',120,0,20),(2160,7,272,4,11.4,NULL,2,0,7,2,3,'2021-10-16 22:43:54','2021-10-16 22:43:54',120,0,20),(2161,7,287,23,12.181818181818,NULL,2,1,7,2,3,'2021-10-16 22:43:54','2021-10-16 22:43:54',120,0,20),(2162,7,296,20,17,NULL,1,20,26,0,0,'2021-10-16 22:43:54','2021-10-16 22:43:54',120,0,20),(2164,7,299,23,16,NULL,0,3,10,0,0,'2021-10-16 22:43:54','2021-10-16 22:43:54',120,0,20),(2166,7,300,4,16,NULL,0,2,10,0,0,'2021-10-16 22:43:54','2021-10-16 22:43:54',120,0,20),(2167,7,235,20,11.6375,NULL,6,16,12,18,0,'2021-10-16 22:43:54','2021-10-16 22:43:54',120,0,20),(2168,7,236,20,8.9785714285714,'Speaking and Reading',4,11,11,24,0,'2021-10-16 22:43:54','2021-10-16 22:43:54',120,0,20),(2169,7,237,20,14.011363636364,NULL,2,17,20,3,6,'2021-10-16 22:43:54','2021-10-16 22:43:54',120,0,20),(2170,7,238,20,11.236842105263,NULL,8,13,15,18,0,'2021-10-16 22:43:54','2021-10-16 22:43:54',120,0,20),(2171,7,239,20,10.077777777778,NULL,1,14,13,6,13,'2021-10-16 22:43:54','2021-10-16 22:43:54',120,0,20),(2172,7,240,20,9.5309523809524,NULL,4,15,11,20,0,'2021-10-16 22:43:54','2021-10-16 22:43:54',120,0,20),(2173,7,229,20,0,' To live in society ',46,0,0,46,0,'2021-10-16 22:43:54','2021-10-16 22:43:54',120,0,20),(2174,7,246,20,9.3380952380952,NULL,4,13,14,19,0,'2021-10-16 22:43:54','2021-10-16 22:43:54',120,0,20),(2175,7,245,20,10.0275,NULL,6,11,12,23,0,'2021-10-16 22:43:54','2021-10-16 22:43:54',120,0,20),(2176,7,244,20,10.2375,NULL,6,11,11,24,0,'2021-10-16 22:43:54','2021-10-16 22:43:54',120,0,20),(2177,7,243,20,12.844186046512,NULL,3,13,14,19,0,'2021-10-16 22:43:54','2021-10-16 22:43:54',120,0,20),(2178,7,241,20,10.636842105263,NULL,8,15,12,19,0,'2021-10-16 22:43:54','2021-10-16 22:43:54',120,0,20),(2179,7,242,20,13.114285714286,NULL,11,17,17,12,0,'2021-10-16 22:43:54','2021-10-16 22:43:54',120,0,20),(2181,7,247,19,11.633333333333,'Speaking and Reading',8,3,20,15,0,'2021-10-16 22:43:54','2021-10-16 22:43:54',120,0,20),(2182,7,248,19,13.196774193548,NULL,4,4,22,0,9,'2021-10-16 22:43:54','2021-10-16 22:43:54',120,0,20),(2184,7,297,19,17,NULL,1,4,33,1,0,'2021-10-16 22:43:54','2021-10-16 22:43:54',120,0,20),(2186,7,230,19,0.1,' To live in society ',36,0,0,38,0,'2021-10-16 22:43:54','2021-10-16 22:43:54',120,0,20),(2187,7,258,19,11.911764705882,NULL,4,3,25,10,0,'2021-10-16 22:43:54','2021-10-16 22:43:54',120,0,20),(2188,7,257,19,10.283333333333,NULL,2,3,19,16,0,'2021-10-16 22:43:54','2021-10-16 22:43:54',120,0,20),(2189,7,256,19,12.333333333333,NULL,5,4,20,14,0,'2021-10-16 22:43:54','2021-10-16 22:43:54',120,0,20),(2190,7,255,19,13.39696969697,NULL,5,4,23,11,0,'2021-10-16 22:43:54','2021-10-16 22:43:54',120,0,20),(2191,7,249,19,8.1612903225806,NULL,7,1,14,23,0,'2021-10-16 22:43:54','2021-10-16 22:43:54',120,0,20),(2192,7,250,19,9.8787878787879,NULL,5,3,15,20,0,'2021-10-16 22:43:54','2021-10-16 22:43:54',120,0,20),(2193,7,251,19,11.090909090909,NULL,5,3,16,19,0,'2021-10-16 22:43:54','2021-10-16 22:43:54',120,0,20),(2194,7,254,19,8.8,NULL,8,3,10,2,23,'2021-10-16 22:43:54','2021-10-16 22:43:54',120,0,20),(2195,7,259,19,11.3125,NULL,6,3,20,2,13,'2021-10-16 22:43:54','2021-10-16 22:43:54',120,0,20),(2196,7,273,18,8.4863636363636,NULL,3,0,8,5,12,'2021-10-16 22:43:54','2021-10-16 22:43:54',120,0,20),(2197,7,274,18,9.395652173913,'Speaking and Reading',2,2,11,3,9,'2021-10-16 22:43:54','2021-10-16 22:43:54',120,0,20),(2198,7,275,18,8.3181818181818,NULL,3,2,7,3,13,'2021-10-16 22:43:54','2021-10-16 22:43:54',120,0,20),(2199,7,276,18,6.7521739130435,NULL,2,2,6,3,14,'2021-10-16 22:43:54','2021-10-16 22:43:54',120,0,20),(2200,7,298,18,16,NULL,0,5,20,0,0,'2021-10-16 22:43:54','2021-10-16 22:43:54',120,0,20),(2201,7,232,18,0,' To live in society ',25,0,0,5,20,'2021-10-16 22:43:54','2021-10-16 22:43:54',120,0,20),(2202,7,277,18,9.9636363636364,NULL,3,3,13,2,7,'2021-10-16 22:43:54','2021-10-16 22:43:54',120,0,20),(2204,8,222,13,12.857142857143,'',0,1,6,0,0,'2021-10-16 22:43:54','2021-10-16 22:43:54',120,0,20),(2205,8,5,16,11.144736842105,'Protection de l\'environnement',2,3,30,7,0,'2021-10-16 22:43:54','2021-10-16 22:43:54',120,0,20),(2206,8,22,5,9.8571428571429,NULL,0,0,7,3,4,'2021-10-16 22:43:54','2021-10-16 22:43:54',120,0,20),(2207,8,23,16,9.15,NULL,0,0,14,5,21,'2021-10-16 22:43:54','2021-10-16 22:43:54',120,0,20),(2208,8,202,13,8.5714285714286,NULL,0,0,2,1,4,'2021-10-16 22:43:54','2021-10-16 22:43:54',120,0,20),(2209,8,177,12,10.5,NULL,0,0,1,1,0,'2021-10-16 22:43:54','2021-10-16 22:43:54',120,0,20),(2210,8,310,26,9.625,'',1,1,3,5,0,'2021-10-16 22:43:54','2021-10-16 22:43:54',120,0,20),(2211,8,117,11,7.1666666666667,'',0,0,1,11,0,'2021-10-16 22:43:54','2021-10-16 22:43:54',120,0,20),(2212,7,280,18,14.045454545455,NULL,3,3,17,2,3,'2021-10-16 22:43:54','2021-10-16 22:43:54',120,0,20),(2213,7,281,18,11.74347826087,NULL,2,3,13,2,7,'2021-10-16 22:43:54','2021-10-16 22:43:54',120,0,20),(2214,7,282,18,8.5454545454545,NULL,3,1,10,4,10,'2021-10-16 22:43:54','2021-10-16 22:43:54',120,0,20),(2215,7,294,18,10.186363636364,NULL,3,2,12,3,8,'2021-10-16 22:43:54','2021-10-16 22:43:54',120,0,20),(2216,7,279,18,10.418181818182,NULL,3,3,11,2,9,'2021-10-16 22:43:54','2021-10-16 22:43:54',120,0,20),(2217,7,295,18,14.480952380952,NULL,4,3,15,2,5,'2021-10-16 22:43:54','2021-10-16 22:43:54',120,0,20),(2218,8,298,18,16.324,NULL,0,5,19,0,1,'2021-10-16 22:43:54','2021-10-16 22:43:54',120,0,20),(2219,8,297,19,17,'Planter les fleurs',1,6,32,0,0,'2021-10-16 22:43:54','2021-10-16 22:43:54',120,0,20),(2220,8,296,20,17,NULL,0,20,26,0,0,'2021-10-16 22:43:54','2021-10-16 22:43:54',120,0,20),(2221,8,299,23,15,NULL,0,3,10,0,0,'2021-10-16 22:43:54','2021-10-16 22:43:54',120,0,20),(2222,8,300,4,15,'Planter les fleurs',0,2,10,0,0,'2021-10-16 22:43:54','2021-10-16 22:43:54',120,0,20),(2223,8,201,14,16.125,'',0,1,3,0,0,'2021-10-16 22:43:54','2021-10-16 22:43:54',120,0,20),(2224,8,199,12,12.75,NULL,0,1,1,0,0,'2021-10-16 22:43:54','2021-10-16 22:43:54',120,0,20),(2225,8,198,13,12.107142857143,NULL,0,1,6,0,0,'2021-10-16 22:43:54','2021-10-16 22:43:54',120,0,20),(2226,8,200,15,16,NULL,13,0,1,13,0,'2021-10-16 22:43:54','2021-10-16 22:43:54',120,0,20),(2227,8,137,6,10.3,'Les parties d\'un algorithme',3,1,5,7,0,'2021-10-16 22:43:54','2021-10-16 22:43:54',120,0,20),(2228,8,61,17,7.5,'',1,1,5,29,0,'2021-10-16 22:43:54','2021-10-16 22:43:54',120,0,20),(2229,8,60,3,7.5652173913043,'',0,0,5,18,0,'2021-10-16 22:43:54','2021-10-16 22:43:54',120,0,20),(2230,8,311,26,5.1875,NULL,1,1,1,1,6,'2021-10-16 22:43:54','2021-10-16 22:43:54',120,0,20),(2232,8,81,2,11.312328767123,'Vivre en société',0,24,36,3,10,'2021-10-16 22:43:54','2021-10-16 22:43:54',120,0,20),(2233,8,43,17,10.617142857143,'Vivre en société',0,5,24,6,0,'2021-10-16 22:43:54','2021-10-16 22:43:54',120,0,20),(2234,8,42,3,10.713043478261,'Vivre en société',0,1,18,4,0,'2021-10-16 22:43:54','2021-10-16 22:43:54',120,0,20),(2235,8,49,17,9.5909090909091,'Bien rédiger et s\'exprimer',2,2,15,18,0,'2021-10-16 22:43:54','2021-10-16 22:43:54',120,0,20),(2236,8,218,13,18,NULL,0,1,6,0,0,'2021-10-16 22:43:54','2021-10-16 22:43:54',120,0,20),(2237,8,219,12,18,NULL,0,1,1,0,0,'2021-10-16 22:43:54','2021-10-16 22:43:54',120,0,20),(2238,8,51,17,11.294117647059,'Bien rédiger et s\'exprimer',1,5,23,7,0,'2021-10-16 22:43:54','2021-10-16 22:43:54',120,0,20),(2240,8,52,3,9.3695652173913,'Bien rédiger et s\'exprimer correctement',0,0,9,14,0,'2021-10-16 22:43:54','2021-10-16 22:43:54',120,0,20),(2241,8,46,3,10.021739130435,'Bien rédiger et s\'exprimer correctement',0,1,15,7,0,'2021-10-16 22:43:54','2021-10-16 22:43:54',120,0,20),(2242,8,48,3,9.804347826087,'Bien rédiger et s\'exprimer correctement',0,0,11,12,0,'2021-10-16 22:43:54','2021-10-16 22:43:54',120,0,20),(2243,8,50,3,11.04347826087,'Bien rédiger et s\'exprimer correctement',0,0,16,7,0,'2021-10-16 22:43:54','2021-10-16 22:43:54',120,0,20),(2244,8,181,14,9.6666666666667,NULL,1,1,1,2,0,'2021-10-16 22:43:54','2021-10-16 22:43:54',120,0,20),(2245,8,189,14,9.3333333333333,NULL,1,1,1,2,0,'2021-10-16 22:43:54','2021-10-16 22:43:54',120,0,20),(2246,8,213,14,9.375,NULL,0,0,2,1,1,'2021-10-16 22:43:54','2021-10-16 22:43:54',120,0,20),(2247,8,205,14,5.125,NULL,0,0,0,1,3,'2021-10-16 22:43:54','2021-10-16 22:43:54',120,0,20),(2248,8,207,14,8.625,NULL,0,0,1,1,2,'2021-10-16 22:43:54','2021-10-16 22:43:54',120,0,20),(2249,8,209,14,8.375,NULL,0,0,1,1,2,'2021-10-16 22:43:54','2021-10-16 22:43:54',120,0,20),(2250,8,225,14,9.1666666666667,NULL,1,0,1,1,2,'2021-10-16 22:43:54','2021-10-16 22:43:54',120,0,20),(2251,8,217,14,13.75,'Vivre en société',0,1,3,0,0,'2021-10-16 22:43:54','2021-10-16 22:43:54',120,0,20),(2252,8,146,21,7,'Comprendre la méthodologie de la littérature',1,0,0,6,0,'2021-10-16 22:43:54','2021-10-16 22:43:54',120,0,20),(2255,8,315,21,12.9,'Comprendre la méthodologie en philosophie',1,0,5,1,0,'2021-10-16 22:43:54','2021-10-16 22:43:54',120,0,20),(2261,8,303,26,9.2222222222222,'',0,1,5,3,0,'2021-10-16 22:43:54','2021-10-16 22:43:54',120,0,20),(2262,8,221,14,17,NULL,0,1,3,0,0,'2021-10-16 22:43:54','2021-10-16 22:43:54',120,0,20),(2263,8,214,13,13.071428571429,'Vivre en société',0,1,6,0,0,'2021-10-16 22:43:54','2021-10-16 22:43:54',120,0,20),(2264,8,210,13,10.428571428571,NULL,0,1,5,0,1,'2021-10-16 22:43:54','2021-10-16 22:43:54',120,0,20),(2265,8,186,13,9.8571428571429,NULL,0,0,4,1,2,'2021-10-16 22:43:54','2021-10-16 22:43:54',120,0,20),(2269,8,215,12,11.75,'Vivre en société',0,1,1,0,0,'2021-10-16 22:43:54','2021-10-16 22:43:54',120,0,20),(2271,8,203,12,10.5,NULL,0,1,0,0,1,'2021-10-16 22:43:54','2021-10-16 22:43:54',120,0,20),(2272,8,223,12,8.75,NULL,0,0,0,1,1,'2021-10-16 22:43:54','2021-10-16 22:43:54',120,0,20),(2273,8,211,12,7,NULL,0,0,0,1,1,'2021-10-16 22:43:54','2021-10-16 22:43:54',120,0,20),(2274,8,187,12,8.75,NULL,0,0,0,1,1,'2021-10-16 22:43:54','2021-10-16 22:43:54',120,0,20),(2278,8,220,15,14,NULL,13,0,1,13,0,'2021-10-16 22:43:54','2021-10-16 22:43:54',120,0,20),(2279,8,216,15,14.5,'Vivre en société',13,0,1,13,0,'2021-10-16 22:43:54','2021-10-16 22:43:54',120,0,20),(2280,8,224,15,12.5,NULL,13,0,1,13,0,'2021-10-16 22:43:54','2021-10-16 22:43:54',120,0,20),(2281,8,208,15,13.5,NULL,13,0,1,13,0,'2021-10-16 22:43:54','2021-10-16 22:43:54',120,0,20),(2282,8,206,15,11.5,NULL,13,0,1,13,0,'2021-10-16 22:43:54','2021-10-16 22:43:54',120,0,20),(2283,8,204,15,14.5,NULL,13,0,1,13,0,'2021-10-16 22:43:54','2021-10-16 22:43:54',120,0,20),(2284,8,212,15,12,NULL,13,0,1,13,0,'2021-10-16 22:43:54','2021-10-16 22:43:54',120,0,20),(2285,8,188,15,11.5,NULL,13,0,1,13,0,'2021-10-16 22:43:54','2021-10-16 22:43:54',120,0,20),(2286,8,180,15,12,NULL,13,0,1,13,0,'2021-10-16 22:43:54','2021-10-16 22:43:54',120,0,20),(2290,8,175,8,13.555555555556,'Entretien des fleurs',0,6,10,2,0,'2021-10-16 22:43:54','2021-10-16 22:43:54',120,0,20),(2291,8,174,8,11.277777777778,'Vivre en société',0,6,10,2,0,'2021-10-16 22:43:54','2021-10-16 22:43:54',120,0,20),(2292,8,172,8,4.5833333333333,'Pérénité de l\'identité biologique',0,1,2,15,0,'2021-10-16 22:43:54','2021-10-16 22:43:54',120,0,20),(2293,8,171,8,5.7222222222222,'Exploiter l\'énergie libérée par combustion',0,1,2,15,0,'2021-10-16 22:43:54','2021-10-16 22:43:54',120,0,20),(2294,8,170,8,3.7222222222222,'Exploitation de l\'énergie mécanique',0,0,0,18,0,'2021-10-16 22:43:54','2021-10-16 22:43:54',120,0,20),(2295,8,169,8,4.6666666666667,'Les équations pour résoudre les problèmes',0,1,1,16,0,'2021-10-16 22:43:54','2021-10-16 22:43:54',120,0,20),(2296,8,354,8,7.4166666666667,'Découvrir la philosophie',0,1,3,14,0,'2021-10-16 22:43:54','2021-10-16 22:43:54',120,0,20),(2297,8,168,8,7.7647058823529,'Promotion et protection des droits de l\'homme',1,2,4,12,0,'2021-10-16 22:43:54','2021-10-16 22:43:54',120,0,20),(2298,8,167,8,7.4285714285714,'La croissance démographique',4,0,2,16,0,'2021-10-16 22:43:54','2021-10-16 22:43:54',120,0,20),(2299,8,166,8,4.8333333333333,'Découvrir les lois fondamentales de la langue',0,0,1,17,0,'2021-10-16 22:43:54','2021-10-16 22:43:54',120,0,20),(2300,8,165,8,7.2777777777778,'Comprendre la méthodologie de la littérature',0,3,2,13,0,'2021-10-16 22:43:54','2021-10-16 22:43:54',120,0,20),(2301,8,164,8,7.4444444444444,'Recognising great archives',0,1,4,13,0,'2021-10-16 22:43:54','2021-10-16 22:43:54',120,0,20),(2304,8,163,7,15,'Entretien des fleurs',0,0,2,0,0,'2021-10-16 22:43:54','2021-10-16 22:43:54',120,0,20),(2305,8,162,7,13.75,'Vivre en société',0,0,2,0,0,'2021-10-16 22:43:54','2021-10-16 22:43:54',120,0,20),(2306,8,161,7,9.25,'Couverture des besoins énergétiques de l\'homme',0,0,1,1,0,'2021-10-16 22:43:54','2021-10-16 22:43:54',120,0,20),(2307,8,159,7,8.25,'Exploiter l\'énergie libérée par combustion',0,0,0,2,0,'2021-10-16 22:43:54','2021-10-16 22:43:54',120,0,20),(2308,8,158,7,8,'Conservation de l\'énergie mécanique',0,0,0,2,0,'2021-10-16 22:43:54','2021-10-16 22:43:54',120,0,20),(2309,8,355,7,18.75,'Découvrir la philosophie',0,0,2,0,0,'2021-10-16 22:43:54','2021-10-16 22:43:54',120,0,20),(2310,8,156,7,8,'',0,0,0,2,0,'2021-10-16 22:43:54','2021-10-16 22:43:54',120,0,20),(2311,8,155,7,6,'Découvrir les lois fondamentales de la langue',0,0,0,2,0,'2021-10-16 22:43:54','2021-10-16 22:43:54',120,0,20),(2312,8,226,21,11,'Éradication des préjugés autour des anomalies',1,0,4,2,0,'2021-10-16 22:43:54','2021-10-16 22:43:54',120,0,20),(2313,8,141,21,16,'Entretien des fleurs',0,0,6,0,0,'2021-10-16 22:43:54','2021-10-16 22:43:54',120,0,20),(2314,8,149,21,8.6666666666667,'Promotion et protection des droits de l\'homme',0,0,2,4,0,'2021-10-16 22:43:54','2021-10-16 22:43:54',120,0,20),(2315,8,151,21,8.25,'Recognising great archives',0,0,2,4,0,'2021-10-16 22:43:54','2021-10-16 22:43:54',120,0,20),(2316,8,148,21,7.6666666666667,'La croissance démographique',0,0,2,4,0,'2021-10-16 22:43:54','2021-10-16 22:43:54',120,0,20),(2318,8,142,21,11.666666666667,'Vivre en société',0,0,5,1,0,'2021-10-16 22:43:54','2021-10-16 22:43:54',120,0,20),(2319,8,150,21,10.166666666667,NULL,0,0,4,0,2,'2021-10-16 22:43:54','2021-10-16 22:43:54',120,0,20),(2322,8,308,26,15,'Développer l\"esprit d\'agriculture',0,2,7,0,0,'2021-10-16 22:43:54','2021-10-16 22:43:54',120,0,20),(2323,8,307,26,12.611111111111,'Vivre en société',0,2,6,1,0,'2021-10-16 22:43:54','2021-10-16 22:43:54',120,0,20),(2325,8,305,26,6.6666666666667,'Cultiver l\'esprit démocratique',0,1,0,8,0,'2021-10-16 22:43:54','2021-10-16 22:43:54',120,0,20),(2326,8,313,26,12.055555555556,NULL,0,2,4,0,3,'2021-10-16 22:43:54','2021-10-16 22:43:54',120,0,20),(2327,8,304,26,9.2222222222222,'Comprendre la méthodologie de la littérature',0,1,5,3,0,'2021-10-16 22:43:54','2021-10-16 22:43:54',120,0,20),(2328,8,306,26,10.444444444444,NULL,0,1,4,1,3,'2021-10-16 22:43:54','2021-10-16 22:43:54',120,0,20),(2329,8,309,26,6.8888888888889,NULL,0,1,1,1,6,'2021-10-16 22:43:54','2021-10-16 22:43:54',120,0,20),(2331,8,144,21,3,'Fonctions associées et généralités',0,0,0,6,0,'2021-10-16 22:43:54','2021-10-16 22:43:54',120,0,20),(2332,8,176,13,11.964285714286,'',0,1,5,0,1,'2021-10-16 22:43:54','2021-10-16 22:43:54',120,0,20),(2333,8,178,13,11.642857142857,'',0,1,6,0,0,'2021-10-16 22:43:54','2021-10-16 22:43:54',120,0,20),(2334,8,179,12,8.5,'',0,0,0,1,1,'2021-10-16 22:43:54','2021-10-16 22:43:54',120,0,20),(2335,8,184,14,12.75,'',0,1,3,0,0,'2021-10-16 22:43:54','2021-10-16 22:43:54',120,0,20),(2336,8,185,15,12,'',13,0,1,13,0,'2021-10-16 22:43:54','2021-10-16 22:43:54',120,0,20),(2338,8,143,21,9.9166666666667,'Les parties d\'un algorithme',0,0,3,0,3,'2021-10-16 22:43:54','2021-10-16 22:43:54',120,0,20),(2339,8,147,21,12.6,'Découvrir les lois fondamentales de la langue',1,0,5,1,0,'2021-10-16 22:43:54','2021-10-16 22:43:54',120,0,20),(2340,8,134,6,5,'Fonctions associées et généralité',1,0,1,1,11,'2021-10-16 22:43:54','2021-10-16 22:43:54',120,0,20),(2341,8,129,6,10.153846153846,'Protection de l’environnement et rôle du sport ',0,1,9,0,3,'2021-10-16 22:43:54','2021-10-16 22:43:54',120,0,20),(2342,8,130,6,8.0769230769231,'Promotion et protection des droits de l\'homme',0,0,6,7,0,'2021-10-16 22:43:54','2021-10-16 22:43:54',120,0,20),(2343,8,132,6,10.730769230769,'Assimiler la notion de langue',0,1,10,2,0,'2021-10-16 22:43:54','2021-10-16 22:43:54',120,0,20),(2344,8,133,6,7.2307692307692,'Assimiler la notion de littérature',0,0,1,12,0,'2021-10-16 22:43:54','2021-10-16 22:43:54',120,0,20),(2345,8,314,6,8.5,'Assimiler les notions philosophiques',0,1,7,5,0,'2021-10-16 22:43:54','2021-10-16 22:43:54',120,0,20),(2346,8,139,6,11.576923076923,'Vivre en société',0,1,10,0,2,'2021-10-16 22:43:54','2021-10-16 22:43:54',120,0,20),(2347,8,140,6,14.230769230769,'Entretien des fleurs',0,1,11,0,1,'2021-10-16 22:43:54','2021-10-16 22:43:54',120,0,20),(2349,8,136,6,9.6346153846154,'Éradications des préjugés autour des anomalies',0,1,7,0,5,'2021-10-16 22:43:54','2021-10-16 22:43:54',120,0,20),(2350,8,35,6,7.2884615384615,'Recognising great archives',0,0,2,11,0,'2021-10-16 22:43:54','2021-10-16 22:43:54',120,0,20),(2351,8,131,6,8.3846153846154,'La croissance démographique',0,1,6,6,0,'2021-10-16 22:43:54','2021-10-16 22:43:54',120,0,20),(2352,8,152,7,9,'Recognising great archives',0,0,1,0,1,'2021-10-16 22:43:54','2021-10-16 22:43:54',120,0,20),(2353,8,157,7,7.875,'Résolution des équations',0,0,0,0,2,'2021-10-16 22:43:54','2021-10-16 22:43:54',120,0,20),(2354,8,160,7,13.5,'Les commandes DOS',0,0,2,0,0,'2021-10-16 22:43:54','2021-10-16 22:43:54',120,0,20),(2355,8,154,7,11,'La croissance démographique',1,0,1,1,0,'2021-10-16 22:43:54','2021-10-16 22:43:54',120,0,20),(2356,8,153,7,8.5,'Promotion et protection des droits de l\'homme',0,0,1,1,0,'2021-10-16 22:43:54','2021-10-16 22:43:54',120,0,20),(2357,8,173,8,10.3125,'Les commandes DOS',2,3,8,7,0,'2021-10-16 22:43:54','2021-10-16 22:43:54',120,0,20),(2358,8,356,8,8.3529411764706,'',1,3,5,5,5,'2021-10-16 22:43:54','2021-10-16 22:43:54',120,0,20),(2359,8,92,9,9.6944444444444,'Vie familiale et sociale',0,1,2,1,5,'2021-10-16 22:43:54','2021-10-16 22:43:54',120,0,20),(2360,8,94,9,11.388888888889,'Using languages resources',0,1,5,1,2,'2021-10-16 22:43:54','2021-10-16 22:43:54',120,0,20),(2361,8,96,9,8.1111111111111,'Créer les activités génératrices de revenus',0,1,1,1,6,'2021-10-16 22:43:54','2021-10-16 22:43:54',120,0,20),(2362,8,101,9,8,'',0,0,1,2,6,'2021-10-16 22:43:54','2021-10-16 22:43:54',120,0,20),(2363,8,102,9,7.9722222222222,'Comprendre la méthodologie de la littérature',0,0,1,8,0,'2021-10-16 22:43:54','2021-10-16 22:43:54',120,0,20),(2364,8,106,9,11,'Promouvoir l\'esprit de leadership et de bâtisseur',0,1,6,1,1,'2021-10-16 22:43:54','2021-10-16 22:43:54',120,0,20),(2365,8,228,9,11.166666666667,'Les concepts et auteurs philosophiques',0,1,6,1,1,'2021-10-16 22:43:54','2021-10-16 22:43:54',120,0,20),(2366,8,110,9,3.9166666666667,'Utilisation des calculs dans la vie',0,0,0,2,7,'2021-10-16 22:43:54','2021-10-16 22:43:54',120,0,20),(2367,8,112,9,8.8333333333333,'Les problèmes cardio-respiratoire et vasculaires',0,1,2,1,5,'2021-10-16 22:43:54','2021-10-16 22:43:54',120,0,20),(2368,8,98,9,11.722222222222,'Vivre en société',0,1,7,1,0,'2021-10-16 22:43:54','2021-10-16 22:43:54',120,0,20),(2369,8,114,9,15,'Entretien des fleurs',0,2,7,0,0,'2021-10-16 22:43:54','2021-10-16 22:43:54',120,0,20),(2371,8,108,9,11.875,'Initiation au traitement de textes',1,1,7,1,0,'2021-10-16 22:43:54','2021-10-16 22:43:54',120,0,20),(2372,8,109,10,11.285714285714,'Initiation au traitement de textes',0,1,11,0,2,'2021-10-16 22:43:54','2021-10-16 22:43:54',120,0,20),(2373,8,93,10,10.464285714286,'Protection de l’environnement et rôle du sport ',0,0,8,1,5,'2021-10-16 22:43:54','2021-10-16 22:43:54',120,0,20),(2374,8,95,10,9.6071428571429,'Using languages resources',0,1,5,0,8,'2021-10-16 22:43:54','2021-10-16 22:43:54',120,0,20),(2375,8,97,10,7.4285714285714,'Promouvoir les activités génératrices de revenus',0,0,0,1,13,'2021-10-16 22:43:54','2021-10-16 22:43:54',120,0,20),(2376,8,100,10,5.4285714285714,'Découvrir les lois fondamentales de la langue',0,0,0,14,0,'2021-10-16 22:43:54','2021-10-16 22:43:54',120,0,20),(2377,8,103,10,5.5,'Comprendre la méthodologie de la littérature',0,0,0,14,0,'2021-10-16 22:43:54','2021-10-16 22:43:54',120,0,20),(2378,8,107,10,10,'Promouvoir l\'esprit de leadership et de bâtisseur',0,0,9,1,4,'2021-10-16 22:43:54','2021-10-16 22:43:54',120,0,20),(2379,8,227,10,7.4285714285714,'Les auteurs et auteurs philosophiques',0,1,6,0,7,'2021-10-16 22:43:54','2021-10-16 22:43:54',120,0,20),(2380,8,111,10,2.3035714285714,'Les calculs pour les problèmes de la vie',0,0,0,1,13,'2021-10-16 22:43:54','2021-10-16 22:43:54',120,0,20),(2381,8,113,10,5.1785714285714,'Les problèmes cardio-respiratoires et vasculaires',0,0,0,1,13,'2021-10-16 22:43:54','2021-10-16 22:43:54',120,0,20),(2382,8,99,10,10.142857142857,'Vivre en société',0,1,11,2,0,'2021-10-16 22:43:54','2021-10-16 22:43:54',120,0,20),(2383,8,115,10,16,'Entretien des fleurs',0,1,13,0,0,'2021-10-16 22:43:54','2021-10-16 22:43:54',120,0,20),(2385,8,121,11,10.833333333333,'Initiation au traitement de textes',0,2,9,0,1,'2021-10-16 22:43:54','2021-10-16 22:43:54',120,0,20),(2386,8,122,11,4.75,'La forme canonique ',0,0,1,11,0,'2021-10-16 22:43:54','2021-10-16 22:43:54',120,0,20),(2387,8,123,11,7.0833333333333,'',0,0,1,2,9,'2021-10-16 22:43:54','2021-10-16 22:43:54',120,0,20),(2388,8,126,11,10.041666666667,'Amélioration de la production végétale',0,1,5,6,0,'2021-10-16 22:43:54','2021-10-16 22:43:54',120,0,20),(2389,8,116,11,10.55,'Using languages resources',2,1,4,1,6,'2021-10-16 22:43:54','2021-10-16 22:43:54',120,0,20),(2390,8,118,11,7.5833333333333,'Promouvoir les activités génératrices de revenus',0,0,1,2,9,'2021-10-16 22:43:54','2021-10-16 22:43:54',120,0,20),(2391,8,120,11,9.8181818181818,'Promouvoir l\'esprit de leadership et de bâtisseur',1,1,5,1,5,'2021-10-16 22:43:54','2021-10-16 22:43:54',120,0,20),(2392,8,124,11,8.2083333333333,'Comprendre la méthodologie de la littérature',0,0,2,10,0,'2021-10-16 22:43:54','2021-10-16 22:43:54',120,0,20),(2393,8,125,11,8.2083333333333,'Découvrir les lois fondamentales de la langue',0,0,2,10,0,'2021-10-16 22:43:54','2021-10-16 22:43:54',120,0,20),(2394,8,119,11,14.208333333333,'Vivre en société',0,2,10,0,0,'2021-10-16 22:43:54','2021-10-16 22:43:54',120,0,20),(2395,8,127,11,15,'Entretien des fleurs',0,2,10,0,0,'2021-10-16 22:43:54','2021-10-16 22:43:54',120,0,20),(2397,8,302,26,11.6875,'Using languages resources',1,2,5,0,2,'2021-10-16 22:43:54','2021-10-16 22:43:54',120,0,20),(2398,8,312,26,14.125,'Initiation au traitement de textes',1,2,6,0,1,'2021-10-16 22:43:54','2021-10-16 22:43:54',120,0,20),(2399,8,2,5,8.5,'Language about economic and social life',0,1,3,2,8,'2021-10-16 22:43:54','2021-10-16 22:43:54',120,0,20),(2400,8,3,5,12.107142857143,'',0,2,10,1,1,'2021-10-16 22:43:54','2021-10-16 22:43:54',120,0,20),(2401,8,6,5,15.857142857143,'Lutter contre la domination étrangère',0,3,11,0,0,'2021-10-16 22:43:54','2021-10-16 22:43:54',120,0,20),(2402,8,10,5,8.8928571428571,'Développer l\'esprit de citoyenneté',0,1,6,2,5,'2021-10-16 22:43:54','2021-10-16 22:43:54',120,0,20),(2403,8,8,5,8.6923076923077,'Développer l\'esprit de citoyenneté',1,1,5,2,6,'2021-10-16 22:43:54','2021-10-16 22:43:54',120,0,20),(2404,8,12,5,10.571428571429,'Développer l\'esprit de citoyenneté',0,1,9,2,2,'2021-10-16 22:43:54','2021-10-16 22:43:54',120,0,20),(2405,8,30,5,7.7142857142857,'Développer l\'esprit de citoyenneté',0,0,2,3,9,'2021-10-16 22:43:54','2021-10-16 22:43:54',120,0,20),(2406,8,14,5,14.142857142857,'Cultiver l\'esprit démocratique',0,3,11,0,0,'2021-10-16 22:43:54','2021-10-16 22:43:54',120,0,20),(2407,8,20,5,9,'Pythagore et Thalès dans les problèmes concrets',0,0,6,8,0,'2021-10-16 22:43:54','2021-10-16 22:43:54',120,0,20),(2409,8,24,5,10.285714285714,'Préservation contre le VIH Sida',0,1,7,2,4,'2021-10-16 22:43:54','2021-10-16 22:43:54',120,0,20),(2410,8,26,5,16,'Entretien des fleurs',0,3,11,0,0,'2021-10-16 22:43:54','2021-10-16 22:43:54',120,0,20),(2411,8,28,5,12.857142857143,'Vivre en société',0,2,11,1,0,'2021-10-16 22:43:54','2021-10-16 22:43:54',120,0,20),(2412,8,32,5,13.928571428571,'Identifier les éléments d\'éclairage',0,1,11,2,0,'2021-10-16 22:43:54','2021-10-16 22:43:54',120,0,20),(2413,8,18,5,13.928571428571,'Maîtrise des systèmes de numération',0,3,11,0,0,'2021-10-16 22:43:54','2021-10-16 22:43:54',120,0,20),(2414,8,4,16,6.9230769230769,'Language about economic and social life',1,0,8,32,0,'2021-10-16 22:43:54','2021-10-16 22:43:54',120,0,20),(2415,8,7,16,14.7,'Lutter contre la domination étrangère',0,4,33,3,0,'2021-10-16 22:43:54','2021-10-16 22:43:54',120,0,20),(2416,8,9,16,8.2275,'Développer l\'esprit de citoyenneté',0,2,15,3,20,'2021-10-16 22:43:54','2021-10-16 22:43:54',120,0,20),(2417,8,11,16,8.5025,'Développer l\'esprit de citoyenneté',0,1,14,4,21,'2021-10-16 22:43:54','2021-10-16 22:43:54',120,0,20),(2418,8,13,16,9.75,'Développer l\'esprit de citoyenneté',0,2,24,3,11,'2021-10-16 22:43:54','2021-10-16 22:43:54',120,0,20),(2419,8,31,16,6.6538461538462,'Développer l\'esprit de citoyenneté',1,0,4,36,0,'2021-10-16 22:43:54','2021-10-16 22:43:54',120,0,20),(2420,8,21,16,6.4615384615385,'Pythagore et Thalès dans les problèmes concrets',1,0,7,5,28,'2021-10-16 22:43:54','2021-10-16 22:43:54',120,0,20),(2422,8,25,16,8.7777777777778,'Préservation contre le VIH Sida',4,2,10,3,25,'2021-10-16 22:43:54','2021-10-16 22:43:54',120,0,20),(2423,8,27,16,16.3,'Entretien des fleurs',0,5,35,0,0,'2021-10-16 22:43:54','2021-10-16 22:43:54',120,0,20),(2424,8,29,16,9.8875,'Vivre en société',0,3,28,9,0,'2021-10-16 22:43:54','2021-10-16 22:43:54',120,0,20),(2425,8,33,16,12.95,'Identifier les éléments d\'éclairage',0,2,29,3,6,'2021-10-16 22:43:54','2021-10-16 22:43:54',120,0,20),(2426,8,19,16,12.526315789474,'Maîtrise des systèmes de numération',2,4,26,1,9,'2021-10-16 22:43:54','2021-10-16 22:43:54',120,0,20),(2427,8,15,16,12.475,'Cultiver l\'esprit démocratique',0,4,30,6,0,'2021-10-16 22:43:54','2021-10-16 22:43:54',120,0,20),(2428,8,37,3,14.315217391304,'Parler de la vie familiale et sociale',0,1,21,0,1,'2021-10-16 22:43:54','2021-10-16 22:43:54',120,0,20),(2429,8,38,3,9.5434782608696,'Speaking about family and social life',0,0,12,11,0,'2021-10-16 22:43:54','2021-10-16 22:43:54',120,0,20),(2430,8,40,3,12.391304347826,'Cultiver l\'esprit démocratique',0,1,18,4,0,'2021-10-16 22:43:54','2021-10-16 22:43:54',120,0,20),(2431,8,54,3,15.152173913043,'Cultiver la gestion durable de l\'environnement',0,1,22,0,0,'2021-10-16 22:43:54','2021-10-16 22:43:54',120,0,20),(2432,8,58,3,9.2173913043478,'Utiliser le PCGD et le PPCM',0,1,8,0,14,'2021-10-16 22:43:54','2021-10-16 22:43:54',120,0,20),(2433,8,62,3,6.5326086956522,'Amélioration de la production',0,0,2,21,0,'2021-10-16 22:43:54','2021-10-16 22:43:54',120,0,20),(2434,8,64,3,15,'Entretien des fleurs',0,1,22,0,0,'2021-10-16 22:43:54','2021-10-16 22:43:54',120,0,20),(2435,8,44,3,9.3478260869565,'Identifier les élément de l\'éparnouissement',0,1,11,0,11,'2021-10-16 22:43:54','2021-10-16 22:43:54',120,0,20),(2436,8,56,3,13.173913043478,'Interconnecter les réseaux informatiques',0,1,19,0,3,'2021-10-16 22:43:54','2021-10-16 22:43:54',120,0,20),(2437,8,57,17,13.414285714286,'Interconnecter les réseaux informatiques',0,4,26,2,3,'2021-10-16 22:43:54','2021-10-16 22:43:54',120,0,20),(2438,8,36,17,10.828571428571,'Protection de l’environnement et rôle du sport ',0,3,20,3,9,'2021-10-16 22:43:54','2021-10-16 22:43:54',120,0,20),(2439,8,39,17,8.2058823529412,'Speaking about family and social life',1,0,12,6,17,'2021-10-16 22:43:54','2021-10-16 22:43:54',120,0,20),(2440,8,41,17,11.971428571429,'',0,5,24,1,5,'2021-10-16 22:43:54','2021-10-16 22:43:54',120,0,20),(2441,8,47,17,10.45,'Bien rédiger et s\'exprimer correctement',0,4,20,11,0,'2021-10-16 22:43:54','2021-10-16 22:43:54',120,0,20),(2442,8,53,17,9.5857142857143,'Bien rédiger et s\'exprimer correctement',0,2,18,15,0,'2021-10-16 22:43:54','2021-10-16 22:43:54',120,0,20),(2443,8,55,17,15.691176470588,'Cultiver la gestion durable de l\'environnement',1,6,27,2,0,'2021-10-16 22:43:54','2021-10-16 22:43:54',120,0,20),(2444,8,59,17,7.4571428571429,'Utiliser le PCGD et le PPCM',0,1,5,5,24,'2021-10-16 22:43:54','2021-10-16 22:43:54',120,0,20),(2445,8,63,17,6.5441176470588,'Amélioration de la production',1,0,5,6,24,'2021-10-16 22:43:54','2021-10-16 22:43:54',120,0,20),(2446,8,45,17,8.2941176470588,'Identifier les élément de l\'éparnouissement',1,2,10,23,0,'2021-10-16 22:43:54','2021-10-16 22:43:54',120,0,20),(2447,8,65,17,15.705882352941,'Entretien des fleurs',1,6,27,0,2,'2021-10-16 22:43:54','2021-10-16 22:43:54',120,0,20),(2448,8,76,1,5.4825581395349,'',1,1,7,36,0,'2021-10-16 22:43:54','2021-10-16 22:43:54',120,0,20),(2449,8,78,1,16,'Entretien des fleurs',0,5,39,0,0,'2021-10-16 22:43:54','2021-10-16 22:43:54',120,0,20),(2450,8,69,1,11.813953488372,'Spécifier les différentes couleurs',1,4,29,11,0,'2021-10-16 22:43:54','2021-10-16 22:43:54',120,0,20),(2451,8,68,1,12.918604651163,'Vivre en société',1,5,35,4,0,'2021-10-16 22:43:54','2021-10-16 22:43:54',120,0,20),(2452,8,74,1,13,'Cultiver l\'esprit démocratique',0,3,35,6,0,'2021-10-16 22:43:54','2021-10-16 22:43:54',120,0,20),(2453,8,77,1,11.65,'Sensibilisation des élèves sur le VIH',4,3,27,2,12,'2021-10-16 22:43:54','2021-10-16 22:43:54',120,0,20),(2454,8,66,1,5.3409090909091,'Family and social life',0,0,3,5,36,'2021-10-16 22:43:54','2021-10-16 22:43:54',120,0,20),(2455,8,67,1,13,'Cultiver l\'esprit démocratique',1,4,31,9,0,'2021-10-16 22:43:54','2021-10-16 22:43:54',120,0,20),(2456,8,70,1,8.5116279069767,'Bien rédiger et s\'exprimer correctement',1,1,15,4,24,'2021-10-16 22:43:54','2021-10-16 22:43:54',120,0,20),(2457,8,71,1,9.6279069767442,'Bien rédiger et s\'exprimer correctement',1,2,16,26,0,'2021-10-16 22:43:54','2021-10-16 22:43:54',120,0,20),(2458,8,72,1,12.837209302326,'Bien rédiger et s\'exprimer correctement',1,3,37,2,2,'2021-10-16 22:43:54','2021-10-16 22:43:54',120,0,20),(2459,8,73,1,11.546511627907,'Bien rédiger et s\'exprimer correctement',1,4,29,1,10,'2021-10-16 22:43:54','2021-10-16 22:43:54',120,0,20),(2460,8,75,1,14.686046511628,'Environnement matériel de l\'ordinateur',1,5,36,3,0,'2021-10-16 22:43:54','2021-10-16 22:43:54',120,0,20),(2461,8,82,2,8.1643835616438,'Identifier et ranger les produits d\'entretien',0,8,25,40,0,'2021-10-16 22:43:54','2021-10-16 22:43:54',120,0,20),(2462,8,79,2,9.4071428571429,'Using languages resources',3,9,15,49,0,'2021-10-16 22:43:54','2021-10-16 22:43:54',120,0,20),(2463,8,80,2,13.308219178082,'',0,25,44,2,2,'2021-10-16 22:43:54','2021-10-16 22:43:54',120,0,20),(2464,8,83,2,7.6760563380282,'Appliquer le français oralement et par écrit',2,11,13,16,33,'2021-10-16 22:43:54','2021-10-16 22:43:54',120,0,20),(2465,8,84,2,7.375,'Appliquer le français oralement et par écrit',1,3,15,55,0,'2021-10-16 22:43:54','2021-10-16 22:43:54',120,0,20),(2466,8,85,2,9.8785714285714,'Appliquer le français oralement et par écrit',3,15,28,30,0,'2021-10-16 22:43:54','2021-10-16 22:43:54',120,0,20),(2467,8,86,2,10,'Appliquer le français oralement et par écrit',2,13,29,14,17,'2021-10-16 22:43:54','2021-10-16 22:43:54',120,0,20),(2468,8,87,2,13.986301369863,'',0,26,41,1,5,'2021-10-16 22:43:54','2021-10-16 22:43:54',120,0,20),(2469,8,88,2,11.558219178082,'Environnement matériel de l\'ordinateur',0,19,36,18,0,'2021-10-16 22:43:54','2021-10-16 22:43:54',120,0,20),(2470,8,89,2,10.083333333333,'Multiplication et addition dans les problèmes concrets',1,15,25,12,21,'2021-10-16 22:43:54','2021-10-16 22:43:54',120,0,20),(2471,8,90,2,10.833333333333,'Identifier les parties de la graine et de la plante',1,18,31,24,0,'2021-10-16 22:43:54','2021-10-16 22:43:54',120,0,20),(2472,8,91,2,16,'Entretien des fleurs',0,27,46,0,0,'2021-10-16 22:43:54','2021-10-16 22:43:54',120,0,20),(2473,8,331,24,9.5416666666667,'Découvrir l\'identité familiale',1,0,7,6,0,'2021-10-16 22:43:54','2021-10-16 22:43:54',120,0,20),(2474,8,333,24,10,'Expression and writing',3,0,5,8,0,'2021-10-16 22:43:54','2021-10-16 22:43:54',120,0,20),(2475,8,334,24,12,'',1,0,10,2,1,'2021-10-16 22:43:54','2021-10-16 22:43:54',120,0,20),(2476,8,329,24,10.666666666667,'',1,1,8,1,3,'2021-10-16 22:43:54','2021-10-16 22:43:54',120,0,20),(2477,8,342,24,7.8571428571429,'',6,1,2,1,9,'2021-10-16 22:43:54','2021-10-16 22:43:54',120,0,20),(2478,8,337,24,10.333333333333,'',1,2,6,0,5,'2021-10-16 22:43:54','2021-10-16 22:43:54',120,0,20),(2479,8,335,24,11.333333333333,'',1,2,8,0,3,'2021-10-16 22:43:54','2021-10-16 22:43:54',120,0,20),(2480,8,339,24,11.272727272727,'',2,1,7,1,4,'2021-10-16 22:43:54','2021-10-16 22:43:54',120,0,20),(2481,8,357,24,10.916666666667,'',1,0,8,2,3,'2021-10-16 22:43:54','2021-10-16 22:43:54',120,0,20),(2482,8,320,24,8.2,'',3,0,3,2,8,'2021-10-16 22:43:54','2021-10-16 22:43:54',120,0,20),(2483,8,330,25,9.3,'Découvrir l\'identité familiale',0,0,1,4,0,'2021-10-16 22:43:54','2021-10-16 22:43:54',120,0,20),(2484,8,332,25,8.4,'Expression and writing',0,0,2,3,0,'2021-10-16 22:43:54','2021-10-16 22:43:54',120,0,20),(2485,8,328,25,11.333333333333,'Appreciate types of set',2,0,2,3,0,'2021-10-16 22:43:54','2021-10-16 22:43:54',120,0,20),(2486,8,326,25,8,'Atomic structure',1,1,2,2,0,'2021-10-16 22:43:54','2021-10-16 22:43:54',120,0,20),(2487,8,327,25,8,'Gas law add ideal gas equation',0,0,3,2,0,'2021-10-16 22:43:54','2021-10-16 22:43:54',120,0,20),(2488,8,318,25,7.6,'Propagation of crops',0,0,0,5,0,'2021-10-16 22:43:54','2021-10-16 22:43:54',120,0,20),(2489,8,340,25,14,'',4,0,1,1,3,'2021-10-16 22:43:54','2021-10-16 22:43:54',120,0,20),(2490,8,336,25,8.4,'',0,0,2,1,2,'2021-10-16 22:43:54','2021-10-16 22:43:54',120,0,20),(2491,8,338,25,10,'Gender relations and Minority rights',4,0,1,4,0,'2021-10-16 22:43:54','2021-10-16 22:43:54',120,0,20),(2492,8,358,25,9.4,'',0,0,2,1,2,'2021-10-16 22:43:54','2021-10-16 22:43:54',120,0,20),(2493,8,360,25,10,'',4,1,0,0,4,'2021-10-16 22:43:54','2021-10-16 22:43:54',120,0,20),(2494,8,235,20,11.441860465116,'Découvrir l\'identité familiale',1,12,16,16,0,'2021-10-16 22:43:54','2021-10-16 22:43:54',120,0,20),(2495,8,236,20,14.279069767442,'Speaking and Reading',1,18,21,5,0,'2021-10-16 22:43:54','2021-10-16 22:43:54',120,0,20),(2496,8,237,20,13.511627906977,'Dramatization',1,14,20,10,0,'2021-10-16 22:43:54','2021-10-16 22:43:54',120,0,20),(2497,8,238,20,13.045454545455,'',0,16,17,11,0,'2021-10-16 22:43:54','2021-10-16 22:43:54',120,0,20),(2498,8,239,20,10.761904761905,'',2,11,14,19,0,'2021-10-16 22:43:54','2021-10-16 22:43:54',120,0,20),(2500,8,229,20,11.952380952381,' To live in society ',2,17,22,5,0,'2021-10-16 22:43:54','2021-10-16 22:43:54',120,0,20),(2501,8,245,20,10.071428571429,'Promotion of national integration',2,13,15,16,0,'2021-10-16 22:43:54','2021-10-16 22:43:54',120,0,20),(2502,8,244,20,10.619047619048,'',2,12,17,7,8,'2021-10-16 22:43:54','2021-10-16 22:43:54',120,0,20),(2503,8,243,20,10.642857142857,'',2,17,19,2,6,'2021-10-16 22:43:54','2021-10-16 22:43:54',120,0,20),(2504,8,242,20,13.046511627907,'',1,18,23,3,0,'2021-10-16 22:43:54','2021-10-16 22:43:54',120,0,20),(2505,8,241,20,13.325581395349,'Develop love for nature',1,18,21,5,0,'2021-10-16 22:43:54','2021-10-16 22:43:54',120,0,20),(2506,8,240,20,11.46511627907,'',1,14,15,15,0,'2021-10-16 22:43:54','2021-10-16 22:43:54',120,0,20),(2507,8,230,19,13.285714285714,' To live in society ',4,5,29,1,4,'2021-10-16 22:43:54','2021-10-16 22:43:54',120,0,20),(2508,8,258,19,13.914285714286,'Promotion of national integration',3,5,28,5,0,'2021-10-16 22:43:54','2021-10-16 22:43:54',120,0,20),(2509,8,257,19,12.171428571429,'The word\'s major religions',3,5,24,9,0,'2021-10-16 22:43:54','2021-10-16 22:43:54',120,0,20),(2510,8,256,19,8.1714285714286,'',3,2,13,23,0,'2021-10-16 22:43:54','2021-10-16 22:43:54',120,0,20),(2511,8,255,19,12.285714285714,'',3,6,22,0,10,'2021-10-16 22:43:54','2021-10-16 22:43:54',120,0,20),(2512,8,254,19,13.236111111111,'Curiosity and sense',2,5,24,9,0,'2021-10-16 22:43:54','2021-10-16 22:43:54',120,0,20),(2513,8,251,19,11.457142857143,'',3,6,19,0,13,'2021-10-16 22:43:54','2021-10-16 22:43:54',120,0,20),(2514,8,250,19,7,'Dalton\'s atomic theory',3,3,9,26,0,'2021-10-16 22:43:54','2021-10-16 22:43:54',120,0,20),(2515,8,249,19,11.8,'Arithmetic processes',3,6,19,13,0,'2021-10-16 22:43:54','2021-10-16 22:43:54',120,0,20),(2516,8,248,19,14.457142857143,'',3,4,28,2,4,'2021-10-16 22:43:54','2021-10-16 22:43:54',120,0,20),(2517,8,247,19,11.588235294118,'Speaking and Reading',4,4,19,15,0,'2021-10-16 22:43:54','2021-10-16 22:43:54',120,0,20),(2518,8,231,19,11.264705882353,'Découvrir l\'identité familiale',4,4,19,15,0,'2021-10-16 22:43:54','2021-10-16 22:43:54',120,0,20),(2519,8,260,4,9.9545454545455,'Découvrir l\'identité familiale',1,1,5,6,0,'2021-10-16 22:43:54','2021-10-16 22:43:54',120,0,20),(2520,8,261,4,10.6,'Expression and writing',2,1,8,3,0,'2021-10-16 22:43:54','2021-10-16 22:43:54',120,0,20),(2521,8,262,4,10.363636363636,'Analysis',1,1,6,5,0,'2021-10-16 22:43:54','2021-10-16 22:43:54',120,0,20),(2522,8,263,4,8.9090909090909,'Approximation and estimates',1,1,4,7,0,'2021-10-16 22:43:54','2021-10-16 22:43:54',120,0,20),(2523,8,266,4,10.727272727273,'Respect for plants and animals',1,2,8,2,0,'2021-10-16 22:43:54','2021-10-16 22:43:54',120,0,20),(2524,8,267,4,11.454545454545,'',1,2,9,0,1,'2021-10-16 22:43:54','2021-10-16 22:43:54',120,0,20),(2525,8,269,4,7.6,'',2,0,2,10,0,'2021-10-16 22:43:54','2021-10-16 22:43:54',120,0,20),(2526,8,270,4,12,'The Condominium in Cameroon',1,1,8,3,0,'2021-10-16 22:43:54','2021-10-16 22:43:54',120,0,20),(2527,8,234,4,12.636363636364,'Economiv life in Cameroon',1,2,8,2,0,'2021-10-16 22:43:54','2021-10-16 22:43:54',120,0,20),(2528,8,271,4,8.7272727272727,'',1,0,4,2,6,'2021-10-16 22:43:54','2021-10-16 22:43:54',120,0,20),(2529,8,268,4,9.8181818181818,'Social differences between mammals',1,1,5,6,0,'2021-10-16 22:43:54','2021-10-16 22:43:54',120,0,20),(2530,8,272,4,11.9,'',2,1,8,1,2,'2021-10-16 22:43:54','2021-10-16 22:43:54',120,0,20),(2531,8,233,4,12.727272727273,' To live in society ',1,2,9,1,0,'2021-10-16 22:43:54','2021-10-16 22:43:54',120,0,20),(2532,8,284,23,11.5,'Découvrir l\'identité familiale',0,1,7,4,0,'2021-10-16 22:43:54','2021-10-16 22:43:54',120,0,20),(2533,8,285,23,11.416666666667,'Expression and writing',0,1,8,3,0,'2021-10-16 22:43:54','2021-10-16 22:43:54',120,0,20),(2534,8,290,23,8.1666666666667,'Approximation and estimates',0,1,3,8,0,'2021-10-16 22:43:54','2021-10-16 22:43:54',120,0,20),(2535,8,264,23,7.75,'Mole concept',0,1,3,8,0,'2021-10-16 22:43:54','2021-10-16 22:43:54',120,0,20),(2536,8,265,23,14.416666666667,'Types of waves',0,2,8,2,0,'2021-10-16 22:43:54','2021-10-16 22:43:54',120,0,20),(2537,8,291,23,12.363636363636,'Respect for plants and animals',1,2,7,3,0,'2021-10-16 22:43:54','2021-10-16 22:43:54',120,0,20),(2538,8,289,23,12.25,'',0,2,10,0,0,'2021-10-16 22:43:54','2021-10-16 22:43:54',120,0,20),(2539,8,293,23,9.9166666666667,'',0,1,8,1,2,'2021-10-16 22:43:54','2021-10-16 22:43:54',120,0,20),(2540,8,283,23,14.75,'Economiv life in Cameroon',0,2,10,0,0,'2021-10-16 22:43:54','2021-10-16 22:43:54',120,0,20),(2541,8,286,23,11.833333333333,'',0,2,7,0,3,'2021-10-16 22:43:54','2021-10-16 22:43:54',120,0,20),(2542,8,292,23,13.083333333333,'Social differences between mammals',0,2,9,1,0,'2021-10-16 22:43:54','2021-10-16 22:43:54',120,0,20),(2543,8,287,23,11.454545454545,'',1,1,7,1,3,'2021-10-16 22:43:54','2021-10-16 22:43:54',120,0,20),(2544,8,288,23,10.208333333333,' To live in society ',0,2,8,0,2,'2021-10-16 22:43:54','2021-10-16 22:43:54',120,0,20),(2546,8,273,18,7.6304347826087,'Découvrir l\'identité familiale',0,0,7,16,0,'2021-10-16 22:43:54','2021-10-16 22:43:54',120,0,20),(2547,8,274,18,12.652173913043,'Writing and expression',0,3,17,3,0,'2021-10-16 22:43:54','2021-10-16 22:43:54',120,0,20),(2548,8,232,18,11.95652173913,' To live in society ',0,4,17,2,0,'2021-10-16 22:43:54','2021-10-16 22:43:54',120,0,20),(2549,7,361,18,14.35,'',3,3,14,6,0,'2021-10-16 22:43:54','2021-10-16 22:43:54',120,0,20),(2550,8,361,18,12.521739130435,'',0,2,14,3,4,'2021-10-16 22:43:54','2021-10-16 22:43:54',120,0,20),(2551,8,281,18,10.652173913043,'Economics and commerce',0,1,10,12,0,'2021-10-16 22:43:54','2021-10-16 22:43:54',120,0,20),(2552,8,280,18,12.826086956522,'The family and his environment',0,3,17,3,0,'2021-10-16 22:43:54','2021-10-16 22:43:54',120,0,20),(2553,8,282,18,10.565217391304,'The scramble for Cameroon',0,2,11,10,0,'2021-10-16 22:43:54','2021-10-16 22:43:54',120,0,20),(2554,8,279,18,7.0869565217391,'',0,1,6,4,12,'2021-10-16 22:43:54','2021-10-16 22:43:54',120,0,20),(2555,8,295,18,13.136363636364,'',1,4,18,1,0,'2021-10-16 22:43:54','2021-10-16 22:43:54',120,0,20),(2556,8,278,18,10.782608695652,'Respect for family',0,2,12,9,0,'2021-10-16 22:43:54','2021-10-16 22:43:54',120,0,20),(2557,8,294,18,12.739130434783,'Physical quantities',0,3,17,3,0,'2021-10-16 22:43:54','2021-10-16 22:43:54',120,0,20),(2558,8,275,18,9.4782608695652,'Expression ',0,1,11,11,0,'2021-10-16 22:43:54','2021-10-16 22:43:54',120,0,20),(2559,8,276,18,8.2173913043478,'Mensuration',0,1,9,13,0,'2021-10-16 22:43:54','2021-10-16 22:43:54',120,0,20),(2560,8,277,18,6.5652173913043,'Structure of atom',0,2,4,17,0,'2021-10-16 22:43:54','2021-10-16 22:43:54',120,0,20),(2561,8,190,13,8.6428571428571,'',0,0,0,1,6,'2021-10-16 22:43:54','2021-10-16 22:43:54',120,0,20),(2562,8,194,13,11.083333333333,'',1,1,3,0,3,'2021-10-16 22:43:54','2021-10-16 22:43:54',120,0,20),(2563,8,191,12,7,'',0,0,0,1,1,'2021-10-16 22:43:54','2021-10-16 22:43:54',120,0,20),(2564,8,195,12,8,'',1,0,0,1,1,'2021-10-16 22:43:54','2021-10-16 22:43:54',120,0,20),(2565,8,193,14,9,'',0,0,1,1,2,'2021-10-16 22:43:54','2021-10-16 22:43:54',120,0,20),(2566,8,197,14,10.375,'',0,0,3,1,0,'2021-10-16 22:43:54','2021-10-16 22:43:54',120,0,20),(2567,8,192,15,14,'',13,0,1,13,0,'2021-10-16 22:43:54','2021-10-16 22:43:54',120,0,20),(2568,8,196,15,12,'',13,0,1,13,0,'2021-10-16 22:43:54','2021-10-16 22:43:54',120,0,20),(2570,7,233,4,0,'To live in society',12,0,0,2,10,'2021-10-16 22:43:54','2021-10-16 22:43:54',120,0,20),(2571,7,278,18,0,'The living world',23,0,0,5,18,'2021-10-16 22:43:54','2021-10-16 22:43:54',120,0,20),(2572,8,259,19,0,'',38,4,24,10,0,'2021-10-16 22:43:54','2021-10-16 22:43:54',120,0,20),(2573,8,246,20,0,'',44,0,0,19,25,'2021-10-16 22:43:54','2021-10-16 22:43:54',120,0,20),(2574,7,288,23,0,'',12,0,0,2,10,'2021-10-16 22:43:54','2021-10-16 22:43:54',120,0,20),(2575,8,341,24,0,'',13,0,0,2,11,'2021-10-16 22:43:54','2021-10-16 22:43:54',120,0,20),(2576,7,342,24,0,'Propagation of crops',13,0,0,13,0,'2021-10-16 22:43:54','2021-10-16 22:43:54',120,0,20),(2578,7,318,25,0,'',5,0,0,1,4,'2021-10-16 22:43:54','2021-10-16 22:43:54',120,0,20),(2579,7,360,25,0,'',5,0,0,1,4,'2021-10-16 22:43:54','2021-10-16 22:43:54',120,0,20),(2580,7,142,21,0,'',6,0,0,0,6,'2021-10-16 22:43:54','2021-10-16 22:43:54',120,0,20),(2581,7,139,6,0,'',13,0,0,1,12,'2021-10-16 22:43:54','2021-10-16 22:43:54',120,0,20),(2583,8,359,25,6.6666666666667,'Appreciate coordination',2,0,0,5,0,'2021-10-16 22:43:54','2021-10-16 22:43:54',120,0,20),(2584,9,2,5,7.6071428571429,'',0,0,1,0,13,'2021-10-16 22:43:54','2021-10-16 22:43:54',120,0,20),(2585,9,3,5,10.464285714286,'',0,0,8,0,6,'2021-10-16 22:43:54','2021-10-16 22:43:54',120,0,20),(2586,9,6,5,11.75,'',0,0,10,0,4,'2021-10-16 22:43:54','2021-10-16 22:43:54',120,0,20),(2587,9,8,5,9.9285714285714,'',0,0,8,0,6,'2021-10-16 22:43:54','2021-10-16 22:43:54',120,0,20),(2588,9,10,5,8.1785714285714,'',0,0,4,0,10,'2021-10-16 22:43:54','2021-10-16 22:43:54',120,0,20),(2589,9,12,5,8.7142857142857,'',0,0,4,0,10,'2021-10-16 22:43:54','2021-10-16 22:43:54',120,0,20),(2590,9,14,5,13.035714285714,'',0,0,13,0,1,'2021-10-16 22:43:54','2021-10-16 22:43:54',120,0,20),(2591,9,30,5,6.4285714285714,'',0,0,1,0,13,'2021-10-16 22:43:54','2021-10-16 22:43:54',120,0,20),(2592,9,18,5,6.3571428571429,'',0,0,0,0,14,'2021-10-16 22:43:54','2021-10-16 22:43:54',120,0,20),(2593,9,20,5,6.2142857142857,'',0,0,0,0,14,'2021-10-16 22:43:54','2021-10-16 22:43:54',120,0,20),(2594,9,22,5,7.3571428571429,'',0,0,4,0,10,'2021-10-16 22:43:54','2021-10-16 22:43:54',120,0,20),(2595,9,24,5,10.285714285714,'',0,0,7,0,7,'2021-10-16 22:43:54','2021-10-16 22:43:54',120,0,20),(2596,9,26,5,14.857142857143,'',0,0,13,1,0,'2021-10-16 22:43:54','2021-10-16 22:43:54',120,0,20),(2597,9,4,16,9.0084615384615,'',2,0,19,0,22,'2021-10-16 22:43:54','2021-10-16 22:43:54',120,0,20),(2598,9,5,16,9.4864864864865,'',4,0,21,0,20,'2021-10-16 22:43:54','2021-10-16 22:43:54',120,0,20),(2599,9,7,16,11.378378378378,'',4,0,28,0,13,'2021-10-16 22:43:54','2021-10-16 22:43:54',120,0,20),(2600,9,9,16,8.4802631578947,'',3,0,16,0,25,'2021-10-16 22:43:54','2021-10-16 22:43:54',120,0,20),(2601,9,11,16,8.0986842105263,'',3,0,9,0,32,'2021-10-16 22:43:54','2021-10-16 22:43:54',120,0,20),(2602,9,13,16,7.6842105263158,'',3,0,7,0,34,'2021-10-16 22:43:54','2021-10-16 22:43:54',120,0,20),(2603,9,15,16,10.486842105263,'',3,0,29,0,12,'2021-10-16 22:43:54','2021-10-16 22:43:54',120,0,20),(2604,9,31,16,4.7948717948718,'',2,0,3,0,38,'2021-10-16 22:43:54','2021-10-16 22:43:54',120,0,20),(2605,9,19,16,4.85,'',1,0,1,0,40,'2021-10-16 22:43:54','2021-10-16 22:43:54',120,0,20),(2606,9,21,16,5.15625,'',1,0,0,0,41,'2021-10-16 22:43:54','2021-10-16 22:43:54',120,0,20),(2607,9,23,16,4.75,'',1,0,2,0,39,'2021-10-16 22:43:54','2021-10-16 22:43:54',120,0,20),(2608,9,25,16,7.2179487179487,'',2,0,9,0,32,'2021-10-16 22:43:54','2021-10-16 22:43:54',120,0,20),(2609,9,27,16,14.829268292683,'',0,0,38,0,3,'2021-10-16 22:43:54','2021-10-16 22:43:54',120,0,20),(2610,9,157,7,6.25,'',0,0,0,0,2,'2021-10-16 22:43:54','2021-10-16 22:43:54',120,0,20),(2611,9,158,7,3.17,'',0,0,0,0,2,'2021-10-16 22:43:54','2021-10-16 22:43:54',120,0,20),(2612,9,159,7,2.625,'',0,0,0,0,2,'2021-10-16 22:43:54','2021-10-16 22:43:54',120,0,20),(2613,9,160,7,15.75,'',0,0,2,0,0,'2021-10-16 22:43:54','2021-10-16 22:43:54',120,0,20),(2614,9,161,7,10,'',0,0,1,0,1,'2021-10-16 22:43:54','2021-10-16 22:43:54',120,0,20),(2615,9,152,7,8.5,'',0,0,0,0,2,'2021-10-16 22:43:54','2021-10-16 22:43:54',120,0,20),(2616,9,153,7,5.5,'',0,0,0,0,2,'2021-10-16 22:43:54','2021-10-16 22:43:54',120,0,20),(2617,9,154,7,5.25,'',0,0,0,2,0,'2021-10-16 22:43:54','2021-10-16 22:43:54',120,0,20),(2618,9,155,7,8.5,'',0,0,0,0,2,'2021-10-16 22:43:54','2021-10-16 22:43:54',120,0,20),(2619,9,156,7,8.5,'',0,0,0,0,2,'2021-10-16 22:43:54','2021-10-16 22:43:54',120,0,20),(2620,9,163,7,17,'',0,0,2,0,0,'2021-10-16 22:43:54','2021-10-16 22:43:54',120,0,20),(2621,9,164,8,6.6666666666667,'',3,0,2,0,16,'2021-10-16 22:43:54','2021-10-16 22:43:54',120,0,20),(2622,9,165,8,8.97875,'',0,0,5,0,11,'2021-10-16 22:43:54','2021-10-16 22:43:54',120,0,20),(2623,9,166,8,9.140625,'',0,0,7,0,9,'2021-10-16 22:43:54','2021-10-16 22:43:54',120,0,20),(2624,9,167,8,9.5333333333333,'',1,0,7,0,9,'2021-10-16 22:43:54','2021-10-16 22:43:54',120,0,20),(2625,9,168,8,9.75,'',0,0,11,0,5,'2021-10-16 22:43:54','2021-10-16 22:43:54',120,0,20),(2626,9,169,8,3.8666666666667,'',1,0,1,0,15,'2021-10-16 22:43:54','2021-10-16 22:43:54',120,0,20),(2627,9,170,8,4.96875,'',0,0,0,0,16,'2021-10-16 22:43:54','2021-10-16 22:43:54',120,0,20),(2628,9,171,8,4.5333333333333,'',1,0,0,0,16,'2021-10-16 22:43:54','2021-10-16 22:43:54',120,0,20),(2629,9,172,8,6.2857142857143,'',2,0,4,0,12,'2021-10-16 22:43:54','2021-10-16 22:43:54',120,0,20),(2630,9,173,8,10.821428571429,'',2,0,11,0,5,'2021-10-16 22:43:54','2021-10-16 22:43:54',120,0,20),(2631,9,175,8,15.9375,'',0,0,15,0,1,'2021-10-16 22:43:54','2021-10-16 22:43:54',120,0,20),(2632,9,35,6,5.8461538461538,'',0,0,1,0,12,'2021-10-16 22:43:54','2021-10-16 22:43:54',120,0,20),(2633,9,129,6,8.0769230769231,'',0,0,5,0,8,'2021-10-16 22:43:54','2021-10-16 22:43:54',120,0,20),(2634,9,130,6,9.2307692307692,'',0,0,10,0,3,'2021-10-16 22:43:54','2021-10-16 22:43:54',120,0,20),(2635,9,131,6,8.7307692307692,'',0,0,6,0,7,'2021-10-16 22:43:54','2021-10-16 22:43:54',120,0,20),(2636,9,132,6,7.0192307692308,'',0,0,2,0,11,'2021-10-16 22:43:54','2021-10-16 22:43:54',120,0,20),(2637,9,133,6,7.3541666666667,'',1,0,0,0,13,'2021-10-16 22:43:54','2021-10-16 22:43:54',120,0,20),(2638,9,314,6,8.6923076923077,'',0,0,7,0,6,'2021-10-16 22:43:54','2021-10-16 22:43:54',120,0,20),(2639,9,134,6,3.7692307692308,'',0,0,1,0,12,'2021-10-16 22:43:54','2021-10-16 22:43:54',120,0,20),(2640,9,136,6,10.038461538462,'',0,0,8,0,5,'2021-10-16 22:43:54','2021-10-16 22:43:54',120,0,20),(2641,9,137,6,4.6730769230769,'',0,0,0,0,13,'2021-10-16 22:43:54','2021-10-16 22:43:54',120,0,20),(2642,9,140,6,13.538461538462,'',0,0,11,0,2,'2021-10-16 22:43:54','2021-10-16 22:43:54',120,0,20),(2643,9,143,21,5.125,'',0,0,0,0,6,'2021-10-16 22:43:54','2021-10-16 22:43:54',120,0,20),(2644,9,144,21,2.8333333333333,'',0,0,0,0,6,'2021-10-16 22:43:54','2021-10-16 22:43:54',120,0,20),(2645,9,226,21,10.416666666667,'',0,0,5,0,1,'2021-10-16 22:43:54','2021-10-16 22:43:54',120,0,20),(2646,9,146,21,6,'',0,0,0,0,6,'2021-10-16 22:43:54','2021-10-16 22:43:54',120,0,20),(2647,9,147,21,6.3333333333333,'',0,0,0,0,6,'2021-10-16 22:43:54','2021-10-16 22:43:54',120,0,20),(2648,9,148,21,8.4166666666667,'',0,0,4,0,2,'2021-10-16 22:43:54','2021-10-16 22:43:54',120,0,20),(2649,9,149,21,9.0833333333333,'',0,0,5,0,1,'2021-10-16 22:43:54','2021-10-16 22:43:54',120,0,20),(2650,9,150,21,6.5833333333333,'',0,0,0,0,6,'2021-10-16 22:43:54','2021-10-16 22:43:54',120,0,20),(2651,9,151,21,5.5,'',0,0,0,0,6,'2021-10-16 22:43:54','2021-10-16 22:43:54',120,0,20),(2652,9,315,21,8.125,'',0,0,1,0,5,'2021-10-16 22:43:54','2021-10-16 22:43:54',120,0,20),(2653,9,141,21,13.333333333333,'',0,0,5,0,1,'2021-10-16 22:43:54','2021-10-16 22:43:54',120,0,20),(2654,9,79,2,9.5008108108108,'',0,0,33,0,41,'2021-10-16 22:43:54','2021-10-16 22:43:54',120,0,20),(2655,9,80,2,14.554054054054,'',0,0,72,0,2,'2021-10-16 22:43:54','2021-10-16 22:43:54',120,0,20),(2656,9,83,2,10.243243243243,'',0,0,41,0,33,'2021-10-16 22:43:54','2021-10-16 22:43:54',120,0,20),(2657,9,84,2,9.056338028169,'',3,0,37,0,37,'2021-10-16 22:43:54','2021-10-16 22:43:54',120,0,20),(2658,9,85,2,11.243243243243,'',0,0,61,0,13,'2021-10-16 22:43:54','2021-10-16 22:43:54',120,0,20),(2659,9,86,2,7.8040540540541,'',0,0,25,0,49,'2021-10-16 22:43:54','2021-10-16 22:43:54',120,0,20),(2660,9,87,2,15.013513513514,'',0,0,73,0,1,'2021-10-16 22:43:54','2021-10-16 22:43:54',120,0,20),(2661,9,88,2,14.380281690141,'',3,0,67,0,7,'2021-10-16 22:43:54','2021-10-16 22:43:54',120,0,20),(2662,9,89,2,11.246575342466,'',1,0,51,0,23,'2021-10-16 22:43:54','2021-10-16 22:43:54',120,0,20),(2663,9,90,2,11.890410958904,'',1,0,52,0,22,'2021-10-16 22:43:54','2021-10-16 22:43:54',120,0,20),(2664,9,81,2,13.195945945946,'',0,0,74,0,0,'2021-10-16 22:43:54','2021-10-16 22:43:54',120,0,20),(2665,9,82,2,9.8655405405405,'',0,0,31,0,43,'2021-10-16 22:43:54','2021-10-16 22:43:54',120,0,20),(2666,9,91,2,17,'',0,0,74,0,0,'2021-10-16 22:43:54','2021-10-16 22:43:54',120,0,20),(2667,9,75,1,9.453488372093,'',1,0,21,0,23,'2021-10-16 22:43:54','2021-10-16 22:43:54',120,0,20),(2668,9,76,1,9.1190476190476,'',2,0,15,0,29,'2021-10-16 22:43:54','2021-10-16 22:43:54',120,0,20),(2669,9,77,1,13.488372093023,'',1,0,39,0,5,'2021-10-16 22:43:54','2021-10-16 22:43:54',120,0,20),(2670,9,66,1,9.9431818181818,'',0,0,23,0,21,'2021-10-16 22:43:54','2021-10-16 22:43:54',120,0,20),(2671,9,67,1,9.3953488372093,'',1,0,21,0,23,'2021-10-16 22:43:54','2021-10-16 22:43:54',120,0,20),(2672,9,70,1,10.602272727273,'',0,0,28,0,16,'2021-10-16 22:43:54','2021-10-16 22:43:54',120,0,20),(2673,9,71,1,11.090909090909,'',0,0,33,0,11,'2021-10-16 22:43:54','2021-10-16 22:43:54',120,0,20),(2674,9,72,1,13.954545454545,'',0,0,41,0,3,'2021-10-16 22:43:54','2021-10-16 22:43:54',120,0,20),(2675,9,73,1,10.079545454545,'',0,0,26,0,18,'2021-10-16 22:43:54','2021-10-16 22:43:54',120,0,20),(2676,9,74,1,10.75,'',0,0,29,0,15,'2021-10-16 22:43:54','2021-10-16 22:43:54',120,0,20),(2677,9,68,1,12.363636363636,'',0,0,41,0,3,'2021-10-16 22:43:54','2021-10-16 22:43:54',120,0,20),(2678,9,69,1,9.8352272727273,'',0,0,27,0,17,'2021-10-16 22:43:54','2021-10-16 22:43:54',120,0,20),(2679,9,78,1,17,'',0,0,44,0,0,'2021-10-16 22:43:54','2021-10-16 22:43:54',120,0,20),(2680,9,37,3,12.181818181818,'',1,0,20,0,3,'2021-10-16 22:43:54','2021-10-16 22:43:54',120,0,20),(2681,9,38,3,10.217391304348,'',0,0,13,0,10,'2021-10-16 22:43:54','2021-10-16 22:43:54',120,0,20),(2682,9,40,3,11.869565217391,'',0,0,17,0,6,'2021-10-16 22:43:54','2021-10-16 22:43:54',120,0,20),(2683,9,46,3,10.739130434783,'',0,0,14,0,9,'2021-10-16 22:43:54','2021-10-16 22:43:54',120,0,20),(2684,9,48,3,9.5652173913043,'',0,0,11,0,12,'2021-10-16 22:43:54','2021-10-16 22:43:54',120,0,20),(2685,9,50,3,9.695652173913,'',0,0,12,0,11,'2021-10-16 22:43:54','2021-10-16 22:43:54',120,0,20),(2686,9,52,3,6.2173913043478,'',0,0,5,0,18,'2021-10-16 22:43:54','2021-10-16 22:43:54',120,0,20),(2687,9,54,3,10.304347826087,'',0,0,13,0,10,'2021-10-16 22:43:54','2021-10-16 22:43:54',120,0,20),(2688,9,58,3,6.7826086956522,'',0,0,6,0,17,'2021-10-16 22:43:54','2021-10-16 22:43:54',120,0,20),(2689,9,60,3,8.2619047619048,'',2,0,6,0,17,'2021-10-16 22:43:54','2021-10-16 22:43:54',120,0,20),(2690,9,62,3,13.136363636364,'',1,0,18,5,0,'2021-10-16 22:43:54','2021-10-16 22:43:54',120,0,20),(2691,9,42,3,12.090909090909,'',1,0,21,0,2,'2021-10-16 22:43:54','2021-10-16 22:43:54',120,0,20),(2692,9,44,3,10.477272727273,'',1,0,12,0,11,'2021-10-16 22:43:54','2021-10-16 22:43:54',120,0,20),(2693,9,64,3,17,'',0,0,23,0,0,'2021-10-16 22:43:54','2021-10-16 22:43:54',120,0,20),(2694,9,36,17,10.25,'',2,0,21,0,13,'2021-10-16 22:43:54','2021-10-16 22:43:54',120,0,20),(2695,9,39,17,8.9117647058824,'',0,0,15,0,19,'2021-10-16 22:43:54','2021-10-16 22:43:54',120,0,20),(2696,9,41,17,11.323529411765,'',0,0,25,0,9,'2021-10-16 22:43:54','2021-10-16 22:43:54',120,0,20),(2697,9,47,17,11.073529411765,'',0,0,25,0,9,'2021-10-16 22:43:54','2021-10-16 22:43:54',120,0,20),(2698,9,49,17,9.3823529411765,'',0,0,15,0,19,'2021-10-16 22:43:54','2021-10-16 22:43:54',120,0,20),(2699,9,51,17,8.7941176470588,'',0,0,15,0,19,'2021-10-16 22:43:54','2021-10-16 22:43:54',120,0,20),(2700,9,53,17,6.5294117647059,'',0,0,5,0,29,'2021-10-16 22:43:54','2021-10-16 22:43:54',120,0,20),(2701,9,55,17,9.8529411764706,'',0,0,19,0,15,'2021-10-16 22:43:54','2021-10-16 22:43:54',120,0,20),(2702,9,59,17,5.4558823529412,'',0,0,5,0,29,'2021-10-16 22:43:54','2021-10-16 22:43:54',120,0,20),(2703,9,61,17,6.9191176470588,'',0,0,5,0,29,'2021-10-16 22:43:54','2021-10-16 22:43:54',120,0,20),(2704,9,63,17,12.073529411765,'',0,0,29,0,5,'2021-10-16 22:43:54','2021-10-16 22:43:54',120,0,20),(2705,9,43,17,10.676470588235,'',0,0,29,0,5,'2021-10-16 22:43:54','2021-10-16 22:43:54',120,0,20),(2706,9,45,17,9.4852941176471,'',0,0,19,0,15,'2021-10-16 22:43:54','2021-10-16 22:43:54',120,0,20),(2707,9,57,17,12.3515625,'',2,0,26,0,8,'2021-10-16 22:43:54','2021-10-16 22:43:54',120,0,20),(2708,9,56,3,11.869565217391,'',0,0,15,0,8,'2021-10-16 22:43:54','2021-10-16 22:43:54',120,0,20),(2709,9,65,17,17,'',0,0,34,0,0,'2021-10-16 22:43:54','2021-10-16 22:43:54',120,0,20),(2710,9,309,26,5.8888888888889,'',0,0,2,0,7,'2021-10-16 22:43:54','2021-10-16 22:43:54',120,0,20),(2711,9,310,26,8.5555555555556,'',0,0,3,0,6,'2021-10-16 22:43:54','2021-10-16 22:43:54',120,0,20),(2712,9,311,26,7.3611111111111,'',0,0,1,0,8,'2021-10-16 22:43:54','2021-10-16 22:43:54',120,0,20),(2713,9,312,26,11.78125,'',1,0,7,0,2,'2021-10-16 22:43:54','2021-10-16 22:43:54',120,0,20),(2714,9,313,26,11.6875,'',1,0,6,0,3,'2021-10-16 22:43:54','2021-10-16 22:43:54',120,0,20),(2715,9,302,26,9.8888888888889,'',0,0,5,0,4,'2021-10-16 22:43:54','2021-10-16 22:43:54',120,0,20),(2716,9,303,26,7.8888888888889,'',0,0,3,0,6,'2021-10-16 22:43:54','2021-10-16 22:43:54',120,0,20),(2717,9,304,26,7.1666666666667,'',0,0,3,0,6,'2021-10-16 22:43:54','2021-10-16 22:43:54',120,0,20),(2718,9,305,26,8.5555555555556,'',0,0,4,0,5,'2021-10-16 22:43:54','2021-10-16 22:43:54',120,0,20),(2719,9,306,26,12.111111111111,'',0,0,8,0,1,'2021-10-16 22:43:54','2021-10-16 22:43:54',120,0,20),(2720,9,307,26,9.7777777777778,'',0,0,8,0,1,'2021-10-16 22:43:54','2021-10-16 22:43:54',120,0,20),(2721,9,308,26,17,'',0,0,9,0,0,'2021-10-16 22:43:54','2021-10-16 22:43:54',120,0,20),(2723,9,117,11,5.1458333333333,'',0,0,1,0,11,'2021-10-16 22:43:54','2021-10-16 22:43:54',120,0,20),(2724,9,121,11,7.1666666666667,'',0,0,4,0,8,'2021-10-16 22:43:54','2021-10-16 22:43:54',120,0,20),(2725,9,122,11,4.9583333333333,'',0,0,2,0,10,'2021-10-16 22:43:54','2021-10-16 22:43:54',120,0,20),(2726,9,123,11,6.5,'',0,0,1,0,11,'2021-10-16 22:43:54','2021-10-16 22:43:54',120,0,20),(2727,9,126,11,12.166666666667,'',0,0,9,0,3,'2021-10-16 22:43:54','2021-10-16 22:43:54',120,0,20),(2728,9,116,11,10.166666666667,'',0,0,8,0,4,'2021-10-16 22:43:54','2021-10-16 22:43:54',120,0,20),(2729,9,118,11,8.1666666666667,'',0,0,4,0,8,'2021-10-16 22:43:54','2021-10-16 22:43:54',120,0,20),(2730,9,120,11,11.375,'',0,0,10,0,2,'2021-10-16 22:43:54','2021-10-16 22:43:54',120,0,20),(2731,9,124,11,8.2916666666667,'',0,0,4,0,8,'2021-10-16 22:43:54','2021-10-16 22:43:54',120,0,20),(2732,9,125,11,8.2916666666667,'',0,0,4,0,8,'2021-10-16 22:43:54','2021-10-16 22:43:54',120,0,20),(2733,9,119,11,10.958333333333,'',0,0,12,0,0,'2021-10-16 22:43:54','2021-10-16 22:43:54',120,0,20),(2735,9,127,11,17,'',0,0,12,0,0,'2021-10-16 22:43:54','2021-10-16 22:43:54',120,0,20),(2736,9,95,10,9.25,'',0,0,7,0,7,'2021-10-16 22:43:54','2021-10-16 22:43:54',120,0,20),(2737,9,97,10,9.8928571428571,'',0,0,9,0,5,'2021-10-16 22:43:54','2021-10-16 22:43:54',120,0,20),(2738,9,100,10,7.6964285714286,'',0,0,2,0,12,'2021-10-16 22:43:54','2021-10-16 22:43:54',120,0,20),(2739,9,103,10,6.5714285714286,'',0,0,1,0,13,'2021-10-16 22:43:54','2021-10-16 22:43:54',120,0,20),(2740,9,107,10,10.153846153846,'',1,0,10,0,4,'2021-10-16 22:43:54','2021-10-16 22:43:54',120,0,20),(2741,9,227,10,8.4642857142857,'',0,0,7,0,7,'2021-10-16 22:43:54','2021-10-16 22:43:54',120,0,20),(2742,9,109,10,7.5961538461538,'',1,0,6,0,8,'2021-10-16 22:43:54','2021-10-16 22:43:54',120,0,20),(2743,9,111,10,0.85714285714286,'',0,0,0,0,14,'2021-10-16 22:43:54','2021-10-16 22:43:54',120,0,20),(2744,9,113,10,3.8214285714286,'',0,0,0,0,14,'2021-10-16 22:43:54','2021-10-16 22:43:54',120,0,20),(2745,9,99,10,4.6071428571429,'',0,0,5,0,9,'2021-10-16 22:43:54','2021-10-16 22:43:54',120,0,20),(2747,9,115,10,17,'',0,0,14,0,0,'2021-10-16 22:43:54','2021-10-16 22:43:54',120,0,20),(2748,9,93,10,7.9230769230769,'',1,0,3,0,11,'2021-10-16 22:43:54','2021-10-16 22:43:54',120,0,20),(2749,9,92,9,8.4444444444444,'',0,0,3,0,6,'2021-10-16 22:43:54','2021-10-16 22:43:54',120,0,20),(2750,9,94,9,11.833333333333,'',0,0,7,0,2,'2021-10-16 22:43:54','2021-10-16 22:43:54',120,0,20),(2751,9,96,9,10.388888888889,'',0,0,7,0,2,'2021-10-16 22:43:54','2021-10-16 22:43:54',120,0,20),(2752,9,101,9,9.6666666666667,'',0,0,5,0,4,'2021-10-16 22:43:54','2021-10-16 22:43:54',120,0,20),(2753,9,102,9,9.1111111111111,'',0,0,6,0,3,'2021-10-16 22:43:54','2021-10-16 22:43:54',120,0,20),(2754,9,106,9,13.277777777778,'',0,0,9,0,0,'2021-10-16 22:43:54','2021-10-16 22:43:54',120,0,20),(2755,9,228,9,11.944444444444,'',0,0,7,0,2,'2021-10-16 22:43:54','2021-10-16 22:43:54',120,0,20),(2756,9,108,9,10.416666666667,'',0,0,6,0,3,'2021-10-16 22:43:54','2021-10-16 22:43:54',120,0,20),(2757,9,110,9,2.8333333333333,'',0,0,0,0,9,'2021-10-16 22:43:54','2021-10-16 22:43:54',120,0,20),(2758,9,112,9,8.6666666666667,'',0,0,3,0,6,'2021-10-16 22:43:54','2021-10-16 22:43:54',120,0,20),(2759,9,98,9,11,'',0,0,8,0,1,'2021-10-16 22:43:54','2021-10-16 22:43:54',120,0,20),(2762,9,114,9,17,'',0,0,9,0,0,'2021-10-16 22:43:54','2021-10-16 22:43:54',120,0,20),(2763,9,283,23,11.777777777778,'',4,0,8,0,5,'2021-10-16 22:43:54','2021-10-16 22:43:54',120,0,20),(2764,9,284,23,10.192307692308,'',0,0,10,0,3,'2021-10-16 22:43:54','2021-10-16 22:43:54',120,0,20),(2765,9,285,23,11.653846153846,'',0,0,12,0,1,'2021-10-16 22:43:54','2021-10-16 22:43:54',120,0,20),(2766,9,286,23,12,'',0,0,11,0,2,'2021-10-16 22:43:54','2021-10-16 22:43:54',120,0,20),(2767,9,287,23,14.125,'',5,0,7,0,6,'2021-10-16 22:43:54','2021-10-16 22:43:54',120,0,20),(2768,9,293,23,9.7692307692308,'',0,0,7,0,6,'2021-10-16 22:43:54','2021-10-16 22:43:54',120,0,20),(2769,9,264,23,11.583333333333,'',1,0,11,0,2,'2021-10-16 22:43:54','2021-10-16 22:43:54',120,0,20),(2770,9,265,23,10,'',0,0,8,0,5,'2021-10-16 22:43:54','2021-10-16 22:43:54',120,0,20),(2771,9,289,23,10.923076923077,'',0,0,10,0,3,'2021-10-16 22:43:54','2021-10-16 22:43:54',120,0,20),(2772,9,290,23,6.0384615384615,'',0,0,2,0,11,'2021-10-16 22:43:54','2021-10-16 22:43:54',120,0,20),(2773,9,291,23,9.4230769230769,'',0,0,6,0,7,'2021-10-16 22:43:54','2021-10-16 22:43:54',120,0,20),(2774,9,292,23,11.653846153846,'',0,0,10,0,3,'2021-10-16 22:43:54','2021-10-16 22:43:54',120,0,20),(2775,9,288,23,12.038461538462,'',0,0,12,0,1,'2021-10-16 22:43:54','2021-10-16 22:43:54',120,0,20),(2776,9,299,23,17,'',0,0,13,0,0,'2021-10-16 22:43:54','2021-10-16 22:43:54',120,0,20),(2777,9,234,4,9.7272727272727,'',1,0,8,0,4,'2021-10-16 22:43:54','2021-10-16 22:43:54',120,0,20),(2778,9,260,4,8,'',0,0,6,0,6,'2021-10-16 22:43:54','2021-10-16 22:43:54',120,0,20),(2779,9,261,4,10.727272727273,'',1,0,10,0,2,'2021-10-16 22:43:54','2021-10-16 22:43:54',120,0,20),(2780,9,262,4,9.4166666666667,'',0,0,6,0,6,'2021-10-16 22:43:54','2021-10-16 22:43:54',120,0,20),(2781,9,270,4,6.0909090909091,'',1,0,0,0,12,'2021-10-16 22:43:54','2021-10-16 22:43:54',120,0,20),(2782,9,271,4,10.5,'',0,0,10,0,2,'2021-10-16 22:43:54','2021-10-16 22:43:54',120,0,20),(2783,9,272,4,15,'',3,0,8,0,4,'2021-10-16 22:43:54','2021-10-16 22:43:54',120,0,20),(2784,9,233,4,10.727272727273,'',1,0,9,0,3,'2021-10-16 22:43:54','2021-10-16 22:43:54',120,0,20),(2785,9,263,4,4.3181818181818,'',1,0,1,0,11,'2021-10-16 22:43:54','2021-10-16 22:43:54',120,0,20),(2786,9,266,4,6.6111111111111,'',3,0,2,0,10,'2021-10-16 22:43:54','2021-10-16 22:43:54',120,0,20),(2787,9,267,4,9.8333333333333,'',0,0,11,0,1,'2021-10-16 22:43:54','2021-10-16 22:43:54',120,0,20),(2788,9,268,4,9.0909090909091,'',1,0,6,0,6,'2021-10-16 22:43:54','2021-10-16 22:43:54',120,0,20),(2789,9,268,4,8.7272727272727,'',1,0,6,0,6,'2021-10-16 22:43:54','2021-10-16 22:43:54',120,0,20),(2790,9,300,4,17,'',1,0,11,0,1,'2021-10-16 22:43:54','2021-10-16 22:43:54',120,0,20),(2791,9,235,20,8.5116279069767,'',1,0,20,0,24,'2021-10-16 22:43:54','2021-10-16 22:43:54',120,0,20),(2792,9,236,20,10.841463414634,'',3,0,30,0,14,'2021-10-16 22:43:54','2021-10-16 22:43:54',120,0,20),(2793,9,237,20,12.488372093023,'',1,0,35,0,9,'2021-10-16 22:43:54','2021-10-16 22:43:54',120,0,20),(2794,9,243,20,12.135135135135,'',7,0,36,0,8,'2021-10-16 22:43:54','2021-10-16 22:43:54',120,0,20),(2795,9,244,20,7.3720930232558,'',1,0,19,0,25,'2021-10-16 22:43:54','2021-10-16 22:43:54',120,0,20),(2796,9,245,20,12.022727272727,'',0,0,34,0,10,'2021-10-16 22:43:54','2021-10-16 22:43:54',120,0,20),(2797,9,238,20,13.337209302326,'',1,0,33,0,11,'2021-10-16 22:43:54','2021-10-16 22:43:54',120,0,20),(2798,9,239,20,10.642857142857,'',2,0,22,0,22,'2021-10-16 22:43:54','2021-10-16 22:43:54',120,0,20),(2799,9,240,20,13.818181818182,'',0,0,39,0,5,'2021-10-16 22:43:54','2021-10-16 22:43:54',120,0,20),(2800,9,241,20,12.579545454545,'',0,0,37,0,7,'2021-10-16 22:43:54','2021-10-16 22:43:54',120,0,20),(2801,9,242,20,9.7954545454545,'',0,0,22,0,22,'2021-10-16 22:43:54','2021-10-16 22:43:54',120,0,20),(2802,9,229,20,10.693181818182,'',0,0,36,0,8,'2021-10-16 22:43:54','2021-10-16 22:43:54',120,0,20),(2803,9,296,20,17,'',0,0,44,0,0,'2021-10-16 22:43:54','2021-10-16 22:43:54',120,0,20),(2804,9,246,20,0,'',44,0,0,0,44,'2021-10-16 22:43:54','2021-10-16 22:43:54',120,0,20),(2805,9,231,19,11.5,'',3,0,24,0,14,'2021-10-16 22:43:54','2021-10-16 22:43:54',120,0,20),(2806,9,247,19,13.971428571429,'',3,0,27,0,11,'2021-10-16 22:43:54','2021-10-16 22:43:54',120,0,20),(2807,9,248,19,12.368421052632,'',0,0,28,10,0,'2021-10-16 22:43:54','2021-10-16 22:43:54',120,0,20),(2808,9,256,19,10.555555555556,'',2,0,30,8,0,'2021-10-16 22:43:54','2021-10-16 22:43:54',120,0,20),(2809,9,257,19,8.0789473684211,'',0,0,17,0,21,'2021-10-16 22:43:54','2021-10-16 22:43:54',120,0,20),(2810,9,258,19,10.594594594595,'',1,0,25,0,13,'2021-10-16 22:43:54','2021-10-16 22:43:54',120,0,20),(2811,9,249,19,10.888888888889,'',2,0,24,14,0,'2021-10-16 22:43:54','2021-10-16 22:43:54',120,0,20),(2812,9,250,19,11.694444444444,'',2,0,29,9,0,'2021-10-16 22:43:54','2021-10-16 22:43:54',120,0,20),(2813,9,251,19,15.028571428571,'',3,0,31,7,0,'2021-10-16 22:43:54','2021-10-16 22:43:54',120,0,20),(2814,9,254,19,13.868421052632,'',0,0,34,4,0,'2021-10-16 22:43:54','2021-10-16 22:43:54',120,0,20),(2815,9,255,19,12.210526315789,'',0,0,33,0,5,'2021-10-16 22:43:54','2021-10-16 22:43:54',120,0,20),(2816,9,230,19,9.6052631578947,'',0,0,28,0,10,'2021-10-16 22:43:54','2021-10-16 22:43:54',120,0,20),(2817,9,297,19,17,'',0,0,38,0,0,'2021-10-16 22:43:54','2021-10-16 22:43:54',120,0,20),(2818,9,259,19,0,'',38,0,0,0,38,'2021-10-16 22:43:54','2021-10-16 22:43:54',120,0,20),(2819,9,273,18,8.8863636363636,'',1,0,10,0,13,'2021-10-16 22:43:54','2021-10-16 22:43:54',120,0,20),(2820,9,274,18,10.681818181818,'',1,0,16,0,7,'2021-10-16 22:43:54','2021-10-16 22:43:54',120,0,20),(2821,9,275,18,9.9772727272727,'',1,0,14,0,9,'2021-10-16 22:43:54','2021-10-16 22:43:54',120,0,20),(2822,9,280,18,12.159090909091,'',1,0,16,7,0,'2021-10-16 22:43:54','2021-10-16 22:43:54',120,0,20),(2823,9,281,18,14.260869565217,'',0,0,21,0,2,'2021-10-16 22:43:54','2021-10-16 22:43:54',120,0,20),(2824,9,282,18,9.7272727272727,'',1,0,14,0,9,'2021-10-16 22:43:54','2021-10-16 22:43:54',120,0,20),(2825,9,361,18,13.891304347826,'',0,0,20,3,0,'2021-10-16 22:43:54','2021-10-16 22:43:54',120,0,20),(2826,9,232,18,12.119047619048,'',2,0,20,0,3,'2021-10-16 22:43:54','2021-10-16 22:43:54',120,0,20),(2827,9,276,18,9.8181818181818,'',1,0,13,0,10,'2021-10-16 22:43:54','2021-10-16 22:43:54',120,0,20),(2828,9,277,18,8.2380952380952,'',2,0,6,0,17,'2021-10-16 22:43:54','2021-10-16 22:43:54',120,0,20),(2829,9,278,18,14.545454545455,'',1,0,21,2,0,'2021-10-16 22:43:54','2021-10-16 22:43:54',120,0,20),(2830,9,279,18,9.6666666666667,'',2,0,11,0,12,'2021-10-16 22:43:54','2021-10-16 22:43:54',120,0,20),(2831,9,294,18,11.934782608696,'',0,0,16,7,0,'2021-10-16 22:43:54','2021-10-16 22:43:54',120,0,20),(2832,9,295,18,10.47619047619,'',2,0,17,0,6,'2021-10-16 22:43:54','2021-10-16 22:43:54',120,0,20),(2833,9,298,18,17,'',0,0,23,0,0,'2021-10-16 22:43:54','2021-10-16 22:43:54',120,0,20),(2834,9,269,4,8.5454545454545,'',1,0,6,0,6,'2021-10-16 22:43:54','2021-10-16 22:43:54',120,0,20),(2835,9,320,24,9.375,'',5,0,4,0,9,'2021-10-16 22:43:54','2021-10-16 22:43:54',120,0,20),(2836,9,331,24,12.5,'',1,0,12,0,1,'2021-10-16 22:43:54','2021-10-16 22:43:54',120,0,20),(2837,9,333,24,10.5,'',1,0,11,0,2,'2021-10-16 22:43:54','2021-10-16 22:43:54',120,0,20),(2838,9,334,24,10.045454545455,'',2,0,8,0,5,'2021-10-16 22:43:54','2021-10-16 22:43:54',120,0,20),(2839,9,357,24,10.083333333333,'',1,0,8,0,5,'2021-10-16 22:43:54','2021-10-16 22:43:54',120,0,20),(2840,9,329,24,7.4166666666667,'',1,0,5,0,8,'2021-10-16 22:43:54','2021-10-16 22:43:54',120,0,20),(2841,9,342,24,7.75,'',9,0,1,0,12,'2021-10-16 22:43:54','2021-10-16 22:43:54',120,0,20),(2842,9,330,25,13.125,'',1,0,4,0,1,'2021-10-16 22:43:54','2021-10-16 22:43:54',120,0,20),(2843,9,332,25,8.2,'',0,0,4,0,1,'2021-10-16 22:43:54','2021-10-16 22:43:54',120,0,20),(2844,9,360,25,0,'',5,0,0,0,5,'2021-10-16 22:43:54','2021-10-16 22:43:54',120,0,20),(2845,9,318,25,10,'',2,0,2,0,3,'2021-10-16 22:43:54','2021-10-16 22:43:54',120,0,20),(2846,9,326,25,6.3333333333333,'',2,0,1,0,4,'2021-10-16 22:43:54','2021-10-16 22:43:54',120,0,20),(2847,9,327,25,6.6,'',0,0,2,0,3,'2021-10-16 22:43:54','2021-10-16 22:43:54',120,0,20),(2848,9,328,25,9.5,'',1,0,3,0,2,'2021-10-16 22:43:54','2021-10-16 22:43:54',120,0,20),(2849,9,340,25,10,'',4,0,1,0,4,'2021-10-16 22:43:54','2021-10-16 22:43:54',120,0,20),(2850,9,358,25,9,'',0,0,2,0,3,'2021-10-16 22:43:54','2021-10-16 22:43:54',120,0,20),(2851,9,359,25,10.666666666667,'',2,0,2,0,3,'2021-10-16 22:43:54','2021-10-16 22:43:54',120,0,20),(2852,9,177,12,8.5,'',0,0,0,0,2,'2021-10-16 22:43:54','2021-10-16 22:43:54',120,0,20),(2853,9,179,12,10,'',0,0,1,0,1,'2021-10-16 22:43:54','2021-10-16 22:43:54',120,0,20),(2854,9,187,12,9.25,'',0,0,1,0,1,'2021-10-16 22:43:54','2021-10-16 22:43:54',120,0,20),(2855,9,191,12,6.5,'',0,0,0,0,2,'2021-10-16 22:43:54','2021-10-16 22:43:54',120,0,20),(2856,9,195,12,7.25,'',0,0,0,0,2,'2021-10-16 22:43:54','2021-10-16 22:43:54',120,0,20),(2857,9,211,12,7,'',0,0,0,0,2,'2021-10-16 22:43:54','2021-10-16 22:43:54',120,0,20),(2858,9,223,12,9,'',0,0,0,0,2,'2021-10-16 22:43:54','2021-10-16 22:43:54',120,0,20),(2859,9,199,12,5.75,'',0,0,0,0,2,'2021-10-16 22:43:54','2021-10-16 22:43:54',120,0,20),(2860,9,203,12,13,'',0,0,1,0,1,'2021-10-16 22:43:54','2021-10-16 22:43:54',120,0,20),(2861,9,215,12,3,'',0,0,0,0,2,'2021-10-16 22:43:54','2021-10-16 22:43:54',120,0,20),(2862,9,219,12,17,'',0,0,2,0,0,'2021-10-16 22:43:54','2021-10-16 22:43:54',120,0,20),(2863,9,176,13,9.6785714285714,'',0,0,5,0,2,'2021-10-16 22:43:54','2021-10-16 22:43:54',120,0,20),(2864,9,178,13,10.964285714286,'',0,0,5,0,2,'2021-10-16 22:43:54','2021-10-16 22:43:54',120,0,20),(2865,9,186,13,10.321428571429,'',0,0,5,0,2,'2021-10-16 22:43:54','2021-10-16 22:43:54',120,0,20),(2866,9,190,13,7.2857142857143,'',0,0,2,0,5,'2021-10-16 22:43:54','2021-10-16 22:43:54',120,0,20),(2867,9,194,13,9,'',0,0,2,0,5,'2021-10-16 22:43:54','2021-10-16 22:43:54',120,0,20),(2868,9,210,13,10.833333333333,'',1,0,4,0,3,'2021-10-16 22:43:54','2021-10-16 22:43:54',120,0,20),(2869,9,222,13,11,'',0,0,5,0,2,'2021-10-16 22:43:54','2021-10-16 22:43:54',120,0,20),(2870,9,198,13,5.4285714285714,'',0,0,0,0,7,'2021-10-16 22:43:54','2021-10-16 22:43:54',120,0,20),(2871,9,202,13,9.7142857142857,'',0,0,3,0,4,'2021-10-16 22:43:54','2021-10-16 22:43:54',120,0,20),(2872,9,214,13,5.8571428571429,'Le vivre ensemble',0,0,0,7,0,'2021-10-16 22:43:54','2021-10-16 22:43:54',120,0,20),(2873,9,218,13,17,'',0,0,7,0,0,'2021-10-16 22:43:54','2021-10-16 22:43:54',120,0,20),(2874,9,181,14,9.125,'',0,0,1,0,3,'2021-10-16 22:43:54','2021-10-16 22:43:54',120,0,20),(2875,9,184,14,6.375,'',0,0,0,0,4,'2021-10-16 22:43:54','2021-10-16 22:43:54',120,0,20),(2876,9,189,14,10.113636363636,'',0,0,8,0,3,'2021-10-16 22:43:54','2021-10-16 22:43:54',120,0,20),(2877,9,193,14,8,'',0,0,1,0,3,'2021-10-16 22:43:54','2021-10-16 22:43:54',120,0,20),(2878,9,197,14,9.75,'',0,0,2,0,2,'2021-10-16 22:43:54','2021-10-16 22:43:54',120,0,20),(2879,9,213,14,10.25,'',0,0,3,0,1,'2021-10-16 22:43:54','2021-10-16 22:43:54',120,0,20),(2880,9,201,14,8.6875,'',0,0,1,0,3,'2021-10-16 22:43:54','2021-10-16 22:43:54',120,0,20),(2881,9,205,14,6,'',0,0,0,0,4,'2021-10-16 22:43:54','2021-10-16 22:43:54',120,0,20),(2882,9,207,14,7.75,'',0,0,0,0,4,'2021-10-16 22:43:54','2021-10-16 22:43:54',120,0,20),(2883,9,209,14,7.8125,'',0,0,1,0,3,'2021-10-16 22:43:54','2021-10-16 22:43:54',120,0,20),(2884,9,225,14,14.875,'',0,0,4,0,0,'2021-10-16 22:43:54','2021-10-16 22:43:54',120,0,20),(2885,9,217,14,12.25,'',0,0,4,0,0,'2021-10-16 22:43:54','2021-10-16 22:43:54',120,0,20),(2886,9,221,14,17,'',0,0,4,0,0,'2021-10-16 22:43:54','2021-10-16 22:43:54',120,0,20),(2887,9,180,15,11,'',13,0,1,13,0,'2021-10-16 22:43:54','2021-10-16 22:43:54',120,0,20),(2888,9,185,15,13,'',13,0,1,13,0,'2021-10-16 22:43:54','2021-10-16 22:43:54',120,0,20),(2889,9,188,15,11,'',13,0,1,13,0,'2021-10-16 22:43:54','2021-10-16 22:43:54',120,0,20),(2890,9,192,15,14.5,'',13,0,1,13,0,'2021-10-16 22:43:54','2021-10-16 22:43:54',120,0,20),(2891,9,196,15,7,'',13,0,0,14,0,'2021-10-16 22:43:54','2021-10-16 22:43:54',120,0,20),(2892,9,212,15,10,'',13,0,1,13,0,'2021-10-16 22:43:54','2021-10-16 22:43:54',120,0,20),(2893,9,200,15,10.5,'',13,0,1,13,0,'2021-10-16 22:43:54','2021-10-16 22:43:54',120,0,20),(2894,9,204,15,8,'',13,0,0,14,0,'2021-10-16 22:43:54','2021-10-16 22:43:54',120,0,20),(2895,9,206,15,11.5,'',13,0,1,13,0,'2021-10-16 22:43:54','2021-10-16 22:43:54',120,0,20),(2896,9,208,15,8,'',13,0,0,14,0,'2021-10-16 22:43:54','2021-10-16 22:43:54',120,0,20),(2897,9,224,15,14,'',13,0,1,13,0,'2021-10-16 22:43:54','2021-10-16 22:43:54',120,0,20),(2898,9,216,15,12,'',13,0,1,13,0,'2021-10-16 22:43:54','2021-10-16 22:43:54',120,0,20),(2899,9,220,15,17,'',13,0,1,13,0,'2021-10-16 22:43:54','2021-10-16 22:43:54',120,0,20),(2902,9,162,7,13.25,'',0,0,2,0,0,'2021-10-16 22:43:54','2021-10-16 22:43:54',120,0,20),(2903,9,174,8,9.5666666666667,'',1,0,12,0,4,'2021-10-16 22:43:54','2021-10-16 22:43:54',120,0,20),(2904,9,139,6,10.038461538462,'',0,0,11,0,2,'2021-10-16 22:43:54','2021-10-16 22:43:54',120,0,20),(2905,9,142,21,8.1666666666667,'',0,0,4,0,2,'2021-10-16 22:43:54','2021-10-16 22:43:54',120,0,20),(2906,9,356,8,2.9,'',1,0,0,0,16,'2021-10-16 22:43:54','2021-10-16 22:43:54',120,0,20),(2907,9,336,25,4.8,'',0,0,0,0,5,'2021-10-16 22:43:54','2021-10-16 22:43:54',120,0,20),(2908,9,338,25,0,'',5,0,0,0,5,'2021-10-16 22:43:54','2021-10-16 22:43:54',120,0,20),(2909,9,360,25,0,'',5,0,0,0,5,'2021-10-16 22:43:54','2021-10-16 22:43:54',120,0,20),(2910,9,340,25,10,'',4,0,1,0,4,'2021-10-16 22:43:54','2021-10-16 22:43:54',120,0,20),(2911,9,335,24,10.333333333333,'',1,0,8,5,0,'2021-10-16 22:43:54','2021-10-16 22:43:54',120,0,20),(2912,9,341,24,0,'',13,0,0,0,13,'2021-10-16 22:43:54','2021-10-16 22:43:54',120,0,20),(2913,9,339,24,11.4,'',8,0,5,0,8,'2021-10-16 22:43:54','2021-10-16 22:43:54',120,0,20),(2914,9,337,24,7.6666666666667,'',4,0,3,0,10,'2021-10-16 22:43:54','2021-10-16 22:43:54',120,0,20),(2915,9,355,7,0,'',2,0,0,0,2,'2021-10-16 22:43:54','2021-10-16 22:43:54',120,0,20),(2917,9,354,8,0,'',16,0,0,0,16,'2021-10-16 22:43:54','2021-10-16 22:43:54',120,0,20),(2925,10,181,14,5.25,'',0,0,0,0,4,'2021-10-16 22:43:54','2021-10-16 22:43:54',120,0,20),(2926,10,207,14,10.25,'',0,0,2,0,2,'2021-10-16 22:43:54','2021-10-16 22:43:54',120,0,20),(2927,10,209,14,9.625,'',0,0,2,0,2,'2021-10-16 22:43:54','2021-10-16 22:43:54',120,0,20),(2928,10,181,14,8.3125,'',0,0,1,0,3,'2021-10-16 22:43:54','2021-10-16 22:43:54',120,0,20),(2929,10,189,14,8.625,'',0,0,1,0,3,'2021-10-16 22:43:54','2021-10-16 22:43:54',120,0,20),(2930,10,184,14,10.0625,'',0,0,2,0,2,'2021-10-16 22:43:54','2021-10-16 22:43:54',120,0,20),(2931,10,225,14,11.666666666667,'',1,0,3,0,1,'2021-10-16 22:43:54','2021-10-16 22:43:54',120,0,20),(2932,10,217,14,13.875,'',0,0,4,0,0,'2021-10-16 22:43:54','2021-10-16 22:43:54',120,0,20),(2933,10,213,14,9.125,'',0,0,2,2,0,'2021-10-16 22:43:54','2021-10-16 22:43:54',120,0,20),(2935,10,221,14,17,'',0,0,4,0,0,'2021-10-16 22:43:54','2021-10-16 22:43:54',120,0,20),(2936,10,205,14,5.25,'',0,0,0,0,4,'2021-10-16 22:43:54','2021-10-16 22:43:54',120,0,20),(2937,10,223,12,11.25,'',0,0,1,0,1,'2021-10-16 22:43:54','2021-10-16 22:43:54',120,0,20),(2938,10,179,12,11.5,'',0,0,2,0,0,'2021-10-16 22:43:54','2021-10-16 22:43:54',120,0,20),(2939,10,187,12,9.25,'',0,0,1,0,1,'2021-10-16 22:43:54','2021-10-16 22:43:54',120,0,20),(2940,10,203,12,8.5,'',0,0,1,0,1,'2021-10-16 22:43:54','2021-10-16 22:43:54',120,0,20),(2941,10,215,12,6.75,'Le vivre ensemble',0,0,1,1,0,'2021-10-16 22:43:54','2021-10-16 22:43:54',120,0,20),(2942,10,211,12,7.5,'',0,0,1,0,1,'2021-10-16 22:43:54','2021-10-16 22:43:54',120,0,20),(2943,10,177,12,8.5,'',0,0,0,0,2,'2021-10-16 22:43:54','2021-10-16 22:43:54',120,0,20),(2945,10,219,12,17,'',0,0,2,0,0,'2021-10-16 22:43:54','2021-10-16 22:43:54',120,0,20),(2946,10,222,13,13.428571428571,'',0,0,7,0,0,'2021-10-16 22:43:54','2021-10-16 22:43:54',120,0,20),(2947,10,176,13,10.428571428571,'',0,0,6,0,1,'2021-10-16 22:43:54','2021-10-16 22:43:54',120,0,20),(2948,10,178,13,13.5,'',0,0,7,0,0,'2021-10-16 22:43:54','2021-10-16 22:43:54',120,0,20),(2949,10,186,13,10.3,'',2,0,4,0,3,'2021-10-16 22:43:54','2021-10-16 22:43:54',120,0,20),(2950,10,202,13,8.2857142857143,'',0,0,1,0,6,'2021-10-16 22:43:54','2021-10-16 22:43:54',120,0,20),(2951,10,214,13,12,'Le vivre ensemble',0,0,7,0,0,'2021-10-16 22:43:54','2021-10-16 22:43:54',120,0,20),(2952,10,210,13,13.107142857143,'',0,0,7,0,0,'2021-10-16 22:43:54','2021-10-16 22:43:54',120,0,20),(2954,10,204,15,12,'',13,0,1,13,0,'2021-10-16 22:43:54','2021-10-16 22:43:54',120,0,20),(2955,10,206,15,14,'',13,0,1,13,0,'2021-10-16 22:43:54','2021-10-16 22:43:54',120,0,20),(2956,10,185,15,15,'',13,0,1,13,0,'2021-10-16 22:43:54','2021-10-16 22:43:54',120,0,20),(2957,10,224,15,13,'',13,0,1,13,0,'2021-10-16 22:43:54','2021-10-16 22:43:54',120,0,20),(2958,10,216,15,13,'',13,0,1,13,0,'2021-10-16 22:43:54','2021-10-16 22:43:54',120,0,20),(2959,10,180,15,13,'',13,0,1,13,0,'2021-10-16 22:43:54','2021-10-16 22:43:54',120,0,20),(2960,10,188,15,11,'',13,0,1,13,0,'2021-10-16 22:43:54','2021-10-16 22:43:54',120,0,20),(2961,10,212,15,12,'',13,0,1,13,0,'2021-10-16 22:43:54','2021-10-16 22:43:54',120,0,20),(2962,10,208,15,8.6785714285714,'',1,0,5,0,10,'2021-10-16 22:43:54','2021-10-16 22:43:54',120,0,20),(2964,10,220,15,17,'',6,0,8,6,0,'2021-10-16 22:43:54','2021-10-16 22:43:54',120,0,20),(2965,10,157,7,8,'Résoudre les problèmes de la vie',0,0,1,0,1,'2021-10-16 22:43:54','2021-10-16 22:43:54',120,0,20),(2966,10,163,7,15,'Entretient de l\'espace vert',0,0,2,0,0,'2021-10-16 22:43:54','2021-10-16 22:43:54',120,0,20),(2967,10,158,7,4.75,'Utilisation des instruments optiques',0,0,0,2,0,'2021-10-16 22:43:54','2021-10-16 22:43:54',120,0,20),(2968,10,159,7,6.25,'classification qualitative des couples redox',0,0,0,2,0,'2021-10-16 22:43:54','2021-10-16 22:43:54',120,0,20),(2969,10,155,7,10,'Maîtrise de la langue française',0,0,1,0,1,'2021-10-16 22:43:54','2021-10-16 22:43:54',120,0,20),(2970,10,156,7,9,'',0,0,1,0,1,'2021-10-16 22:43:54','2021-10-16 22:43:54',120,0,20),(2971,10,154,7,11,'moderniser les pratiques de production',0,0,2,0,0,'2021-10-16 22:43:54','2021-10-16 22:43:54',120,0,20),(2972,10,153,7,9,'bannir les exécutions extrajudiciaires',0,0,1,0,1,'2021-10-16 22:43:54','2021-10-16 22:43:54',120,0,20),(2973,10,153,7,9,'bannir les exécutions extrajudiciaires',0,0,2,0,2,'2021-10-16 22:43:54','2021-10-16 22:43:54',120,0,20),(2974,10,162,7,11.75,'Le vivre ensemble',0,0,2,0,0,'2021-10-16 22:43:54','2021-10-16 22:43:54',120,0,20),(2975,10,161,7,13,'Déficience du système immunitaire',0,0,2,0,0,'2021-10-16 22:43:54','2021-10-16 22:43:54',120,0,20),(2976,10,152,7,12,'using language for protecting environnement',0,0,2,0,0,'2021-10-16 22:43:54','2021-10-16 22:43:54',120,0,20),(2977,10,355,7,11.75,'notion préliminaire en philosophie',0,0,2,0,0,'2021-10-16 22:43:54','2021-10-16 22:43:54',120,0,20),(2979,10,172,8,7.75,'Le flux d\'énergie des écosystemes',4,0,2,0,14,'2021-10-16 22:43:54','2021-10-16 22:43:54',120,0,20),(2981,10,356,8,2.2857142857143,'flux d\'énergie des écosystèmes',2,0,0,0,16,'2021-10-16 22:43:54','2021-10-16 22:43:54',120,0,20),(2982,10,166,8,9.0769230769231,'Maîtrise de la langue française',3,0,6,0,10,'2021-10-16 22:43:54','2021-10-16 22:43:54',120,0,20),(2983,10,165,8,8.3461538461538,'Maitrise de  la langue francaise',3,0,4,12,0,'2021-10-16 22:43:54','2021-10-16 22:43:54',120,0,20),(2984,10,169,8,4.1785714285714,'Résoudre les problèmes liés aux fonctions',2,0,1,0,15,'2021-10-16 22:43:54','2021-10-16 22:43:54',120,0,20),(2985,10,175,8,15.2,'Entretient de l\'espace vert',1,0,14,0,2,'2021-10-16 22:43:54','2021-10-16 22:43:54',120,0,20),(2986,10,175,8,15.2,'Entretient de l\'espace vert',2,0,28,0,4,'2021-10-16 22:43:54','2021-10-16 22:43:54',120,0,20),(2987,10,174,8,9.09375,'Le vivre ensemble',0,0,12,4,0,'2021-10-16 22:43:54','2021-10-16 22:43:54',120,0,20),(2988,10,168,8,9.6071428571429,'Bannir les exécutions extrajudiciaires',2,0,10,0,6,'2021-10-16 22:43:54','2021-10-16 22:43:54',120,0,20),(2989,10,170,8,3.3181818181818,'Utilisation des instruments optiques',5,0,0,16,0,'2021-10-16 22:43:54','2021-10-16 22:43:54',120,0,20),(2990,10,171,8,8.8181818181818,'classification qualitative des couples redox',5,0,3,13,0,'2021-10-16 22:43:54','2021-10-16 22:43:54',120,0,20),(2991,10,354,8,6.6153846153846,'notion préliminaire en philosophie',3,0,2,0,14,'2021-10-16 22:43:54','2021-10-16 22:43:54',120,0,20),(2992,10,164,8,10.40625,'Talk about protecting environnement',0,0,12,4,0,'2021-10-16 22:43:54','2021-10-16 22:43:54',120,0,20),(2993,10,167,8,10.461538461538,'protection,promotion et revendication des droits',3,0,8,0,8,'2021-10-16 22:43:54','2021-10-16 22:43:54',120,0,20),(2994,10,140,6,13.076923076923,'Entretient de l\'espace vert',0,0,10,3,0,'2021-10-16 22:43:54','2021-10-16 22:43:54',120,0,20),(2995,10,314,6,5.0454545454545,'notion préliminaire en philosophie',2,0,0,0,13,'2021-10-16 22:43:54','2021-10-16 22:43:54',120,0,20),(2996,10,139,6,8.5769230769231,'Le vivre ensemble',0,0,9,4,0,'2021-10-16 22:43:54','2021-10-16 22:43:54',120,0,20),(2997,10,130,6,7.9230769230769,'Bannir les exécutions extrajudiciaires',0,0,9,0,4,'2021-10-16 22:43:54','2021-10-16 22:43:54',120,0,20),(2998,10,134,6,3.5384615384615,'Résoudre les problèmes de la vie',0,0,0,0,13,'2021-10-16 22:43:54','2021-10-16 22:43:54',120,0,20),(2999,10,131,6,5.5384615384615,'protection,promotion et revendication des droits',0,0,2,0,11,'2021-10-16 22:43:54','2021-10-16 22:43:54',120,0,20),(3000,10,129,6,8.5,'Résoudre les problèmes liés monde rural',0,0,8,0,5,'2021-10-16 22:43:54','2021-10-16 22:43:54',120,0,20),(3001,10,35,6,10.090909090909,'use language to talk about protecting environment',2,0,10,0,3,'2021-10-16 22:43:54','2021-10-16 22:43:54',120,0,20),(3002,10,132,6,6.9615384615385,'Maîtrise de la langue française',0,0,4,0,9,'2021-10-16 22:43:54','2021-10-16 22:43:54',120,0,20),(3003,10,133,6,6.3181818181818,'Maitrise de  la langue francaise',2,0,2,11,0,'2021-10-16 22:43:54','2021-10-16 22:43:54',120,0,20),(3004,10,136,6,7.8653846153846,'Lutte contre les allergies',0,0,4,0,9,'2021-10-16 22:43:54','2021-10-16 22:43:54',120,0,20),(3005,10,141,21,14.166666666667,'Entretient de l\'espace vert',0,0,5,0,1,'2021-10-16 22:43:54','2021-10-16 22:43:54',120,0,20),(3006,10,142,21,8.0833333333333,'Le vivre ensemble',0,0,4,2,0,'2021-10-16 22:43:54','2021-10-16 22:43:54',120,0,20),(3007,10,151,21,8.5833333333333,'use language to talk about protecting environment',0,0,5,0,1,'2021-10-16 22:43:54','2021-10-16 22:43:54',120,0,20),(3008,10,148,21,6.5,'protection,promotion et revendication des droits',0,0,0,0,6,'2021-10-16 22:43:54','2021-10-16 22:43:54',120,0,20),(3009,10,315,21,6.5,'L\'importance de la philosophie dans la societe',0,0,2,0,4,'2021-10-16 22:43:54','2021-10-16 22:43:54',120,0,20),(3010,10,150,21,10.541666666667,'Etre capable de faire les achats',0,0,5,0,1,'2021-10-16 22:43:54','2021-10-16 22:43:54',120,0,20),(3011,10,149,21,8.1666666666667,'bannir les exécutions extrajudiciaires',0,0,3,0,3,'2021-10-16 22:43:54','2021-10-16 22:43:54',120,0,20),(3012,10,148,21,6.5,'protection,promotion et revendication des droits',0,0,0,0,6,'2021-10-16 22:43:54','2021-10-16 22:43:54',120,0,20),(3013,10,144,21,3.2083333333333,'Résoudre les problèmes de la vie',0,0,0,0,6,'2021-10-16 22:43:54','2021-10-16 22:43:54',120,0,20),(3014,10,226,21,10.083333333333,'Lutte contre les allergies',0,0,5,0,1,'2021-10-16 22:43:54','2021-10-16 22:43:54',120,0,20),(3015,10,148,21,6.5,'protection,promotion et revendication des droits',0,0,0,0,6,'2021-10-16 22:43:54','2021-10-16 22:43:54',120,0,20),(3016,10,147,21,7.25,'Maîtrise de la langue française',0,0,2,0,4,'2021-10-16 22:43:54','2021-10-16 22:43:54',120,0,20),(3017,10,146,21,3.9166666666667,'Maitrise de  la langue francaise',0,0,0,6,0,'2021-10-16 22:43:54','2021-10-16 22:43:54',120,0,20),(3018,10,308,26,15.111111111111,'L\'entretient de l\'espace vert',0,0,8,0,1,'2021-10-16 22:43:54','2021-10-16 22:43:54',120,0,20),(3020,10,312,26,12.444444444444,'Traitement de texte',0,0,6,0,3,'2021-10-16 22:43:54','2021-10-16 22:43:54',120,0,20),(3021,10,121,11,11.363636363636,'Traitement de texte',1,0,7,0,5,'2021-10-16 22:43:54','2021-10-16 22:43:54',120,0,20),(3022,10,109,10,12.4,'Traitement de texte',4,0,8,0,6,'2021-10-16 22:43:54','2021-10-16 22:43:54',120,0,20),(3023,10,92,9,15.055555555556,'Traitement de texte',0,0,9,0,0,'2021-10-16 22:43:54','2021-10-16 22:43:54',120,0,20),(3024,10,160,7,0,'Les algorithmes',2,0,0,2,0,'2021-10-16 22:43:54','2021-10-16 22:43:54',120,0,20),(3025,10,173,8,13.7,'Programmer en html',1,0,13,3,0,'2021-10-16 22:43:54','2021-10-16 22:43:54',120,0,20),(3026,10,137,6,11.346153846154,'Programmer en html',0,0,10,0,3,'2021-10-16 22:43:54','2021-10-16 22:43:54',120,0,20),(3027,10,143,21,12.666666666667,'Programmer en html',0,0,5,0,1,'2021-10-16 22:43:54','2021-10-16 22:43:54',120,0,20),(3028,10,177,12,14.42,'',0,0,2,0,0,'2021-10-16 22:43:54','2021-10-16 22:43:54',120,0,20),(3029,10,198,13,14.571428571429,'Programmation web',0,0,7,0,0,'2021-10-16 22:43:54','2021-10-16 22:43:54',120,0,20),(3030,10,181,14,17.65625,'',0,0,4,0,0,'2021-10-16 22:43:54','2021-10-16 22:43:54',120,0,20),(3031,10,200,15,0,'',13,0,0,14,0,'2021-10-16 22:43:54','2021-10-16 22:43:54',120,0,20),(3032,10,219,12,17,'',0,0,2,0,0,'2021-10-16 22:43:54','2021-10-16 22:43:54',120,0,20),(3033,10,218,13,17,'',0,0,7,0,0,'2021-10-16 22:43:54','2021-10-16 22:43:54',120,0,20),(3034,10,201,14,17.65625,'',0,0,4,0,0,'2021-10-16 22:43:54','2021-10-16 22:43:54',120,0,20),(3035,10,199,12,14.42,'Programmation web',0,0,2,0,0,'2021-10-16 22:43:54','2021-10-16 22:43:54',120,0,20),(3036,10,200,15,15,'',13,0,1,13,0,'2021-10-16 22:43:54','2021-10-16 22:43:54',120,0,20),(3037,10,309,26,7.1111111111111,'Calcul,produits scalaires',0,0,4,5,0,'2021-10-16 22:43:54','2021-10-16 22:43:54',120,0,20),(3038,10,310,26,8.2222222222222,'Maitrise du rayon lumineux',0,0,4,0,5,'2021-10-16 22:43:54','2021-10-16 22:43:54',120,0,20),(3039,10,311,26,6.2222222222222,'manipulation des solutions aqueuses',0,0,2,0,7,'2021-10-16 22:43:54','2021-10-16 22:43:54',120,0,20),(3040,10,313,26,10.472222222222,'Lutte contre les allergies',0,0,5,0,4,'2021-10-16 22:43:54','2021-10-16 22:43:54',120,0,20),(3041,10,302,26,8.4444444444444,'Identify problems related to drugs',0,0,5,0,4,'2021-10-16 22:43:54','2021-10-16 22:43:54',120,0,20),(3042,10,303,26,9.5555555555556,'Maîtrise de la langue française',0,0,6,0,3,'2021-10-16 22:43:54','2021-10-16 22:43:54',120,0,20),(3043,10,304,26,6.8888888888889,'Maitrise de  la langue francaise',0,0,2,7,0,'2021-10-16 22:43:54','2021-10-16 22:43:54',120,0,20),(3044,10,305,26,9.0555555555556,'Meilleure insertion dans la vie économique',0,0,4,0,5,'2021-10-16 22:43:54','2021-10-16 22:43:54',120,0,20),(3045,10,306,26,10,'les faits physiques de son environnement',0,0,6,0,3,'2021-10-16 22:43:54','2021-10-16 22:43:54',120,0,20),(3046,10,307,26,11.666666666667,'Le vivre ensemble',0,0,8,1,0,'2021-10-16 22:43:54','2021-10-16 22:43:54',120,0,20),(3047,10,117,11,4.6875,'Identify problems related to drugs',0,0,2,0,10,'2021-10-16 22:43:54','2021-10-16 22:43:54',120,0,20),(3048,10,122,11,4.7916666666667,'calcul produit scalaire',0,0,1,0,11,'2021-10-16 22:43:54','2021-10-16 22:43:54',120,0,20),(3049,10,123,11,7.1666666666667,'Maitrise du rayon lumineux',0,0,1,0,11,'2021-10-16 22:43:54','2021-10-16 22:43:54',120,0,20),(3050,10,126,11,9.375,'Lutte contre les allergies',0,0,4,0,8,'2021-10-16 22:43:54','2021-10-16 22:43:54',120,0,20),(3051,10,116,11,7.625,'Identify problems related to drugs',0,0,3,0,9,'2021-10-16 22:43:54','2021-10-16 22:43:54',120,0,20),(3052,10,118,11,8.6,'insertion dans la vie économique',2,0,5,0,7,'2021-10-16 22:43:54','2021-10-16 22:43:54',120,0,20),(3053,10,120,11,9.9166666666667,'les faits physiques de son environnement',0,0,10,0,2,'2021-10-16 22:43:54','2021-10-16 22:43:54',120,0,20),(3054,10,125,11,7.8333333333333,'Maîtrise de la langue française',0,0,5,7,0,'2021-10-16 22:43:54','2021-10-16 22:43:54',120,0,20),(3055,10,124,11,5.2916666666667,'Maitrise de  la langue francaise',0,0,0,12,0,'2021-10-16 22:43:54','2021-10-16 22:43:54',120,0,20),(3056,10,119,11,11.083333333333,'Le vivre ensemble',0,0,10,2,0,'2021-10-16 22:43:54','2021-10-16 22:43:54',120,0,20),(3057,10,127,11,15.583333333333,'Entretient de l\'espace vert',0,0,11,0,1,'2021-10-16 22:43:54','2021-10-16 22:43:54',120,0,20),(3060,10,114,9,17,'Entretient de l\'espace vert',0,0,9,0,0,'2021-10-16 22:43:54','2021-10-16 22:43:54',120,0,20),(3061,10,98,9,11.388888888889,'le vivre ensemble',0,0,8,0,1,'2021-10-16 22:43:54','2021-10-16 22:43:54',120,0,20),(3062,10,112,9,8.4444444444444,'Lutte contre les allergies',0,0,2,0,7,'2021-10-16 22:43:54','2021-10-16 22:43:54',120,0,20),(3063,10,110,9,11.888888888889,'Resolution des équations',0,0,7,0,2,'2021-10-16 22:43:54','2021-10-16 22:43:54',120,0,20),(3064,10,228,9,10.555555555556,'La logique en philosophie',0,0,6,0,3,'2021-10-16 22:43:54','2021-10-16 22:43:54',120,0,20),(3065,10,106,9,11,'les faits physiques de son environnement',0,0,8,0,1,'2021-10-16 22:43:54','2021-10-16 22:43:54',120,0,20),(3066,10,102,9,7.1111111111111,'Maitrise de  la langue francaise',0,0,2,7,0,'2021-10-16 22:43:54','2021-10-16 22:43:54',120,0,20),(3067,10,101,9,9.7222222222222,'Maîtrise de la langue française',0,0,6,0,3,'2021-10-16 22:43:54','2021-10-16 22:43:54',120,0,20),(3068,10,96,9,10.611111111111,'insertion dans la vie économique',0,0,8,0,1,'2021-10-16 22:43:54','2021-10-16 22:43:54',120,0,20),(3069,10,92,9,11.555555555556,'hygiène de vie saine',0,0,7,0,2,'2021-10-16 22:43:54','2021-10-16 22:43:54',120,0,20),(3070,10,94,9,10.722222222222,'Identify problems related to drugs',0,0,6,0,3,'2021-10-16 22:43:54','2021-10-16 22:43:54',120,0,20),(3071,10,108,9,15.055555555556,'Traitement de texte',0,0,9,0,0,'2021-10-16 22:43:54','2021-10-16 22:43:54',120,0,20),(3072,10,91,2,17,'Entretient de l\'espace vert',0,0,74,0,0,'2021-10-16 22:43:54','2021-10-16 22:43:54',120,0,20),(3073,10,91,2,17,'Entretient de l\'espace vert',0,0,148,0,0,'2021-10-16 22:43:54','2021-10-16 22:43:54',120,0,20),(3074,10,82,2,15.397260273973,'confection des objets d\'ornement',1,0,73,0,1,'2021-10-16 22:43:54','2021-10-16 22:43:54',120,0,20),(3075,10,81,2,15.430555555556,'le vivre ensemble',2,0,73,0,1,'2021-10-16 22:43:54','2021-10-16 22:43:54',120,0,20),(3076,10,90,2,10.861111111111,'Determination des volumes',2,0,47,0,27,'2021-10-16 22:43:54','2021-10-16 22:43:54',120,0,20),(3077,10,89,2,11.232876712329,'Décimaux et cercles pour résoudre les problèmes',1,0,54,0,20,'2021-10-16 22:43:54','2021-10-16 22:43:54',120,0,20),(3078,10,87,2,16.331081081081,'Protection de l\'environnement',0,0,73,0,1,'2021-10-16 22:43:54','2021-10-16 22:43:54',120,0,20),(3079,10,80,2,13.324324324324,'conseiller les parents pour éviter le divorce',0,0,67,0,7,'2021-10-16 22:43:54','2021-10-16 22:43:54',120,0,20),(3080,10,79,2,10.849315068493,'Lire et écrire correctement ',1,0,46,28,0,'2021-10-16 22:43:54','2021-10-16 22:43:54',120,0,20),(3081,10,83,2,6.7567567567568,'Produire un texte écrit',0,0,20,0,54,'2021-10-16 22:43:54','2021-10-16 22:43:54',120,0,20),(3082,10,84,2,7.6619718309859,'Assimiler les régles d\'accord',3,0,22,52,0,'2021-10-16 22:43:54','2021-10-16 22:43:54',120,0,20),(3083,10,85,2,10.336956521739,'Assimiler les régles d\'accord',5,0,56,18,0,'2021-10-16 22:43:54','2021-10-16 22:43:54',120,0,20),(3084,10,86,2,8.1385135135135,'Assimiler les régles d\'accord',0,0,25,49,0,'2021-10-16 22:43:54','2021-10-16 22:43:54',120,0,20),(3085,10,2,5,6.5384615384615,'Climate,maintening hygene and sanitation',1,0,1,0,13,'2021-10-16 22:43:54','2021-10-16 22:43:54',120,0,20),(3086,10,2,5,14.346153846154,'protéger son environnement',1,0,13,0,1,'2021-10-16 22:43:54','2021-10-16 22:43:54',120,0,20),(3087,10,6,5,12.576923076923,'Accroitre la production animale',1,0,12,0,2,'2021-10-16 22:43:54','2021-10-16 22:43:54',120,0,20),(3088,10,8,5,13.038461538462,'Consommateur ,producteur responsable',1,0,13,0,1,'2021-10-16 22:43:54','2021-10-16 22:43:54',120,0,20),(3089,10,10,5,7.8076923076923,'Consommateur et producteur responsable',1,0,1,0,13,'2021-10-16 22:43:54','2021-10-16 22:43:54',120,0,20),(3090,10,32,5,11.708333333333,'exécuter un raccommodage sur un vetement',2,0,9,0,5,'2021-10-16 22:43:54','2021-10-16 22:43:54',120,0,20),(3091,10,28,5,13.615384615385,'le vivre ensemble',1,0,13,0,1,'2021-10-16 22:43:54','2021-10-16 22:43:54',120,0,20),(3092,10,26,5,17,'Entretient de l\'espace vert',0,0,14,0,0,'2021-10-16 22:43:54','2021-10-16 22:43:54',120,0,20),(3093,10,24,5,9.6666666666667,'lutte contre les microoganismes pathogenes',2,0,5,0,9,'2021-10-16 22:43:54','2021-10-16 22:43:54',120,0,20),(3094,10,22,5,7.9230769230769,'connaissance des moteurs',1,0,2,0,12,'2021-10-16 22:43:54','2021-10-16 22:43:54',120,0,20),(3095,10,20,5,5.4615384615385,'Cercles,Thales  et trigonométrie',1,0,1,0,13,'2021-10-16 22:43:54','2021-10-16 22:43:54',120,0,20),(3096,10,3,5,14.346153846154,'protéger son environnement',1,0,13,0,1,'2021-10-16 22:43:54','2021-10-16 22:43:54',120,0,20),(3097,10,30,5,10.458333333333,'Consommateur et producteur responsable',2,0,7,0,7,'2021-10-16 22:43:54','2021-10-16 22:43:54',120,0,20),(3098,10,14,5,13,'esprit démocratique et vie associative',2,0,12,0,2,'2021-10-16 22:43:54','2021-10-16 22:43:54',120,0,20),(3099,10,12,5,6.4166666666667,'Consommateur et producteur responsable',2,0,3,0,11,'2021-10-16 22:43:54','2021-10-16 22:43:54',120,0,20),(3100,10,33,16,9.5405405405405,'exécuter un raccommodage sur un vetement',4,0,24,0,17,'2021-10-16 22:43:54','2021-10-16 22:43:54',120,0,20),(3101,10,33,16,9.0512820512821,'exécuter un raccommodage sur un vetement',4,0,48,0,34,'2021-10-16 22:43:54','2021-10-16 22:43:54',120,0,20),(3102,10,29,16,11.910256410256,'le vivre ensemble',2,0,34,0,7,'2021-10-16 22:43:54','2021-10-16 22:43:54',120,0,20),(3103,10,27,16,19.926829268293,'Entretient de l\'espace vert',0,0,39,2,0,'2021-10-16 22:43:54','2021-10-16 22:43:54',120,0,20),(3104,10,25,16,8.1666666666667,'les microorganismes pathogènes',5,0,12,0,29,'2021-10-16 22:43:54','2021-10-16 22:43:54',120,0,20),(3105,10,23,16,6.2631578947368,'connaissance des moteurs',3,0,3,38,0,'2021-10-16 22:43:54','2021-10-16 22:43:54',120,0,20),(3106,10,25,16,8,'les microorganismes pathogènes',4,0,12,29,0,'2021-10-16 22:43:54','2021-10-16 22:43:54',120,0,20),(3107,10,4,16,4.5121951219512,'Climate,maintening hygene and sanitation',0,0,1,0,40,'2021-10-16 22:43:54','2021-10-16 22:43:54',120,0,20),(3108,10,5,16,9.4512195121951,'parler de l\'activité économique',0,0,23,0,18,'2021-10-16 22:43:54','2021-10-16 22:43:54',120,0,20),(3109,10,7,16,10.524390243902,'Accoitre la production animale ',0,0,30,0,11,'2021-10-16 22:43:54','2021-10-16 22:43:54',120,0,20),(3110,10,21,16,4.0243902439024,'Cercles,Thales  et trigonométrie',0,0,0,0,41,'2021-10-16 22:43:54','2021-10-16 22:43:54',120,0,20),(3111,10,15,16,9.325,'L\'esprit démocratique et la vie associative',1,0,25,0,16,'2021-10-16 22:51:30','2021-10-16 22:51:30',120,0,20),(3112,10,9,16,9.9634146341463,'Consommateur et producteur responsable',0,0,33,0,8,'2021-10-16 22:51:30','2021-10-16 22:51:30',120,0,20),(3113,10,11,16,5.4756097560976,'Consommateur et producteur responsable',0,0,4,0,37,'2021-10-16 22:51:30','2021-10-16 22:51:30',120,0,20),(3114,10,13,16,6.6829268292683,'Consommateur et producteur responsable',0,0,6,0,35,'2021-10-16 22:51:30','2021-10-16 22:51:30',120,0,20),(3115,10,31,16,8.8421052631579,'Consommateur et producteur responsable',3,0,23,0,18,'2021-10-16 22:51:30','2021-10-16 22:51:30',120,0,20),(3116,10,18,5,13.384615384615,'les unités de mesures en informatique',1,0,12,0,2,'2021-10-16 22:51:30','2021-10-16 22:51:30',120,0,20),(3117,10,19,16,10.5375,'les unités de mesures en informatique',1,0,23,0,18,'2021-10-16 22:51:30','2021-10-16 22:51:30',120,0,20),(3118,10,88,2,14.939285714286,'Raisonnement étape par étape',4,0,67,0,7,'2021-10-16 22:51:30','2021-10-16 22:51:30',120,0,20),(3119,10,115,10,17,'Entretient de l\'espace vert',0,0,14,0,0,'2021-10-16 22:51:30','2021-10-16 22:51:30',120,0,20),(3120,9,33,16,12.625,'',5,0,29,0,12,'2021-10-16 22:51:30','2021-10-16 22:51:30',120,0,20),(3121,9,29,16,10.907894736842,'',3,0,34,0,7,'2021-10-16 22:51:30','2021-10-16 22:51:30',120,0,20),(3122,10,32,5,10.035714285714,'raccommodage sur les vètements',0,0,9,5,0,'2021-10-16 22:51:30','2021-10-16 22:51:30',120,0,20),(3123,10,28,5,12.642857142857,'Le vivre ensemble',0,0,13,1,0,'2021-10-16 22:51:30','2021-10-16 22:51:30',120,0,20),(3124,9,28,5,11.678571428571,'',0,0,13,0,1,'2021-10-16 22:51:30','2021-10-16 22:51:30',120,0,20),(3125,9,32,5,13.25,'',0,0,11,0,3,'2021-10-16 22:51:30','2021-10-16 22:51:30',120,0,20),(3127,10,99,10,3.3571428571429,'le vivre ensemble',0,0,3,0,11,'2021-10-16 22:51:30','2021-10-16 22:51:30',120,0,20),(3128,10,113,10,5,'amélioration de la santé',0,0,0,0,14,'2021-10-16 22:51:30','2021-10-16 22:51:30',120,0,20),(3129,10,111,10,5.2857142857143,'Résolution des équations',0,0,5,0,9,'2021-10-16 22:51:30','2021-10-16 22:51:30',120,0,20),(3130,10,227,10,8.4107142857143,'La logique en philosophie',0,0,8,0,6,'2021-10-16 22:51:30','2021-10-16 22:51:30',120,0,20),(3131,10,107,10,8.2142857142857,'les faits physiques de son environnement',0,0,8,0,6,'2021-10-16 22:51:30','2021-10-16 22:51:30',120,0,20),(3132,10,103,10,4.9642857142857,'Maitrise de  la langue francaise',0,0,1,13,0,'2021-10-16 22:51:30','2021-10-16 22:51:30',120,0,20),(3133,10,100,10,7.2857142857143,'Maîtrise de la langue française',0,0,4,0,10,'2021-10-16 22:51:30','2021-10-16 22:51:30',120,0,20),(3134,10,95,10,8.9285714285714,'Identify problems related to drugs',0,0,8,0,6,'2021-10-16 22:51:30','2021-10-16 22:51:30',120,0,20),(3135,10,93,10,8.0714285714286,'parler de la vie économique',0,0,10,0,4,'2021-10-16 22:51:30','2021-10-16 22:51:30',120,0,20),(3136,10,97,10,4.2142857142857,'insertion dans la vie économique',0,0,3,0,11,'2021-10-16 22:51:30','2021-10-16 22:51:30',120,0,20),(3137,10,64,3,17,'Entretient de l\'espace vert',0,0,23,0,0,'2021-10-16 22:51:30','2021-10-16 22:51:30',120,0,20),(3138,10,44,3,13.978260869565,'confection des objets d\'ornement',0,0,20,0,3,'2021-10-16 22:51:30','2021-10-16 22:51:30',120,0,20),(3139,10,42,3,12.652173913043,'le vivre ensemble',0,0,21,0,2,'2021-10-16 22:51:30','2021-10-16 22:51:30',120,0,20),(3140,10,62,3,7.195652173913,'les accidents de l\'appareil moteur',0,0,5,0,18,'2021-10-16 22:51:30','2021-10-16 22:51:30',120,0,20),(3141,10,60,3,8.8260869565217,'la perspective cavalière',0,0,11,0,12,'2021-10-16 22:51:30','2021-10-16 22:51:30',120,0,20),(3142,10,58,3,8.5681818181818,'Resolution des équations',1,0,7,0,16,'2021-10-16 22:51:30','2021-10-16 22:51:30',120,0,20),(3145,10,320,24,15,'Good mastery of subject matter',4,0,9,4,0,'2021-10-16 22:51:30','2021-10-16 22:51:30',120,0,20),(3146,10,331,24,12.4375,'Maitrise de la langue francaise',1,0,11,0,2,'2021-10-16 22:51:30','2021-10-16 22:51:30',120,0,20),(3147,10,333,24,9.25,'Writing',1,0,6,0,7,'2021-10-16 22:51:30','2021-10-16 22:51:30',120,0,20),(3148,10,334,24,9.25,'Reading and writing',1,0,9,0,4,'2021-10-16 22:51:30','2021-10-16 22:51:30',120,0,20),(3149,10,335,24,9.8888888888889,'United nations organisation',4,0,6,7,0,'2021-10-16 22:51:30','2021-10-16 22:51:30',120,0,20),(3150,10,337,24,6.9,'Protection of environment',3,0,3,0,10,'2021-10-16 22:51:30','2021-10-16 22:51:30',120,0,20),(3151,10,339,24,11.866666666667,'Protection of national values',7,0,6,7,0,'2021-10-16 22:51:30','2021-10-16 22:51:30',120,0,20),(3152,10,357,24,15.75,'Good mastery of subject matter',1,0,12,0,1,'2021-10-16 22:51:30','2021-10-16 22:51:30',120,0,20),(3153,10,341,24,0,'Periphical devices and motherboard',13,0,0,13,0,'2021-10-16 22:51:30','2021-10-16 22:51:30',120,0,20),(3154,10,320,24,11,'conservation of écosysteme',9,0,3,0,10,'2021-10-16 22:51:30','2021-10-16 22:51:30',120,0,20),(3155,10,342,24,11,'conservation of écosysteme',9,0,3,0,10,'2021-10-16 22:51:30','2021-10-16 22:51:30',120,0,20),(3156,10,330,25,11.65,' maitrise de la langue francaise',0,0,4,0,1,'2021-10-16 22:51:30','2021-10-16 22:51:30',120,0,20),(3157,10,332,25,9.625,'Writing',1,0,3,0,2,'2021-10-16 22:51:30','2021-10-16 22:51:30',120,0,20),(3158,10,336,25,4.8,'Protection of environment',0,0,0,0,5,'2021-10-16 22:51:30','2021-10-16 22:51:30',120,0,20),(3159,10,338,25,0,'protection of national values',5,0,0,5,0,'2021-10-16 22:51:30','2021-10-16 22:51:30',120,0,20),(3160,10,360,25,0,'insurance and policies',5,0,0,0,5,'2021-10-16 22:51:30','2021-10-16 22:51:30',120,0,20),(3161,10,318,25,9.25,'conservation of écosysteme',1,0,2,0,3,'2021-10-16 22:51:30','2021-10-16 22:51:30',120,0,20),(3162,10,326,25,5.5,'Good mastery of subject',1,0,1,4,0,'2021-10-16 22:51:30','2021-10-16 22:51:30',120,0,20),(3163,10,340,25,12,' peripherical devices and motherboard',4,0,1,0,4,'2021-10-16 22:51:30','2021-10-16 22:51:30',120,0,20),(3164,10,358,25,12,'Good mastery of subject matter',0,0,5,0,0,'2021-10-16 22:51:30','2021-10-16 22:51:30',120,0,20),(3165,10,359,25,7,'principle fo deseases',0,0,3,0,2,'2021-10-16 22:51:30','2021-10-16 22:51:30',120,0,20),(3166,10,327,25,8.8,'alkenes and alkynes',0,0,4,0,1,'2021-10-16 22:51:30','2021-10-16 22:51:30',120,0,20),(3167,10,234,4,10.090909090909,'protection of nationals values',1,0,8,0,4,'2021-10-16 22:51:30','2021-10-16 22:51:30',120,0,20),(3168,10,260,4,9.175,'Parler des besoins de la vie',2,0,4,0,8,'2021-10-16 22:51:30','2021-10-16 22:51:30',120,0,20),(3169,10,261,4,7.3333333333333,'Reading and writing',0,0,6,0,6,'2021-10-16 22:51:30','2021-10-16 22:51:30',120,0,20),(3170,10,262,4,8.7,'SCRAMBLE FOR AFRICA',2,0,4,0,8,'2021-10-16 22:51:30','2021-10-16 22:51:30',120,0,20),(3171,10,270,4,7.0909090909091,'Scramble for africa',1,0,4,8,0,'2021-10-16 22:51:30','2021-10-16 22:51:30',120,0,20),(3172,10,271,4,11.727272727273,'Change in demand and quality demanded',1,0,10,0,2,'2021-10-16 22:51:30','2021-10-16 22:51:30',120,0,20),(3173,10,272,4,10.333333333333,'type of retaillers and wholesalers',3,0,8,0,4,'2021-10-16 22:51:30','2021-10-16 22:51:30',120,0,20),(3174,10,233,4,9.4583333333333,'le vivre ensemble',0,0,8,0,4,'2021-10-16 22:51:30','2021-10-16 22:51:30',120,0,20),(3175,10,300,4,14.166666666667,'Sweeping',0,0,10,0,2,'2021-10-16 22:51:30','2021-10-16 22:51:30',120,0,20),(3176,10,263,4,2.2083333333333,'Comparing lines and finding terms',0,0,0,0,12,'2021-10-16 22:51:30','2021-10-16 22:51:30',120,0,20),(3177,10,266,4,7.7272727272727,'Respect for purity of air',1,0,4,0,8,'2021-10-16 22:51:30','2021-10-16 22:51:30',120,0,20),(3178,10,267,4,9.6363636363636,'the legal basicof privacy and security',1,0,9,3,0,'2021-10-16 22:51:30','2021-10-16 22:51:30',120,0,20),(3179,10,268,4,8.4583333333333,'Sewage treatment',0,0,6,0,6,'2021-10-16 22:51:30','2021-10-16 22:51:30',120,0,20),(3180,10,269,4,8.7916666666667,'Special pattems of agriculture',0,0,9,0,3,'2021-10-16 22:51:30','2021-10-16 22:51:30',120,0,20),(3181,10,283,23,11.583333333333,'protection of nationals values',1,0,10,0,3,'2021-10-16 22:51:30','2021-10-16 22:51:30',120,0,20),(3182,10,284,23,11.211538461538,'parler de la vie quotidienne',0,0,10,0,3,'2021-10-16 22:51:30','2021-10-16 22:51:30',120,0,20),(3183,10,285,23,9.5,'Reading and writing',1,0,8,0,5,'2021-10-16 22:51:30','2021-10-16 22:51:30',120,0,20),(3184,10,286,23,13.461538461538,'Change in demand and quality demanded',0,0,12,0,1,'2021-10-16 22:51:30','2021-10-16 22:51:30',120,0,20),(3185,10,287,23,13.590909090909,'type of retaillers and wholesalers',2,0,9,0,4,'2021-10-16 22:51:30','2021-10-16 22:51:30',120,0,20),(3186,10,293,23,9.875,'Spacial pattems of agriculture',1,0,7,6,0,'2021-10-16 22:51:30','2021-10-16 22:51:30',120,0,20),(3187,10,265,23,10.923076923077,'',0,0,12,0,1,'2021-10-16 22:51:30','2021-10-16 22:51:30',120,0,20),(3188,10,289,23,12,'The legal pravacy and basic security',0,0,11,2,0,'2021-10-16 22:51:30','2021-10-16 22:51:30',120,0,20),(3189,10,290,23,5.1153846153846,'Comparing lines and finding terms',0,0,2,0,11,'2021-10-16 22:51:30','2021-10-16 22:51:30',120,0,20),(3190,10,291,23,9.0769230769231,'Respect for purity of air',0,0,7,0,6,'2021-10-16 22:51:30','2021-10-16 22:51:30',120,0,20),(3191,10,292,23,11.576923076923,'Sewage treatment',0,0,9,0,4,'2021-10-16 22:51:30','2021-10-16 22:51:30',120,0,20),(3192,10,288,23,11.666666666667,'le vivre ensemble',1,0,10,0,3,'2021-10-16 22:51:30','2021-10-16 22:51:30',120,0,20),(3193,10,264,23,9.6923076923077,'alkales and alkynes',0,0,6,0,7,'2021-10-16 22:51:30','2021-10-16 22:51:30',120,0,20),(3194,10,299,23,15.692307692308,'Sweeping',0,0,12,0,1,'2021-10-16 22:51:30','2021-10-16 22:51:30',120,0,20),(3195,10,298,18,16.260869565217,'Sweeping',0,0,22,0,1,'2021-10-16 22:51:30','2021-10-16 22:51:30',120,0,20),(3196,10,273,18,9.6086956521739,'mieux s\'exprimer et écrire en français',0,0,12,0,11,'2021-10-16 22:51:30','2021-10-16 22:51:30',120,0,20),(3197,10,274,18,7.9090909090909,'Expression',1,0,6,0,17,'2021-10-16 22:51:30','2021-10-16 22:51:30',120,0,20),(3198,10,275,18,7.695652173913,'Expression  and Gesture',0,0,9,0,14,'2021-10-16 22:51:30','2021-10-16 22:51:30',120,0,20),(3199,10,280,18,10.086956521739,'',0,0,14,0,9,'2021-10-16 22:51:30','2021-10-16 22:51:30',120,0,20),(3200,10,281,18,12.826086956522,'Difference viseconomies of scale',0,0,20,0,3,'2021-10-16 22:51:30','2021-10-16 22:51:30',120,0,20),(3201,10,282,18,11.521739130435,'contribution german to war',0,0,15,0,8,'2021-10-16 22:51:30','2021-10-16 22:51:30',120,0,20),(3202,10,361,18,13.113636363636,'proprietorship and partnership',1,0,19,0,4,'2021-10-16 22:51:30','2021-10-16 22:51:30',120,0,20),(3203,10,232,18,10.826086956522,'le vivre ensemble',0,0,19,0,4,'2021-10-16 22:51:30','2021-10-16 22:51:30',120,0,20),(3204,10,276,18,8.5652173913043,'',0,0,13,0,10,'2021-10-16 22:51:30','2021-10-16 22:51:30',120,0,20),(3205,10,277,18,9.2272727272727,'Sulphur and Oxygen',1,0,10,0,13,'2021-10-16 22:51:30','2021-10-16 22:51:30',120,0,20),(3206,10,278,18,12.739130434783,'encourage food préservation',0,0,17,0,6,'2021-10-16 22:51:30','2021-10-16 22:51:30',120,0,20),(3207,10,279,18,9.3636363636364,'Protection of environment',1,0,14,0,9,'2021-10-16 22:51:30','2021-10-16 22:51:30',120,0,20),(3208,10,294,18,11.380952380952,'',2,0,18,0,5,'2021-10-16 22:51:30','2021-10-16 22:51:30',120,0,20),(3209,10,295,18,10.136363636364,'peer to peer Network',1,0,19,0,4,'2021-10-16 22:51:30','2021-10-16 22:51:30',120,0,20),(3210,10,231,19,11.72972972973,'Parler et écrire la langue française',1,0,26,12,0,'2021-10-16 22:51:30','2021-10-16 22:51:30',120,0,20),(3211,10,247,19,11.684210526316,'Reading and writing',0,0,28,10,0,'2021-10-16 22:51:30','2021-10-16 22:51:30',120,0,20),(3212,10,248,19,10.684210526316,'Reading and writing',0,0,23,15,0,'2021-10-16 22:51:30','2021-10-16 22:51:30',120,0,20),(3213,10,230,19,10.697368421053,'Living together',0,0,29,0,9,'2021-10-16 22:51:30','2021-10-16 22:51:30',120,0,20),(3214,10,297,19,20.157894736842,'Sweeping',0,0,36,0,2,'2021-10-16 22:51:30','2021-10-16 22:51:30',120,0,20),(3215,10,255,19,12.371428571429,'software and application software',3,0,32,0,6,'2021-10-16 22:51:30','2021-10-16 22:51:30',120,0,20),(3216,10,254,19,11.824324324324,'Adopt good feeding habits',1,0,24,0,14,'2021-10-16 22:51:30','2021-10-16 22:51:30',120,0,20),(3217,10,251,19,13.605263157895,'',0,0,34,0,4,'2021-10-16 22:51:30','2021-10-16 22:51:30',120,0,20),(3218,10,250,19,10.973684210526,'The periodic table',0,0,27,0,11,'2021-10-16 22:51:30','2021-10-16 22:51:30',120,0,20),(3219,10,250,19,10.973684210526,'The periodic table',0,0,54,0,22,'2021-10-16 22:51:30','2021-10-16 22:51:30',120,0,20),(3220,10,259,19,0,'',38,0,0,0,38,'2021-10-16 22:51:30','2021-10-16 22:51:30',120,0,20),(3221,10,249,19,9.7763157894737,'ANALYSIS OF DATA',0,0,20,18,0,'2021-10-16 22:51:30','2021-10-16 22:51:30',120,0,20),(3222,10,256,19,9.5789473684211,'Occupation of space',0,0,23,0,15,'2021-10-16 22:51:30','2021-10-16 22:51:30',120,0,20),(3223,10,257,19,7.5675675675676,'The spread of chrisianity in cameroon',1,0,15,0,23,'2021-10-16 22:51:30','2021-10-16 22:51:30',120,0,20),(3224,10,258,19,10.083333333333,'Local council area',2,0,21,0,17,'2021-10-16 22:51:30','2021-10-16 22:51:30',120,0,20),(3225,10,197,14,10.125,'',0,0,3,0,1,'2021-10-16 22:51:30','2021-10-16 22:51:30',120,0,20),(3226,10,193,14,15.125,'',0,0,4,0,0,'2021-10-16 22:51:30','2021-10-16 22:51:30',120,0,20),(3227,10,195,12,3.625,'',0,0,0,2,0,'2021-10-16 22:51:30','2021-10-16 22:51:30',120,0,20),(3228,10,191,12,7.75,'',0,0,1,0,1,'2021-10-16 22:51:30','2021-10-16 22:51:30',120,0,20),(3229,10,194,13,6.8928571428571,'',0,0,2,5,0,'2021-10-16 22:51:30','2021-10-16 22:51:30',120,0,20),(3230,10,190,13,10.392857142857,'',0,0,5,0,2,'2021-10-16 22:51:30','2021-10-16 22:51:30',120,0,20),(3231,10,196,15,11,'',13,0,1,13,0,'2021-10-16 22:51:30','2021-10-16 22:51:30',120,0,20),(3232,10,192,15,12,'',13,0,1,13,0,'2021-10-16 22:51:30','2021-10-16 22:51:30',120,0,20),(3233,10,296,20,17,'Entretient de l\'espace vert',0,0,44,0,0,'2021-10-16 22:51:30','2021-10-16 22:51:30',120,0,20),(3234,10,229,20,11.704545454545,'Living together',0,0,39,0,5,'2021-10-16 22:51:30','2021-10-16 22:51:30',120,0,20),(3235,10,246,20,0,'',44,0,0,0,44,'2021-10-16 22:51:30','2021-10-16 22:51:30',120,0,20),(3236,10,242,20,12.511627906977,'The complete computer system',1,0,42,0,2,'2021-10-16 22:51:30','2021-10-16 22:51:30',120,0,20),(3237,10,241,20,12.636363636364,'RESPECT FOR ENVIRONMENT',0,0,34,0,10,'2021-10-16 22:51:30','2021-10-16 22:51:30',120,0,20),(3238,10,241,20,12.636363636364,'RESPECT FOR ENVIRONMENT',0,0,68,0,20,'2021-10-16 22:51:30','2021-10-16 22:51:30',120,0,20),(3239,10,240,20,14.659090909091,'',0,0,42,0,2,'2021-10-16 22:51:30','2021-10-16 22:51:30',120,0,20),(3240,10,235,20,10.920454545455,'Intégration en milieu francophone',0,0,30,0,14,'2021-10-16 22:51:30','2021-10-16 22:51:30',120,0,20),(3241,10,236,20,9.3863636363636,'Speaking and writing',0,0,23,0,21,'2021-10-16 22:51:30','2021-10-16 22:51:30',120,0,20),(3242,10,237,20,10.045454545455,'Speaking and writing',0,0,20,0,24,'2021-10-16 22:51:30','2021-10-16 22:51:30',120,0,20),(3243,10,243,20,12.636363636364,'Preservation of environment',0,0,41,0,3,'2021-10-16 22:51:30','2021-10-16 22:51:30',120,0,20),(3244,10,244,20,10.318181818182,'safety mesures on the way to school',0,0,29,0,15,'2021-10-16 22:51:30','2021-10-16 22:51:30',120,0,20),(3245,10,238,20,12.744186046512,'Good mastery of subject',1,1,37,6,0,'2021-10-16 22:51:30','2021-10-16 22:51:30',120,0,20),(3246,10,245,20,10.886363636364,'kingdom of black africa',0,0,25,0,19,'2021-10-16 22:51:30','2021-10-16 22:51:30',120,0,20),(3247,10,239,20,11.977272727273,'Air and water',0,0,36,0,8,'2021-10-16 22:51:30','2021-10-16 22:51:30',120,0,20),(3249,10,38,3,7.725,'Reading and writing',3,0,7,0,16,'2021-10-16 22:51:30','2021-10-16 22:51:30',120,0,20),(3250,10,40,3,9.9090909090909,'',1,0,10,0,13,'2021-10-16 22:51:30','2021-10-16 22:51:30',120,0,20),(3251,10,46,3,7.7391304347826,'maîtrise des outils linguistique',0,0,6,0,17,'2021-10-16 22:51:30','2021-10-16 22:51:30',120,0,20),(3252,10,48,3,8.6739130434783,'texte argumentatif',0,0,8,0,15,'2021-10-16 22:51:30','2021-10-16 22:51:30',120,0,20),(3253,10,50,3,9.304347826087,'S\'EXPRIMER ORALEMENT',0,0,13,0,10,'2021-10-16 22:51:30','2021-10-16 22:51:30',120,0,20),(3254,10,52,3,9.0978260869565,'REPONDRE AUX QUESTIONS',0,0,9,0,14,'2021-10-16 22:51:30','2021-10-16 22:51:30',120,0,20),(3255,10,54,3,11.409090909091,'protéger son environnement',1,0,15,0,8,'2021-10-16 22:51:30','2021-10-16 22:51:30',120,0,20),(3256,10,65,17,16.5,'Entretient de l\'espace vert',0,0,33,0,1,'2021-10-16 22:51:30','2021-10-16 22:51:30',120,0,20),(3257,10,45,17,12.234375,'Confection d\'un napperon',2,0,20,0,14,'2021-10-16 22:51:30','2021-10-16 22:51:30',120,0,20),(3258,10,43,17,10.40625,'le vivre ensemble',2,0,22,0,12,'2021-10-16 22:51:30','2021-10-16 22:51:30',120,0,20),(3259,10,63,17,7.46875,'les accidents de l\'appareil moteur',2,0,7,0,27,'2021-10-16 22:51:30','2021-10-16 22:51:30',120,0,20),(3260,10,61,17,8.7983870967742,'perspective cavalière',3,0,14,0,20,'2021-10-16 22:51:30','2021-10-16 22:51:30',120,0,20),(3261,10,59,17,7.5625,'Résolution des équations',2,0,9,0,25,'2021-10-16 22:51:30','2021-10-16 22:51:30',120,0,20),(3262,10,55,17,11.2,'Protéger l\'environnement',4,0,22,0,12,'2021-10-16 22:51:30','2021-10-16 22:51:30',120,0,20),(3263,10,36,17,11.46875,'parler de la vie économique',2,0,23,0,11,'2021-10-16 22:51:30','2021-10-16 22:51:30',120,0,20),(3264,10,39,17,6.640625,'Using language ',2,0,4,30,0,'2021-10-16 22:51:30','2021-10-16 22:51:30',120,0,20),(3265,10,41,17,10.09375,'Prévention de la mauvaise gouvernance',2,0,19,0,15,'2021-10-16 22:51:30','2021-10-16 22:51:30',120,0,20),(3266,10,47,17,8.1875,'les outils linguistique',2,0,13,0,21,'2021-10-16 22:51:30','2021-10-16 22:51:30',120,0,20),(3267,10,49,17,9.15625,'S\'exprimer convenablement',2,0,17,0,17,'2021-10-16 22:51:30','2021-10-16 22:51:30',120,0,20),(3268,10,36,17,10.1875,'S\'EXPRIMER ORALEMENT',2,0,23,0,11,'2021-10-16 22:51:30','2021-10-16 22:51:30',120,0,20),(3269,10,53,17,10.015625,'répondre aux questions de la vie courante',2,0,19,0,15,'2021-10-16 22:51:30','2021-10-16 22:51:30',120,0,20),(3270,10,51,17,9.5882352941176,'S\'exprimer convenablement',0,0,23,0,11,'2021-10-16 22:51:30','2021-10-16 22:51:30',120,0,20),(3271,10,78,1,17,'Entretient de l\'espace vert',0,0,44,0,0,'2021-10-16 22:51:30','2021-10-16 22:51:30',120,0,20),(3272,10,68,1,14.761363636364,'le vivre ensemble',0,0,43,0,1,'2021-10-16 22:51:30','2021-10-16 22:51:30',120,0,20),(3273,10,74,1,11.767441860465,'',1,0,32,0,12,'2021-10-16 22:51:30','2021-10-16 22:51:30',120,0,20),(3274,10,73,1,9.3604651162791,'Manipulation de la langue française',1,0,22,0,22,'2021-10-16 22:51:30','2021-10-16 22:51:30',120,0,20),(3275,10,72,1,11.772727272727,'Manipulation de la langue française',0,0,35,0,9,'2021-10-16 22:51:30','2021-10-16 22:51:30',120,0,20),(3276,10,71,1,10.454545454545,'Manipulation de la langue française',0,0,26,0,18,'2021-10-16 22:51:30','2021-10-16 22:51:30',120,0,20),(3277,10,70,1,10.159090909091,'Manipulation de la langue française',0,0,31,0,13,'2021-10-16 22:51:30','2021-10-16 22:51:30',120,0,20),(3278,10,67,1,12.636363636364,'',0,0,39,0,5,'2021-10-16 22:51:30','2021-10-16 22:51:30',120,0,20),(3279,10,75,1,13.75,'Traitement de texte',0,0,41,0,3,'2021-10-16 22:51:30','2021-10-16 22:51:30',120,0,20),(3280,10,76,1,6.7674418604651,'Résolution d\'une équation',1,0,8,0,36,'2021-10-16 22:51:30','2021-10-16 22:51:30',120,0,20),(3281,10,77,1,14.06976744186,'Vitesse moyenne d\'un véhicule',1,0,40,0,4,'2021-10-16 22:51:30','2021-10-16 22:51:30',120,0,20),(3282,10,66,1,10.079545454545,'Using  language to create',0,0,20,0,24,'2021-10-16 22:51:30','2021-10-16 22:51:30',120,0,20),(3283,10,69,1,8.2954545454545,'Confection d\'une boutonnière',0,0,24,0,20,'2021-10-16 22:51:30','2021-10-16 22:51:30',120,0,20),(3284,10,329,24,6.8461538461538,'',0,0,5,8,0,'2021-10-16 22:51:30','2021-10-16 22:51:30',120,0,20),(3285,10,328,25,7.6,'Good mastery of subject',0,0,3,2,0,'2021-10-16 22:51:30','2021-10-16 22:51:30',120,0,20),(3286,10,36,17,14.551470588235,'les reseaux informatiques',0,0,33,0,1,'2021-10-16 22:51:30','2021-10-16 22:51:30',120,0,20),(3290,10,57,17,13.933823529412,'les reseaux informatiques',0,0,32,0,2,'2021-10-16 22:51:30','2021-10-16 22:51:30',120,0,20),(3291,10,37,3,15.75,'les reseaux informatiques',0,0,23,0,0,'2021-10-16 22:51:30','2021-10-16 22:51:30',120,0,20),(3292,10,56,3,81.782608695652,'les reseaux informatiques',0,0,23,0,0,'2021-10-16 22:51:30','2021-10-16 22:51:30',120,0,20),(3293,11,219,12,16,'Entretient de l\'espace vert',0,1,3,0,0,'2021-10-16 22:51:30','2021-10-16 22:51:30',120,0,20),(3294,11,223,12,9,'La femme en ville',0,1,0,0,3,'2021-10-16 22:51:30','2021-10-16 22:51:30',120,0,20),(3295,11,203,12,7,'taux d’intérêt',0,0,1,3,0,'2021-10-16 22:51:30','2021-10-16 22:51:30',120,0,20),(3296,11,191,12,6.375,'prevention de la guerre',0,0,0,1,3,'2021-10-16 22:51:30','2021-10-16 22:51:30',120,0,20),(3297,11,199,12,11.5,'les reseau informatiques',0,1,2,0,1,'2021-10-16 22:51:30','2021-10-16 22:51:30',120,0,20),(3298,11,218,13,16,'Entretient de l\'espace vert',0,0,6,0,0,'2021-10-16 22:51:30','2021-10-16 22:51:30',120,0,20),(3299,11,198,13,12.958333333333,'les reseaux informatiques',0,0,6,0,0,'2021-10-16 22:51:30','2021-10-16 22:51:30',120,0,20),(3300,11,202,13,6.3333333333333,'le taux d\'interet',0,0,2,0,4,'2021-10-16 22:51:30','2021-10-16 22:51:30',120,0,20),(3301,11,190,13,9.3333333333333,'prevention de la guerre',0,0,3,0,3,'2021-10-16 22:51:30','2021-10-16 22:51:30',120,0,20),(3302,11,220,15,16,'Entretient de l\'espace vert',1,1,8,0,0,'2021-10-16 22:51:30','2021-10-16 22:51:30',120,0,20),(3303,11,200,15,10.875,'les reseaux informatiques',1,1,6,2,0,'2021-10-16 22:51:30','2021-10-16 22:51:30',120,0,20),(3304,11,192,15,7.1555555555556,'la prevention de la guerre',0,0,2,1,6,'2021-10-16 22:51:30','2021-10-16 22:51:30',120,0,20),(3305,11,221,14,16,'Entretient de l\'espace vert',0,0,2,0,0,'2021-10-16 22:51:30','2021-10-16 22:51:30',120,0,20),(3306,11,193,14,11,'la prevention de la guerre',0,0,2,0,0,'2021-10-16 22:51:30','2021-10-16 22:51:30',120,0,20),(3307,11,201,14,11.5,'les reseaux informatiques',0,0,2,0,0,'2021-10-16 22:51:30','2021-10-16 22:51:30',120,0,20),(3308,11,115,10,17,'Entretient de l\'espace vert',1,6,7,0,0,'2021-10-16 22:51:30','2021-10-16 22:51:30',120,0,20),(3309,11,99,10,15.222222222222,'Depart ,train,finish',4,5,5,3,0,'2021-10-16 22:51:30','2021-10-16 22:51:30',120,0,20),(3311,11,95,10,8.75,'Using  language ',1,1,4,8,0,'2021-10-16 22:51:30','2021-10-16 22:51:30',120,0,20),(3312,11,111,10,8.3333333333333,'les ensembles',4,1,2,10,0,'2021-10-16 22:51:30','2021-10-16 22:51:30',120,0,20),(3313,11,114,9,18,'Entretient de l\'espace vert',0,1,2,0,0,'2021-10-16 22:51:30','2021-10-16 22:51:30',120,0,20),(3314,11,110,9,8.6666666666667,'les ensembles',0,0,1,1,1,'2021-10-16 22:51:30','2021-10-16 22:51:30',120,0,20),(3315,11,94,9,11.333333333333,'Using  language ',0,1,2,0,0,'2021-10-16 22:51:30','2021-10-16 22:51:30',120,0,20),(3317,11,98,9,15,'Depart ,train,finish',1,0,2,1,0,'2021-10-16 22:51:30','2021-10-16 22:51:30',120,0,20),(3319,11,127,11,17,'Entretient de l\'espace vert',0,0,16,0,0,'2021-10-16 22:51:30','2021-10-16 22:51:30',120,0,20),(3320,11,122,11,5.1875,'les propietes',0,0,0,0,16,'2021-10-16 22:51:30','2021-10-16 22:51:30',120,0,20),(3321,11,116,11,9.4375,'Using  language ',0,0,9,7,0,'2021-10-16 22:51:30','2021-10-16 22:51:30',120,0,20),(3322,11,119,11,16,'Depart ,train,finish',5,0,11,0,5,'2021-10-16 22:51:30','2021-10-16 22:51:30',120,0,20),(3323,11,308,26,17,'Entretient de l\'espace vert',0,6,13,0,0,'2021-10-16 22:51:30','2021-10-16 22:51:30',120,0,20),(3324,11,309,26,7.8421052631579,'les proprietes',0,0,2,6,11,'2021-10-16 22:51:30','2021-10-16 22:51:30',120,0,20),(3325,11,302,26,11,'Using  language ',0,4,9,2,4,'2021-10-16 22:51:30','2021-10-16 22:51:30',120,0,20),(3326,11,307,26,16.388888888889,'Depart ,train,finish',1,6,12,0,1,'2021-10-16 22:51:30','2021-10-16 22:51:30',120,0,20),(3327,11,359,25,11,'FONCTIONING OF TISSUES',7,0,5,8,0,'2021-10-16 22:51:30','2021-10-16 22:51:30',120,0,20),(3328,11,335,24,6.875,'HISTORY',2,0,1,9,0,'2021-10-16 22:51:30','2021-10-16 22:51:30',120,0,20),(3329,11,140,6,17,'Entretient de l\'espace vert',0,1,15,0,0,'2021-10-16 22:51:30','2021-10-16 22:51:30',120,0,20),(3330,11,134,6,4,'POLYNOMES DE DEGRE 2',4,0,1,1,14,'2021-10-16 22:51:30','2021-10-16 22:51:30',120,0,20),(3332,11,163,7,17,'Entretient de l\'espace vert',0,3,4,0,0,'2021-10-16 22:51:30','2021-10-16 22:51:30',120,0,20),(3334,11,141,21,17,'Entretient de l\'espace vert',0,0,10,0,0,'2021-10-16 22:51:30','2021-10-16 22:51:30',120,0,20),(3335,11,144,21,2.2222222222222,'POLYNOMES DE DEGRE 2',1,0,0,0,10,'2021-10-16 22:51:30','2021-10-16 22:51:30',120,0,20),(3336,11,150,21,11.375,'VIE FAMILIALE ET SOCIALE',6,0,4,0,6,'2021-10-16 22:51:30','2021-10-16 22:51:30',120,0,20),(3340,11,179,12,9.8333333333333,'langue francaise',1,1,1,0,2,'2021-10-16 22:51:30','2021-10-16 22:51:30',120,0,20),(3341,11,215,12,11.375,'vivre ensemble',0,1,3,0,0,'2021-10-16 22:51:30','2021-10-16 22:51:30',120,0,20),(3342,11,177,12,9.125,'language ressources',0,0,2,1,1,'2021-10-16 22:51:30','2021-10-16 22:51:30',120,0,20),(3343,11,195,12,6.25,'cooperation mondiale',0,0,0,1,3,'2021-10-16 22:51:30','2021-10-16 22:51:30',120,0,20),(3345,11,176,13,9.7,'language ressources',1,0,2,0,4,'2021-10-16 22:51:30','2021-10-16 22:51:30',120,0,20),(3347,11,222,13,12.916666666667,'situation de la femme',0,0,6,0,0,'2021-10-16 22:51:30','2021-10-16 22:51:30',120,0,20),(3348,11,214,13,13.666666666667,'vivre ensemble',0,0,6,0,0,'2021-10-16 22:51:30','2021-10-16 22:51:30',120,0,20),(3349,11,194,13,7.6666666666667,'cooperation mondiale',0,0,0,0,6,'2021-10-16 22:51:30','2021-10-16 22:51:30',120,0,20),(3350,11,178,13,9.6,'langue francaise',1,0,1,0,5,'2021-10-16 22:51:30','2021-10-16 22:51:30',120,0,20),(3351,11,365,12,11.375,'rôle des organites cellulaires',0,0,2,1,1,'2021-10-16 22:51:30','2021-10-16 22:51:30',120,0,20),(3352,11,362,13,11.666666666667,'rôle des organites cellulaires',0,0,5,0,1,'2021-10-16 22:51:30','2021-10-16 22:51:30',120,0,20),(3353,11,206,15,4,'contante de raideur',0,0,0,1,8,'2021-10-16 22:51:30','2021-10-16 22:51:30',120,0,20),(3354,11,180,15,6.5,'langue francaise',2,0,1,8,0,'2021-10-16 22:51:30','2021-10-16 22:51:30',120,0,20),(3355,11,188,15,7.7857142857143,'analyse dissertation',2,0,4,5,0,'2021-10-16 22:51:30','2021-10-16 22:51:30',120,0,20),(3356,11,216,15,13.5,'vivre ensemble',0,1,8,0,0,'2021-10-16 22:51:30','2021-10-16 22:51:30',120,0,20),(3357,11,185,15,9.4166666666667,'language ressources',3,0,3,6,0,'2021-10-16 22:51:30','2021-10-16 22:51:30',120,0,20),(3358,11,196,15,6.1428571428571,'cooperation mondiale',2,0,0,1,8,'2021-10-16 22:51:30','2021-10-16 22:51:30',120,0,20),(3360,11,207,14,9.25,'constante de raideur',0,0,1,0,1,'2021-10-16 22:51:30','2021-10-16 22:51:30',120,0,20),(3361,11,181,14,6,'langue francaise',0,0,0,0,2,'2021-10-16 22:51:30','2021-10-16 22:51:30',120,0,20),(3362,11,189,14,7,'langue francaise',0,0,0,0,2,'2021-10-16 22:51:30','2021-10-16 22:51:30',120,0,20),(3363,11,217,14,12.25,'vivre ensemble',0,0,2,0,0,'2021-10-16 22:51:30','2021-10-16 22:51:30',120,0,20),(3364,11,184,14,9,'language ressources',1,0,0,0,2,'2021-10-16 22:51:30','2021-10-16 22:51:30',120,0,20),(3365,11,225,14,12.625,'echanges cellulaires',0,0,2,0,0,'2021-10-16 22:51:30','2021-10-16 22:51:30',120,0,20),(3366,11,197,14,8.25,'cooperation mondiale',0,0,0,0,2,'2021-10-16 22:51:30','2021-10-16 22:51:30',120,0,20),(3369,11,284,23,12.454545454545,'langue francaise',0,2,7,1,1,'2021-10-16 22:51:30','2021-10-16 22:51:30',120,0,20),(3370,11,291,23,13.35,'respect for plants',2,3,6,3,0,'2021-10-16 22:51:30','2021-10-16 22:51:30',120,0,20),(3371,11,292,23,13.727272727273,'functioning of tissues',0,3,7,0,1,'2021-10-16 22:51:30','2021-10-16 22:51:30',120,0,20),(3372,11,283,23,14,'national city',8,0,2,3,6,'2021-10-16 22:51:30','2021-10-16 22:51:30',120,0,20),(3373,11,293,23,8.9,'soil,ecosysteme',2,2,4,6,0,'2021-10-16 22:51:30','2021-10-16 22:51:30',120,0,20),(3374,11,264,23,6.3,'ras',2,0,1,11,0,'2021-10-16 22:51:30','2021-10-16 22:51:30',120,0,20),(3375,11,299,23,17,'Entretient de l\'espace vert',0,3,8,0,0,'2021-10-16 22:51:30','2021-10-16 22:51:30',120,0,20),(3376,11,366,23,14,'SIMPLIFYING EQUATIONS',2,2,6,1,2,'2021-10-16 22:51:30','2021-10-16 22:51:30',120,0,20),(3377,11,285,23,9.1818181818182,'ras',0,1,6,2,2,'2021-10-16 22:51:30','2021-10-16 22:51:30',120,0,20),(3378,11,265,23,12.45,'specify heat capacity',1,2,6,1,2,'2021-10-16 22:51:30','2021-10-16 22:51:30',120,0,20),(3379,11,286,23,15.5,' different form business',1,2,8,1,0,'2021-10-16 22:51:30','2021-10-16 22:51:30',120,0,20),(3380,11,290,23,11.181818181818,'standard form numbers',1,2,5,5,0,'2021-10-16 22:51:30','2021-10-16 22:51:30',120,0,20),(3382,11,330,25,13,'Maîtrise de  la langue française',1,2,11,1,0,'2021-10-16 22:51:30','2021-10-16 22:51:30',120,0,20),(3383,11,318,25,8.1538461538462,'reproductive system',0,1,3,9,0,'2021-10-16 22:51:30','2021-10-16 22:51:30',120,0,20),(3384,11,336,25,12.538461538462,'transport and communication',0,2,8,3,0,'2021-10-16 22:51:30','2021-10-16 22:51:30',120,0,20),(3385,11,358,25,12.615384615385,'supply theory',0,2,8,0,3,'2021-10-16 22:51:30','2021-10-16 22:51:30',120,0,20),(3386,11,326,25,10.884615384615,'radioactive subtances',0,2,7,0,4,'2021-10-16 22:51:30','2021-10-16 22:51:30',120,0,20),(3387,11,329,24,6,'finding the image, compositive and domain',2,0,3,8,0,'2021-10-16 22:51:30','2021-10-16 22:51:30',120,0,20),(3390,11,337,24,8.4,'transport and communication',0,0,3,7,0,'2021-10-16 22:51:30','2021-10-16 22:51:30',120,0,20),(3391,11,339,24,5.2222222222222,'WOMEN AND ACCOUNT',1,1,0,9,0,'2021-10-16 22:51:30','2021-10-16 22:51:30',120,0,20),(3392,11,320,24,13.7,'MODE OF TRANSPORT',0,2,7,0,1,'2021-10-16 22:51:30','2021-10-16 22:51:30',120,0,20),(3393,11,357,24,10.3,'supply theory',0,2,4,4,0,'2021-10-16 22:51:30','2021-10-16 22:51:30',120,0,20),(3394,11,333,24,10.5,'Writing',0,2,5,0,3,'2021-10-16 22:51:30','2021-10-16 22:51:30',120,0,20),(3395,11,341,24,1,'RAS',9,0,0,2,8,'2021-10-16 22:51:30','2021-10-16 22:51:30',120,0,20),(3396,11,106,9,14.666666666667,'LES FORMES PHYSIQUES DE L\'ENVIRONNEMENT',0,1,2,0,0,'2021-10-16 22:51:30','2021-10-16 22:51:30',120,0,20),(3397,11,92,9,10.5,'la vie en societe',0,1,2,0,0,'2021-10-16 22:51:30','2021-10-16 22:51:30',120,0,20),(3398,11,102,9,15.5,'les outils linguistique',0,1,2,0,0,'2021-10-16 22:51:30','2021-10-16 22:51:30',120,0,20),(3399,11,101,9,5.5,'les outils linguistique',0,0,0,3,0,'2021-10-16 22:51:30','2021-10-16 22:51:30',120,0,20),(3400,11,112,9,10.416666666667,'la seve brute',0,0,1,1,1,'2021-10-16 22:51:30','2021-10-16 22:51:30',120,0,20),(3401,11,228,9,12.333333333333,'la philosophie',0,1,1,1,0,'2021-10-16 22:51:30','2021-10-16 22:51:30',120,0,20),(3403,11,117,11,5.1730769230769,'representation de lewis',3,0,0,0,16,'2021-10-16 22:51:30','2021-10-16 22:51:30',120,0,20),(3404,11,123,11,5.8392857142857,'les incertitudes',2,0,1,0,15,'2021-10-16 22:51:30','2021-10-16 22:51:30',120,0,20),(3405,11,124,11,7.4333333333333,'langue francaise',1,0,5,0,11,'2021-10-16 22:51:30','2021-10-16 22:51:30',120,0,20),(3406,11,126,11,8.796875,'extraction de la chlorophylle',0,0,8,0,8,'2021-10-16 22:51:30','2021-10-16 22:51:30',120,0,20),(3407,11,120,11,10.59375,'les parties physiques de l\'environnement',0,0,14,2,0,'2021-10-16 22:51:30','2021-10-16 22:51:30',120,0,20),(3408,11,300,4,18,'Entretient de l\'espace vert',0,0,4,0,0,'2021-10-16 22:51:30','2021-10-16 22:51:30',120,0,20),(3410,11,270,4,7.25,'FIRST WORLD WAR',0,0,1,0,3,'2021-10-16 22:51:30','2021-10-16 22:51:30',120,0,20),(3412,11,260,4,14.25,'langue francaise',0,0,4,0,0,'2021-10-16 22:51:30','2021-10-16 22:51:30',120,0,20),(3413,11,271,4,10.5,'FORMS OF BUSINESS',0,0,2,0,2,'2021-10-16 22:51:30','2021-10-16 22:51:30',120,0,20),(3414,11,266,4,5.6666666666667,'respect for plants',1,0,0,0,4,'2021-10-16 22:51:30','2021-10-16 22:51:30',120,0,20),(3415,11,234,4,16,'national unity',0,0,4,0,0,'2021-10-16 22:51:30','2021-10-16 22:51:30',120,0,20),(3416,11,269,4,7.5,'soil,ecosysteme',0,0,2,2,0,'2021-10-16 22:51:30','2021-10-16 22:51:30',120,0,20),(3417,11,272,4,11.5,'distribution goods',0,0,3,0,1,'2021-10-16 22:51:30','2021-10-16 22:51:30',120,0,20),(3418,11,261,4,10,'langue anglaise',0,0,3,0,1,'2021-10-16 22:51:30','2021-10-16 22:51:30',120,0,20),(3419,11,262,4,13.5,'ras',0,0,4,0,0,'2021-10-16 22:51:30','2021-10-16 22:51:30',120,0,20),(3420,11,295,18,0,'ras',29,1,1,27,0,'2021-10-16 22:51:30','2021-10-16 22:51:30',120,0,20),(3426,11,334,24,12.4,'///',0,2,5,3,0,'2021-10-16 22:51:30','2021-10-16 22:51:30',120,0,20),(3427,11,328,25,10.230769230769,'group,combination ,permutation',0,2,5,0,6,'2021-10-16 22:51:30','2021-10-16 22:51:30',120,0,20),(3428,11,327,25,6.5384615384615,'energetics',0,0,3,2,8,'2021-10-16 22:51:30','2021-10-16 22:51:30',120,0,20),(3429,11,332,25,12.576923076923,'Writing',0,2,9,2,0,'2021-10-16 22:51:30','2021-10-16 22:51:30',120,0,20),(3430,11,211,12,10.125,'philosophie',0,1,1,0,2,'2021-10-16 22:51:30','2021-10-16 22:51:30',120,0,20),(3431,11,187,12,9.8333333333333,'langue francaise',1,1,1,0,2,'2021-10-16 22:51:30','2021-10-16 22:51:30',120,0,20),(3432,11,210,13,11.333333333333,'philosophie',0,0,3,0,3,'2021-10-16 22:51:30','2021-10-16 22:51:30',120,0,20),(3433,11,186,13,9.6,'langue francaise',1,0,1,0,5,'2021-10-16 22:51:30','2021-10-16 22:51:30',120,0,20),(3434,11,212,15,8.9375,'philosophie',1,0,4,1,4,'2021-10-16 22:51:30','2021-10-16 22:51:30',120,0,20),(3435,11,224,15,7.0714285714286,'ras',2,0,2,1,6,'2021-10-16 22:51:30','2021-10-16 22:51:30',120,0,20),(3436,11,208,15,5.6666666666667,'taux d\'alcool dans le sang',0,0,1,1,7,'2021-10-16 22:51:30','2021-10-16 22:51:30',120,0,20),(3437,11,213,14,9.5,'philosophie',0,0,1,0,1,'2021-10-16 22:51:30','2021-10-16 22:51:30',120,0,20),(3438,11,209,14,10,'taux d\'alcool dans le sang',0,0,1,0,1,'2021-10-16 22:51:30','2021-10-16 22:51:30',120,0,20),(3439,11,107,10,10.45,'fonds physique',2,3,5,4,0,'2021-10-16 22:51:30','2021-10-16 22:51:30',120,0,20),(3440,11,93,10,7.95,'traductioon',3,2,2,9,0,'2021-10-16 22:51:30','2021-10-16 22:51:30',120,0,20),(3441,11,103,10,8.8076923076923,'langue francaise',0,4,3,6,0,'2021-10-16 22:51:30','2021-10-16 22:51:30',120,0,20),(3442,11,113,10,9.1136363636364,'la seve brute',1,3,2,7,0,'2021-10-16 22:51:30','2021-10-16 22:51:30',120,0,20),(3443,11,100,10,4.85,'langue francaise',3,0,0,13,0,'2021-10-16 22:51:30','2021-10-16 22:51:30',120,0,20),(3444,11,227,10,7.1818181818182,'philosophie',1,0,2,10,0,'2021-10-16 22:51:30','2021-10-16 22:51:30',120,0,20),(3445,11,205,14,7.5,'Numeration',0,0,0,2,0,'2021-10-16 22:51:30','2021-10-16 22:51:30',120,0,20),(3446,11,204,15,5.4444444444444,'Suite arithmétique et geometrique',0,0,0,1,8,'2021-10-16 22:51:30','2021-10-16 22:51:30',120,0,20),(3447,11,287,23,0,'ras',12,0,0,3,9,'2021-10-16 22:51:30','2021-10-16 22:51:30',120,0,20),(3448,11,288,23,8.5454545454545,'vivre ensemble',1,0,7,3,2,'2021-10-16 22:51:30','2021-10-16 22:51:30',120,0,20),(3449,11,233,4,12.5,'le vivre ensemble',0,0,4,0,0,'2021-10-16 22:51:30','2021-10-16 22:51:30',120,0,20),(3451,11,360,25,0,'ras',13,0,0,2,11,'2021-10-16 22:51:30','2021-10-16 22:51:30',120,0,20),(3452,11,338,25,6,'problem force by women',12,0,0,14,0,'2021-10-16 22:51:30','2021-10-16 22:51:30',120,0,20),(3453,11,331,24,11.7,'langue francaise',0,2,8,0,0,'2021-10-16 22:51:30','2021-10-16 22:51:30',120,0,20),(3455,11,278,18,9.2142857142857,'IMPORTANCE OF WATER',1,2,12,1,14,'2021-10-16 22:51:30','2021-10-16 22:51:30',120,0,20),(3456,11,276,18,6.4642857142857,'ras',1,2,8,1,18,'2021-10-16 22:51:30','2021-10-16 22:51:30',120,0,20),(3457,11,282,18,9.9642857142857,'cameroon before 1884',1,1,15,2,11,'2021-10-16 22:51:30','2021-10-16 22:51:30',120,0,20),(3458,11,280,18,10.857142857143,'ADMINISTRATIVE SET UP',1,3,16,0,10,'2021-10-16 22:51:30','2021-10-16 22:51:30',120,0,20),(3459,11,279,18,11.740740740741,'astronomical relations',2,2,17,1,9,'2021-10-16 22:51:30','2021-10-16 22:51:30',120,0,20),(3460,11,232,18,9.0689655172414,'le vivre ensemble',0,1,18,2,8,'2021-10-16 22:51:30','2021-10-16 22:51:30',120,0,20),(3461,11,273,18,10.535714285714,'s exprimer en francais',1,3,12,0,14,'2021-10-16 22:51:30','2021-10-16 22:51:30',120,0,20),(3463,11,274,18,8.44,'speaking',4,2,10,1,16,'2021-10-16 22:51:30','2021-10-16 22:51:30',120,0,20),(3464,11,361,18,12.25,'commerce',1,3,15,0,11,'2021-10-16 22:51:30','2021-10-16 22:51:30',120,0,20),(3465,11,298,18,18,'Entretient de l\'espace vert',0,3,26,0,0,'2021-10-16 22:51:30','2021-10-16 22:51:30',120,0,20),(3466,11,281,18,12.321428571429,'notion and understanding economie',1,3,18,0,8,'2021-10-16 22:51:30','2021-10-16 22:51:30',120,0,20),(3467,11,297,19,18,'Entretient de l\'espace vert',0,5,31,0,0,'2021-10-16 22:51:30','2021-10-16 22:51:30',120,0,20),(3468,11,230,19,12.527777777778,'le vivre ensemble',0,4,27,1,4,'2021-10-16 22:51:30','2021-10-16 22:51:30',120,0,20),(3469,11,231,19,10.652777777778,'langue francaise',0,3,17,16,0,'2021-10-16 22:51:30','2021-10-16 22:51:30',120,0,20),(3470,11,257,19,10.555555555556,'DARK AGE',0,0,20,5,11,'2021-10-16 22:51:30','2021-10-16 22:51:30',120,0,20),(3471,11,247,19,14.685714285714,'SPEAKING',1,4,26,6,0,'2021-10-16 22:51:30','2021-10-16 22:51:30',120,0,20),(3472,11,248,19,14.514285714286,'LITERATURE',1,3,25,8,0,'2021-10-16 22:51:30','2021-10-16 22:51:30',120,0,20),(3473,11,254,19,11.3125,'reproductive techniques',4,3,19,14,0,'2021-10-16 22:51:30','2021-10-16 22:51:30',120,0,20),(3474,11,250,19,9.1111111111111,'atomic theorie',0,1,15,4,16,'2021-10-16 22:51:30','2021-10-16 22:51:30',120,0,20),(3475,11,259,19,0,'ras',36,0,0,5,31,'2021-10-16 22:51:30','2021-10-16 22:51:30',120,0,20),(3476,11,255,19,0,'ras',36,0,0,5,31,'2021-10-16 22:51:30','2021-10-16 22:51:30',120,0,20),(3477,11,251,19,13.444444444444,'characteristics of motions',0,4,24,1,7,'2021-10-16 22:51:30','2021-10-16 22:51:30',120,0,20),(3478,11,258,19,9.4545454545455,'village',3,2,15,3,16,'2021-10-16 22:51:30','2021-10-16 22:51:30',120,0,20),(3479,11,249,19,13.527777777778,'CACULATING SIMPLE',0,5,22,9,0,'2021-10-16 22:51:30','2021-10-16 22:51:30',120,0,20),(3480,11,256,19,11.823529411765,'MAN IN HIS ENVIRONNEMENT',2,3,23,10,0,'2021-10-16 22:51:30','2021-10-16 22:51:30',120,0,20),(3481,11,296,20,18,'Entretient de l\'espace vert',1,15,33,1,0,'2021-10-16 22:51:30','2021-10-16 22:51:30',120,0,20),(3482,11,64,3,18,'Entretient de l\'espace vert',0,2,14,0,0,'2021-10-16 22:51:30','2021-10-16 22:51:30',120,0,20),(3483,11,58,3,7.9333333333333,'PGCD ET PPCM',1,0,6,2,8,'2021-10-16 22:51:30','2021-10-16 22:51:30',120,0,20),(3484,11,38,3,8.7333333333333,'social integretion',1,0,5,11,0,'2021-10-16 22:51:30','2021-10-16 22:51:30',120,0,20),(3485,11,40,3,14.142857142857,'INSERTION AU SEIN DE L\'ETAT',2,2,12,0,2,'2021-10-16 22:51:30','2021-10-16 22:51:30',120,0,20),(3486,11,62,3,13,'besoins nutritifs des êtres vivants',1,2,12,0,2,'2021-10-16 22:51:30','2021-10-16 22:51:30',120,0,20),(3487,11,56,3,15.678571428571,'le reseau informatque',2,1,12,1,2,'2021-10-16 22:51:30','2021-10-16 22:51:30',120,0,20),(3488,11,46,3,9.28125,'langue francaise',0,0,8,2,6,'2021-10-16 22:51:30','2021-10-16 22:51:30',120,0,20),(3489,11,52,3,9.78125,'langue francaise',0,0,9,2,5,'2021-10-16 22:51:30','2021-10-16 22:51:30',120,0,20),(3490,11,48,3,10.875,'langue francaise',0,1,12,1,2,'2021-10-16 22:51:30','2021-10-16 22:51:30',120,0,20),(3491,11,50,3,11.71875,'langue francaise',0,2,12,0,2,'2021-10-16 22:51:30','2021-10-16 22:51:30',120,0,20),(3492,11,44,3,12.21875,'le cycle menstruel',0,0,12,2,2,'2021-10-16 22:51:30','2021-10-16 22:51:30',120,0,20),(3493,11,42,3,12.875,'le vivre ensemble',0,2,12,0,2,'2021-10-16 22:51:30','2021-10-16 22:51:30',120,0,20),(3494,11,37,3,13.375,'ras',0,2,13,0,1,'2021-10-16 22:51:30','2021-10-16 22:51:30',120,0,20),(3496,11,54,3,11.5,'bonne conscience africaine',4,0,22,4,6,'2021-10-16 22:51:30','2021-10-16 22:51:30',120,0,20),(3497,11,65,17,18,'Entretient de l\'espace vert',1,4,24,1,0,'2021-10-16 22:51:30','2021-10-16 22:51:30',120,0,20),(3498,11,55,17,12.642857142857,'',1,4,19,6,0,'2021-10-16 22:51:30','2021-10-16 22:51:30',120,0,20),(3499,11,59,17,7.5185185185185,'PGCD ET PPCM',2,1,9,19,0,'2021-10-16 22:51:30','2021-10-16 22:51:30',120,0,20),(3500,11,39,17,6.0714285714286,'social integration',1,0,3,5,21,'2021-10-16 22:51:30','2021-10-16 22:51:30',120,0,20),(3501,11,57,17,14.82,'les reseaux informatiques',4,4,19,6,0,'2021-10-16 22:51:30','2021-10-16 22:51:30',120,0,20),(3502,11,47,17,7.5357142857143,'langue francaise',1,1,9,19,0,'2021-10-16 22:51:30','2021-10-16 22:51:30',120,0,20),(3503,11,53,17,10.169642857143,'langue francaise',1,1,15,4,9,'2021-10-16 22:51:30','2021-10-16 22:51:30',120,0,20),(3504,11,49,17,10.964285714286,'langue francaise',1,1,18,4,6,'2021-10-16 22:51:30','2021-10-16 22:51:30',120,0,20),(3505,11,51,17,12.5,'langue francaise',1,3,23,2,1,'2021-10-16 22:51:30','2021-10-16 22:51:30',120,0,20),(3506,11,43,17,13.37037037037,'le vivre ensemble',2,4,21,1,3,'2021-10-16 22:51:30','2021-10-16 22:51:30',120,0,20),(3507,11,45,17,13.617857142857,'',1,4,23,1,1,'2021-10-16 22:51:30','2021-10-16 22:51:30',120,0,20),(3508,11,63,17,12.419642857143,'besoins nutritifs des êtres vivants',1,3,23,2,1,'2021-10-16 22:51:30','2021-10-16 22:51:30',120,0,20),(3509,11,41,17,13.892857142857,'insertion au sein de l\'Etat',1,4,24,1,0,'2021-10-16 22:51:30','2021-10-16 22:51:30',120,0,20),(3510,11,36,17,13.096153846154,'',3,4,22,1,2,'2021-10-16 22:51:30','2021-10-16 22:51:30',120,0,20),(3511,11,27,16,22.794117647059,'Entretient de l\'espace vert',0,6,28,0,0,'2021-10-16 22:51:30','2021-10-16 22:51:30',120,0,20),(3512,11,5,16,11.424242424242,'PRODUCTION DES PHRASES ET TEXTE',1,2,18,4,10,'2021-10-16 22:51:30','2021-10-16 22:51:30',120,0,20),(3513,11,263,4,4.25,'writing numbers instandard form,decimal place and significant',0,0,0,4,0,'2021-10-16 22:51:30','2021-10-16 22:51:30',120,0,20),(3516,11,294,18,11.339285714286,'Physical quantities',1,3,19,7,0,'2021-10-16 22:51:30','2021-10-16 22:51:30',120,0,20),(3519,11,109,10,11.25,'ARCHITECTURE DES ORDINATEURS',4,2,3,3,4,'2021-10-16 22:51:30','2021-10-16 22:51:30',120,0,20),(3520,11,97,10,12.833333333333,'ras',3,3,5,2,2,'2021-10-16 22:51:30','2021-10-16 22:51:30',120,0,20),(3521,11,108,9,10,'ARCHITECTURE DES ORDINATEURS',0,1,2,0,0,'2021-10-16 22:51:30','2021-10-16 22:51:30',120,0,20),(3523,11,96,9,14,'ras',0,2,4,0,0,'2021-10-16 22:51:30','2021-10-16 22:51:30',120,0,20),(3524,11,121,11,9.3461538461538,'ARCHITECTURE DES ORDINATEURS',3,0,8,0,8,'2021-10-16 22:51:30','2021-10-16 22:51:30',120,0,20),(3526,11,125,11,4.9230769230769,'langue francaise',3,0,1,0,15,'2021-10-16 22:51:30','2021-10-16 22:51:30',120,0,20),(3527,11,118,11,12.153846153846,'promouvoir une activite generatrice de revenu',3,0,12,4,0,'2021-10-16 22:51:30','2021-10-16 22:51:30',120,0,20),(3529,11,312,26,11.805555555556,'ARCHITECTURE DES ORDINATEURS',1,2,10,7,0,'2021-10-16 22:51:30','2021-10-16 22:51:30',120,0,20),(3531,11,310,26,8.2368421052632,'calcul des incertitudes',0,1,4,14,0,'2021-10-16 22:51:30','2021-10-16 22:51:30',120,0,20),(3532,11,311,26,7.1973684210526,'representation de lewis et ecriture d\'une molecule',0,1,2,16,0,'2021-10-16 22:51:30','2021-10-16 22:51:30',120,0,20),(3534,11,313,26,11.684210526316,'ras',0,3,10,6,0,'2021-10-16 22:51:30','2021-10-16 22:51:30',120,0,20),(3535,11,303,26,6.1052631578947,'ras',0,0,1,6,12,'2021-10-16 22:51:30','2021-10-16 22:51:30',120,0,20),(3536,11,305,26,14.078947368421,'ras',0,6,13,0,0,'2021-10-16 22:51:30','2021-10-16 22:51:30',120,0,20),(3537,11,304,26,11.526315789474,'ras',0,3,10,3,3,'2021-10-16 22:51:30','2021-10-16 22:51:30',120,0,20),(3538,11,306,26,13.368421052632,'ras',0,6,13,0,0,'2021-10-16 22:51:30','2021-10-16 22:51:30',120,0,20),(3541,11,156,7,6.2857142857143,'ras',0,0,1,3,3,'2021-10-16 22:51:30','2021-10-16 22:51:30',120,0,20),(3542,11,162,7,13.142857142857,'le vivre ensemble',0,2,4,1,0,'2021-10-16 22:51:30','2021-10-16 22:51:30',120,0,20),(3543,11,155,7,8.5,'ras',0,1,3,2,1,'2021-10-16 22:51:30','2021-10-16 22:51:30',120,0,20),(3544,11,158,7,6.0714285714286,'ras',0,0,1,3,3,'2021-10-16 22:51:30','2021-10-16 22:51:30',120,0,20),(3545,11,159,7,8.6428571428571,'les hydrocarbures',0,0,3,4,0,'2021-10-16 22:51:30','2021-10-16 22:51:30',120,0,20),(3546,11,152,7,7,'ras',0,0,2,3,2,'2021-10-16 22:51:30','2021-10-16 22:51:30',120,0,20),(3547,11,157,7,7.8571428571429,'ras',0,0,2,3,2,'2021-10-16 22:51:30','2021-10-16 22:51:30',120,0,20),(3548,11,160,7,13.892857142857,'Les algorithmes',0,2,4,1,0,'2021-10-16 22:51:30','2021-10-16 22:51:30',120,0,20),(3549,11,161,7,9.125,'ras',1,0,3,3,1,'2021-10-16 22:51:30','2021-10-16 22:51:30',120,0,20),(3550,11,154,7,9.1428571428571,'ras',0,1,3,2,1,'2021-10-16 22:51:30','2021-10-16 22:51:30',120,0,20),(3551,11,153,7,8.5,'ras',0,1,2,2,2,'2021-10-16 22:51:30','2021-10-16 22:51:30',120,0,20),(3552,11,355,7,8.25,'ras',1,0,3,3,1,'2021-10-16 22:51:30','2021-10-16 22:51:30',120,0,20),(3553,11,151,21,7.7,'civics and legal rights',0,0,4,6,0,'2021-10-16 22:51:30','2021-10-16 22:51:30',120,0,20),(3554,11,143,21,13.527777777778,'Les algorithmes',1,0,9,1,0,'2021-10-16 22:51:30','2021-10-16 22:51:30',120,0,20),(3555,11,226,21,8.6,'ras',0,0,4,0,6,'2021-10-16 22:51:30','2021-10-16 22:51:30',120,0,20),(3556,11,149,21,9.9,'ras',0,0,6,0,4,'2021-10-16 22:51:30','2021-10-16 22:51:30',120,0,20),(3557,11,148,21,10.05,'ras',0,0,4,0,6,'2021-10-16 22:51:30','2021-10-16 22:51:30',120,0,20),(3559,11,142,21,13.4,'Le vivre ensemble',0,0,9,1,0,'2021-10-16 22:51:30','2021-10-16 22:51:30',120,0,20),(3560,11,315,21,9.8,'ras',0,0,5,0,5,'2021-10-16 22:51:30','2021-10-16 22:51:30',120,0,20),(3561,11,147,21,5.05,'Maitrise de  la langue francaise',0,0,0,10,0,'2021-10-16 22:51:30','2021-10-16 22:51:30',120,0,20),(3562,11,129,6,8.8571428571429,'ras',2,0,5,1,10,'2021-10-16 22:51:30','2021-10-16 22:51:30',120,0,20),(3563,11,137,6,11.267857142857,'les reseaux informatiques',2,1,10,0,5,'2021-10-16 22:51:30','2021-10-16 22:51:30',120,0,20),(3564,11,35,6,5.6428571428571,'ras',2,0,2,1,13,'2021-10-16 22:51:30','2021-10-16 22:51:30',120,0,20),(3565,11,136,6,7.3846153846154,'ras',3,1,3,0,12,'2021-10-16 22:51:30','2021-10-16 22:51:30',120,0,20),(3566,11,130,6,8.8928571428571,'ras',2,0,7,1,8,'2021-10-16 22:51:30','2021-10-16 22:51:30',120,0,20),(3567,11,131,6,9.75,'développer l\'esprit de créativité',2,1,9,6,0,'2021-10-16 22:51:30','2021-10-16 22:51:30',120,0,20),(3568,11,314,6,10,'ras',4,0,5,1,10,'2021-10-16 22:51:30','2021-10-16 22:51:30',120,0,20),(3569,11,132,6,4.4285714285714,'Maîtrise de  la langue française',2,0,0,16,0,'2021-10-16 22:51:30','2021-10-16 22:51:30',120,0,20),(3570,11,139,6,11.866666666667,'le vivre ensemble',1,1,11,0,4,'2021-10-16 22:51:30','2021-10-16 22:51:30',120,0,20),(3571,11,175,8,17,'Entretient de l\'espace vert',0,2,37,0,0,'2021-10-16 22:51:30','2021-10-16 22:51:30',120,0,20),(3572,11,170,8,5.4871794871795,'ras',0,0,5,34,0,'2021-10-16 22:51:30','2021-10-16 22:51:30',120,0,20),(3573,11,165,8,7.1538461538462,'Maîtrise de  la langue française',0,0,11,28,0,'2021-10-16 22:51:30','2021-10-16 22:51:30',120,0,20),(3574,11,171,8,6.9487179487179,'les hydrocarbures',0,0,6,33,0,'2021-10-16 22:51:30','2021-10-16 22:51:30',120,0,20),(3576,11,173,8,10.555555555556,'Les algorithmes',3,1,21,17,0,'2021-10-16 22:51:30','2021-10-16 22:51:30',120,0,20),(3577,11,169,8,7.0540540540541,'ras',2,0,3,2,34,'2021-10-16 22:51:30','2021-10-16 22:51:30',120,0,20),(3578,11,354,8,8.3823529411765,'l\'esprit scientifique et critique',5,0,16,23,0,'2021-10-16 22:51:30','2021-10-16 22:51:30',120,0,20),(3579,11,172,8,6.3333333333333,'le maintien de l\'identité biologique',15,0,5,34,0,'2021-10-16 22:51:30','2021-10-16 22:51:30',120,0,20),(3580,11,167,8,10.486486486486,'développer l\'esprit de créativité',2,1,23,15,0,'2021-10-16 22:51:30','2021-10-16 22:51:30',120,0,20),(3581,11,168,8,9.9487179487179,'rôle d\'une ONG',0,1,24,14,0,'2021-10-16 22:51:30','2021-10-16 22:51:30',120,0,20),(3582,11,164,8,8.8684210526316,'civics and legal rights',1,0,15,24,0,'2021-10-16 22:51:30','2021-10-16 22:51:30',120,0,20),(3583,11,174,8,13.25641025641,'le vivre ensemble',0,1,35,1,2,'2021-10-16 22:51:30','2021-10-16 22:51:30',120,0,20),(3585,11,166,8,7.0512820512821,'Maîtrise de  la langue française',0,1,7,31,0,'2021-10-16 22:51:30','2021-10-16 22:51:30',120,0,20),(3586,11,78,1,19,'Entretient de l\'espace vert',0,8,55,0,0,'2021-10-16 22:51:30','2021-10-16 22:51:30',120,0,20),(3589,11,76,1,7.9166666666667,'LES NOMBRES PREMIERS',9,18,45,6,120,'2021-10-16 22:51:30','2021-10-16 22:51:30',120,0,20),(3590,11,69,1,11.563492063492,'LES APPAREILS GENITAUX',0,5,46,3,9,'2021-10-16 22:51:30','2021-10-16 22:51:30',120,0,20),(3591,11,77,1,10.388888888889,'ras',0,5,33,3,22,'2021-10-16 22:51:30','2021-10-16 22:51:30',120,0,20),(3592,11,66,1,11.661016949153,'Using language ',4,5,40,18,0,'2021-10-16 22:51:30','2021-10-16 22:51:30',120,0,20),(3593,11,75,1,12.874603174603,'le materiel informatique',0,8,42,13,0,'2021-10-16 22:51:30','2021-10-16 22:51:30',120,0,20),(3595,11,74,1,11.603174603175,'les aspects sociaux politiques du Cameroun',0,7,42,14,0,'2021-10-16 22:51:30','2021-10-16 22:51:30',120,0,20),(3596,11,67,1,14.532786885246,'ras',2,7,48,1,7,'2021-10-16 22:51:30','2021-10-16 22:51:30',120,0,20),(3597,11,133,6,8.5,'langue francaise',3,0,6,1,9,'2021-10-16 22:51:30','2021-10-16 22:51:30',120,0,20),(3598,11,146,21,9.1,'langue francaise',0,0,5,0,5,'2021-10-16 22:51:30','2021-10-16 22:51:30',120,0,20),(3599,11,68,1,14.883333333333,'le vivre ensemble',3,8,52,0,3,'2021-10-16 22:51:30','2021-10-16 22:51:30',120,0,20),(3600,11,70,1,7.484126984127,'langue francaise',0,1,23,7,32,'2021-10-16 22:51:30','2021-10-16 22:51:30',120,0,20),(3601,11,73,1,11.796825396825,'langue francaise',0,4,45,4,10,'2021-10-16 22:51:30','2021-10-16 22:51:30',120,0,20),(3602,11,71,1,10.214285714286,'langue francaise',0,4,36,4,19,'2021-10-16 22:51:30','2021-10-16 22:51:30',120,0,20),(3603,11,72,1,11.761904761905,'langue francaise',0,5,48,3,7,'2021-10-16 22:51:30','2021-10-16 22:51:30',120,0,20),(3605,11,246,20,0,'ras',48,0,0,15,33,'2021-10-16 22:51:30','2021-10-16 22:51:30',120,0,20),(3606,11,242,20,0,'ras',49,0,0,49,0,'2021-10-16 22:51:30','2021-10-16 22:51:30',120,0,20),(3607,11,235,20,10.222222222222,'langue francaise',4,4,21,24,0,'2021-10-16 22:51:30','2021-10-16 22:51:30',120,0,20),(3608,11,243,20,12.106382978723,'ras',2,12,28,9,0,'2021-10-16 22:51:30','2021-10-16 22:51:30',120,0,20),(3609,11,244,20,9.8297872340426,'the importance of studies history',2,5,20,24,0,'2021-10-16 22:51:30','2021-10-16 22:51:30',120,0,20),(3610,11,245,20,8.9111111111111,'ras',4,6,17,26,0,'2021-10-16 22:51:30','2021-10-16 22:51:30',120,0,20),(3611,11,238,20,12.795918367347,'writing numerals and using number line',0,10,29,10,0,'2021-10-16 22:51:30','2021-10-16 22:51:30',120,0,20),(3612,11,240,20,14.340425531915,'The world of science',2,8,28,13,0,'2021-10-16 22:51:30','2021-10-16 22:51:30',120,0,20),(3613,11,89,2,12.044117647059,'somme et produit des entiers naturels',5,21,29,23,0,'2021-10-16 22:51:30','2021-10-16 22:51:30',120,0,20),(3614,11,90,2,12.396428571429,'ras',3,22,31,20,0,'2021-10-16 22:51:30','2021-10-16 22:51:30',120,0,20),(3615,11,79,2,7.4857142857143,'learning how to make friends',3,6,15,52,0,'2021-10-16 22:51:30','2021-10-16 22:51:30',120,0,20),(3616,11,81,2,15.325396825397,'Le vivre ensemble',10,26,38,9,0,'2021-10-16 22:51:30','2021-10-16 22:51:30',120,0,20),(3617,11,80,2,9.544776119403,'',6,11,23,39,0,'2021-10-16 22:51:30','2021-10-16 22:51:30',120,0,20),(3618,11,86,2,6.1893939393939,'Maîtrise de  la langue française',7,6,9,58,0,'2021-10-16 22:51:30','2021-10-16 22:51:30',120,0,20),(3619,11,84,2,6.9692307692308,'Maîtrise de  la langue française',8,5,11,57,0,'2021-10-16 22:51:30','2021-10-16 22:51:30',120,0,20),(3620,11,85,2,11.205882352941,'Maîtrise de  la langue française',5,29,39,5,0,'2021-10-16 22:51:30','2021-10-16 22:51:30',120,0,20),(3621,11,83,2,7.3939393939394,'Maîtrise de  la langue française',7,7,13,53,0,'2021-10-16 22:51:30','2021-10-16 22:51:30',120,0,20),(3622,11,87,2,11.523076923077,'l\'heritage des civilisations anciennes',8,23,28,22,0,'2021-10-16 22:51:30','2021-10-16 22:51:30',120,0,20),(3623,11,88,2,15.080882352941,'l\' histoire de la création des ordinateurs',5,28,39,6,0,'2021-10-16 22:51:30','2021-10-16 22:51:30',120,0,20),(3624,11,82,2,12.215277777778,'les bases de l’économie sociale et familiale',1,26,33,14,0,'2021-10-16 22:51:30','2021-10-16 22:51:30',120,0,20),(3628,11,33,16,12.28125,'identification des grosses précoces',2,3,22,9,0,'2021-10-16 22:51:30','2021-10-16 22:51:30',120,0,20),(3630,11,25,16,8.6515151515152,'ras',1,2,8,4,20,'2021-10-16 22:51:30','2021-10-16 22:51:30',120,0,20),(3631,11,4,16,6.9090909090909,'Using language ',1,2,6,26,0,'2021-10-16 22:51:30','2021-10-16 22:51:30',120,0,20),(3632,11,7,16,9.1515151515152,'lutte contre toute forme de domination étrangère',1,1,13,20,0,'2021-10-16 22:51:30','2021-10-16 22:51:30',120,0,20),(3633,11,11,16,7.8030303030303,'Maitrise de  la langue francaise',1,0,6,28,0,'2021-10-16 22:51:30','2021-10-16 22:51:30',120,0,20),(3634,11,9,16,10.171875,'Maîtrise de  la langue française',2,4,19,11,0,'2021-10-16 22:51:30','2021-10-16 22:51:30',120,0,20),(3635,11,19,16,9.8359375,'les systèmes de numération',2,5,11,18,0,'2021-10-16 22:51:30','2021-10-16 22:51:30',120,0,20),(3636,11,31,16,12,'Maîtrise de  la langue française',3,5,22,7,0,'2021-10-16 22:51:30','2021-10-16 22:51:30',120,0,20),(3637,11,3,5,11.869565217391,'les membres de la famille',0,1,17,5,0,'2021-10-16 22:51:30','2021-10-16 22:51:30',120,0,20),(3638,11,28,5,15.526315789474,'Le vivre ensemble',4,1,18,4,0,'2021-10-16 22:51:30','2021-10-16 22:51:30',120,0,20),(3639,11,32,5,12.977272727273,'identification des grosses précoces',1,2,17,4,0,'2021-10-16 22:51:30','2021-10-16 22:51:30',120,0,20),(3640,11,2,5,8.4545454545455,'Using language ',1,1,6,16,0,'2021-10-16 22:51:30','2021-10-16 22:51:30',120,0,20),(3641,11,24,5,8.4285714285714,'',2,1,5,17,0,'2021-10-16 22:51:30','2021-10-16 22:51:30',120,0,20),(3642,11,20,5,8.0869565217391,'thales dans la vie pratique',0,1,7,15,0,'2021-10-16 22:51:30','2021-10-16 22:51:30',120,0,20),(3643,11,6,5,9.7608695652174,'lutte contre toute forme de domination etrangere',0,1,8,14,0,'2021-10-16 22:51:30','2021-10-16 22:51:30',120,0,20),(3644,11,10,5,8.6521739130435,'Maitrise de  la langue francaise',0,1,6,16,0,'2021-10-16 22:51:30','2021-10-16 22:51:30',120,0,20),(3645,11,8,5,10.954545454545,'Maitrise de  la langue francaise',1,2,18,3,0,'2021-10-16 22:51:30','2021-10-16 22:51:30',120,0,20),(3646,11,18,5,10.619565217391,'les systemes de numeration',0,1,14,8,0,'2021-10-16 22:51:30','2021-10-16 22:51:30',120,0,20),(3647,11,30,5,12.181818181818,'Maitrise de  la langue francaise',1,2,18,3,0,'2021-10-16 22:51:30','2021-10-16 22:51:30',120,0,20),(3648,12,37,3,15.933333333333,'ras',1,1,13,1,1,'2021-10-16 22:51:30','2021-10-16 22:51:30',120,0,20),(3649,12,40,3,10.6,'ras',1,0,6,2,8,'2021-10-16 22:51:30','2021-10-16 22:51:30',120,0,20),(3650,12,46,3,12.133333333333,'ras',1,0,11,2,3,'2021-10-16 22:51:30','2021-10-16 22:51:30',120,0,20),(3651,12,48,3,9.1333333333333,'ras',1,0,7,2,7,'2021-10-16 22:51:30','2021-10-16 22:51:30',120,0,20),(3652,12,50,3,12.633333333333,'ras',1,2,12,0,2,'2021-10-16 22:51:30','2021-10-16 22:51:30',120,0,20),(3653,12,52,3,9.7666666666667,'ras',1,0,9,2,5,'2021-10-16 22:51:30','2021-10-16 22:51:30',120,0,20),(3654,12,54,3,11.730769230769,'ras',3,0,8,2,6,'2021-10-16 22:51:30','2021-10-16 22:51:30',120,0,20),(3655,12,56,3,11.333333333333,'ras',1,1,10,1,4,'2021-10-16 22:51:30','2021-10-16 22:51:30',120,0,20),(3656,12,58,3,10.066666666667,'ras',1,0,5,2,9,'2021-10-16 22:51:30','2021-10-16 22:51:30',120,0,20),(3657,12,62,3,14.366666666667,'ras',1,1,13,1,1,'2021-10-16 22:51:30','2021-10-16 22:51:30',120,0,20),(3658,12,44,3,13.642857142857,'ras',2,2,12,0,2,'2021-10-16 22:51:30','2021-10-16 22:51:30',120,0,20),(3659,12,36,17,12.362068965517,'ras',0,2,22,3,2,'2021-10-16 22:51:30','2021-10-16 22:51:30',120,0,20),(3660,12,41,17,11.215517241379,'ras',0,3,19,2,5,'2021-10-16 22:51:30','2021-10-16 22:51:30',120,0,20),(3661,12,47,17,10.068965517241,'ras',0,3,13,2,11,'2021-10-16 22:51:30','2021-10-16 22:51:30',120,0,20),(3662,12,49,17,9.4827586206897,'ras',0,1,13,4,11,'2021-10-16 22:51:30','2021-10-16 22:51:30',120,0,20),(3663,12,51,17,12.396551724138,'ras',0,4,23,1,1,'2021-10-16 22:51:30','2021-10-16 22:51:30',120,0,20),(3664,12,53,17,9.4655172413793,'ras',0,1,11,4,13,'2021-10-16 22:51:30','2021-10-16 22:51:30',120,0,20),(3665,12,55,17,11.801724137931,'ras',0,4,21,1,3,'2021-10-16 22:51:30','2021-10-16 22:51:30',120,0,20),(3666,12,57,17,10.905172413793,'les reseaux informatiques',0,4,20,5,0,'2021-10-16 22:51:30','2021-10-16 22:51:30',120,0,20),(3667,12,59,17,10.241379310345,'ras',0,3,13,2,11,'2021-10-16 22:51:30','2021-10-16 22:51:30',120,0,20),(3668,12,63,17,14.439655172414,'ras',0,4,24,1,0,'2021-10-16 22:51:30','2021-10-16 22:51:30',120,0,20),(3669,12,45,17,13.077586206897,'ras',0,4,24,1,0,'2021-10-16 22:51:30','2021-10-16 22:51:30',120,0,20),(3670,12,75,1,10.841666666667,'ras',3,4,38,4,17,'2021-10-16 22:51:30','2021-10-16 22:51:30',120,0,20),(3671,12,76,1,8.6935483870968,'ras',1,1,22,7,33,'2021-10-16 22:51:30','2021-10-16 22:51:30',120,0,20),(3672,12,77,1,9.4677419354839,'ras',1,2,31,6,24,'2021-10-16 22:51:30','2021-10-16 22:51:30',120,0,20),(3673,12,66,1,10.983870967742,'ras',1,1,36,7,19,'2021-10-16 22:51:30','2021-10-16 22:51:30',120,0,20),(3674,12,67,1,12.55737704918,'ras',2,5,48,3,7,'2021-10-16 22:51:30','2021-10-16 22:51:30',120,0,20),(3675,12,70,1,10.801587301587,'ras',0,2,36,6,19,'2021-10-16 22:51:30','2021-10-16 22:51:30',120,0,20),(3676,12,71,1,10.063492063492,'ras',0,4,29,4,26,'2021-10-16 22:51:30','2021-10-16 22:51:30',120,0,20),(3677,12,72,1,12.087301587302,'ras',0,6,46,2,9,'2021-10-16 22:51:30','2021-10-16 22:51:30',120,0,20),(3678,12,73,1,9.468253968254,'ras',0,1,33,7,22,'2021-10-16 22:51:30','2021-10-16 22:51:30',120,0,20),(3679,12,74,1,10.274193548387,'ras',1,3,36,5,19,'2021-10-16 22:51:30','2021-10-16 22:51:30',120,0,20),(3680,12,69,1,12.885245901639,'ras',2,4,49,4,6,'2021-10-16 22:51:30','2021-10-16 22:51:30',120,0,20),(3681,12,79,2,10.901408450704,'ras',2,16,28,29,0,'2021-10-16 22:51:30','2021-10-16 22:51:30',120,0,20),(3682,12,112,9,12.416666666667,'ras',0,1,2,0,0,'2021-10-16 22:51:30','2021-10-16 22:51:30',120,0,20),(3683,12,108,9,8,'ras',0,1,0,0,2,'2021-10-16 22:51:30','2021-10-16 22:51:30',120,0,20),(3684,12,96,9,10.333333333333,'ras',0,0,2,1,0,'2021-10-16 22:51:30','2021-10-16 22:51:30',120,0,20),(3685,12,102,9,8.3333333333333,'ras',0,0,1,1,1,'2021-10-16 22:51:30','2021-10-16 22:51:30',120,0,20),(3686,12,228,9,10,'ras',0,1,1,0,1,'2021-10-16 22:51:30','2021-10-16 22:51:30',120,0,20),(3687,12,106,9,12,'ras',0,1,2,0,0,'2021-10-16 22:51:30','2021-10-16 22:51:30',120,0,20),(3688,12,98,9,7.6666666666667,'ras',0,1,1,0,1,'2021-10-16 22:51:30','2021-10-16 22:51:30',120,0,20),(3689,12,110,9,7.3333333333333,'ras',0,0,1,1,1,'2021-10-16 22:51:30','2021-10-16 22:51:30',120,0,20),(3690,12,92,9,10.166666666667,'ras',0,0,2,1,0,'2021-10-16 22:51:30','2021-10-16 22:51:30',120,0,20),(3691,12,101,9,7.5,'ras',0,1,0,0,2,'2021-10-16 22:51:30','2021-10-16 22:51:30',120,0,20),(3692,12,114,9,18,'ras',0,1,2,0,0,'2021-10-16 22:51:30','2021-10-16 22:51:30',120,0,20),(3693,12,95,10,7.75,'ras',1,1,3,5,4,'2021-10-16 22:51:30','2021-10-16 22:51:30',120,0,20),(3694,12,97,10,8.6923076923077,'ras',0,2,3,4,4,'2021-10-16 22:51:30','2021-10-16 22:51:30',120,0,20),(3695,12,100,10,5.8333333333333,'ras',1,0,0,6,7,'2021-10-16 22:51:30','2021-10-16 22:51:30',120,0,20),(3696,12,103,10,6.9230769230769,'ras',0,0,0,6,7,'2021-10-16 22:51:30','2021-10-16 22:51:30',120,0,20),(3697,12,107,10,9.9583333333333,'ras',1,2,5,4,2,'2021-10-16 22:51:30','2021-10-16 22:51:30',120,0,20),(3698,12,227,10,6.4583333333333,'ras',1,1,1,5,6,'2021-10-16 22:51:30','2021-10-16 22:51:30',120,0,20),(3699,12,109,10,8.5909090909091,'ras',2,4,2,2,5,'2021-10-16 22:51:30','2021-10-16 22:51:30',120,0,20),(3700,12,111,10,5.6666666666667,'ras',1,1,1,5,6,'2021-10-16 22:51:30','2021-10-16 22:51:30',120,0,20),(3701,12,113,10,9.125,'ras',1,3,2,3,5,'2021-10-16 22:51:30','2021-10-16 22:51:30',120,0,20),(3702,12,99,10,8.8333333333333,'ras',1,2,4,4,3,'2021-10-16 22:51:30','2021-10-16 22:51:30',120,0,20),(3703,12,115,10,16.769230769231,'ras',0,6,6,0,1,'2021-10-16 22:51:30','2021-10-16 22:51:30',120,0,20),(3704,12,310,26,7.9078947368421,'ras',0,1,6,5,7,'2021-10-16 22:51:30','2021-10-16 22:51:30',120,0,20),(3705,12,311,26,7.1710526315789,'ras',0,2,5,4,8,'2021-10-16 22:51:30','2021-10-16 22:51:30',120,0,20),(3706,12,312,26,11.263157894737,'ras',0,3,10,3,3,'2021-10-16 22:51:30','2021-10-16 22:51:30',120,0,20),(3707,12,313,26,11.368421052632,'ras',0,3,11,3,2,'2021-10-16 22:51:30','2021-10-16 22:51:30',120,0,20),(3708,12,302,26,10.421052631579,'ras',0,3,9,3,4,'2021-10-16 22:51:30','2021-10-16 22:51:30',120,0,20),(3709,12,303,26,8.9210526315789,'ras',0,3,3,3,10,'2021-10-16 22:51:30','2021-10-16 22:51:30',120,0,20),(3710,12,304,26,9.8421052631579,'ras',0,0,7,6,6,'2021-10-16 22:51:30','2021-10-16 22:51:30',120,0,20),(3711,12,305,26,10.631578947368,'ras',0,3,11,3,2,'2021-10-16 22:51:30','2021-10-16 22:51:30',120,0,20),(3712,12,306,26,11.5,'ras',0,6,12,0,1,'2021-10-16 22:51:30','2021-10-16 22:51:30',120,0,20),(3713,12,307,26,11.447368421053,'ras',0,6,10,0,3,'2021-10-16 22:51:30','2021-10-16 22:51:30',120,0,20),(3716,12,117,11,2.6875,'ras',0,0,0,0,16,'2021-10-16 22:51:30','2021-10-16 22:51:30',120,0,20),(3717,12,121,11,8.4375,'ras',0,0,7,0,9,'2021-10-16 22:51:30','2021-10-16 22:51:30',120,0,20),(3718,12,123,11,3.96875,'ras',0,0,0,0,16,'2021-10-16 22:51:30','2021-10-16 22:51:30',120,0,20),(3719,12,126,11,8.953125,'ras',0,0,8,0,8,'2021-10-16 22:51:30','2021-10-16 22:51:30',120,0,20),(3720,12,116,11,9.03125,'ras',0,0,6,0,10,'2021-10-16 22:51:30','2021-10-16 22:51:30',120,0,20),(3721,12,118,11,7.6538461538462,'ras',3,0,4,0,12,'2021-10-16 22:51:30','2021-10-16 22:51:30',120,0,20),(3722,12,120,11,8.5,'ras',2,0,3,0,13,'2021-10-16 22:51:30','2021-10-16 22:51:30',120,0,20),(3723,12,124,11,6.96875,'ras',0,0,3,13,0,'2021-10-16 22:51:30','2021-10-16 22:51:30',120,0,20),(3724,12,125,11,6.0625,'ras',0,0,1,0,15,'2021-10-16 22:51:30','2021-10-16 22:51:30',120,0,20),(3725,12,119,11,8.8666666666667,'ras',1,0,10,0,6,'2021-10-16 22:51:30','2021-10-16 22:51:30',120,0,20),(3726,12,127,11,18,'ras',0,0,16,0,0,'2021-10-16 22:51:30','2021-10-16 22:51:30',120,0,20),(3727,12,231,19,13.485294117647,'ras',2,4,28,1,3,'2021-10-16 22:51:30','2021-10-16 22:51:30',120,0,20),(3728,12,247,19,14.083333333333,'ras',0,3,29,2,2,'2021-10-16 22:51:30','2021-10-16 22:51:30',120,0,20),(3729,12,248,19,15.444444444444,'ras',0,4,27,1,4,'2021-10-16 22:51:30','2021-10-16 22:51:30',120,0,20),(3730,12,256,19,15.069444444444,'ras',0,4,30,1,1,'2021-10-16 22:51:30','2021-10-16 22:51:30',120,0,20),(3731,12,258,19,10.361111111111,'ras',0,3,22,2,9,'2021-10-16 22:51:30','2021-10-16 22:51:30',120,0,20),(3732,12,249,19,11.388888888889,'ras',0,5,20,0,11,'2021-10-16 22:51:30','2021-10-16 22:51:30',120,0,20),(3733,12,250,19,9.0138888888889,'ras',0,2,13,3,18,'2021-10-16 22:51:30','2021-10-16 22:51:30',120,0,20),(3735,12,254,19,11.256944444444,'ras',0,2,23,3,8,'2021-10-16 22:51:30','2021-10-16 22:51:30',120,0,20),(3736,12,230,19,12.625,'ras',0,4,28,1,3,'2021-10-16 22:51:30','2021-10-16 22:51:30',120,0,20),(3737,12,273,18,10.104166666667,'ras',5,2,12,1,14,'2021-10-16 22:51:30','2021-10-16 22:51:30',120,0,20),(3738,12,274,18,8.8518518518519,'ras',2,2,13,1,13,'2021-10-16 22:51:30','2021-10-16 22:51:30',120,0,20),(3739,12,275,18,9.7142857142857,'ras',1,1,17,11,0,'2021-10-16 22:51:30','2021-10-16 22:51:30',120,0,20),(3740,12,280,18,9.9137931034483,'ras',0,2,15,1,11,'2021-10-16 22:51:30','2021-10-16 22:51:30',120,0,20),(3741,12,281,18,11.137931034483,'ras',0,3,18,8,0,'2021-10-16 22:51:30','2021-10-16 22:51:30',120,0,20),(3742,12,282,18,9.7142857142857,'ras',1,3,14,0,12,'2021-10-16 22:51:30','2021-10-16 22:51:30',120,0,20),(3743,12,361,18,12.448275862069,'ras',0,2,16,1,10,'2021-10-16 22:51:30','2021-10-16 22:51:30',120,0,20),(3744,12,232,18,7.8965517241379,'ras',0,1,17,2,9,'2021-10-16 22:51:30','2021-10-16 22:51:30',120,0,20),(3745,12,276,18,4.5862068965517,'ras',0,2,5,1,21,'2021-10-16 22:51:30','2021-10-16 22:51:30',120,0,20),(3747,12,277,18,6.6428571428571,'ras',1,1,7,2,19,'2021-10-16 22:51:30','2021-10-16 22:51:30',120,0,20),(3748,12,278,18,7.2142857142857,'ras',1,2,7,1,19,'2021-10-16 22:51:30','2021-10-16 22:51:30',120,0,20),(3749,12,279,18,8.1071428571429,'ras',1,1,10,2,16,'2021-10-16 22:51:30','2021-10-16 22:51:30',120,0,20),(3750,12,294,18,12.137931034483,'ras',0,3,19,0,7,'2021-10-16 22:51:30','2021-10-16 22:51:30',120,0,20),(3751,12,80,2,12.133802816901,'ras',2,24,32,17,0,'2021-10-16 22:51:30','2021-10-16 22:51:30',120,0,20),(3752,12,83,2,6.4225352112676,'ras',2,7,7,59,0,'2021-10-16 22:51:30','2021-10-16 22:51:30',120,0,20),(3753,12,84,2,10.394366197183,'ras',2,29,40,4,0,'2021-10-16 22:51:30','2021-10-16 22:51:30',120,0,20),(3754,12,84,2,10.43661971831,'ras',2,30,40,3,0,'2021-10-16 22:51:30','2021-10-16 22:51:30',120,0,20),(3755,12,236,20,12.770833333333,'ras',1,11,30,8,0,'2021-10-16 22:51:30','2021-10-16 22:51:30',120,0,20),(3756,12,85,2,8.9090909090909,'ras',2,16,22,10,20,'2021-10-16 22:51:30','2021-10-16 22:51:30',120,0,20),(3757,12,86,2,8.2816901408451,'ras',2,14,15,44,0,'2021-10-16 22:51:30','2021-10-16 22:51:30',120,0,20),(3758,12,87,2,10.161764705882,'ras',5,16,26,31,0,'2021-10-16 22:51:30','2021-10-16 22:51:30',120,0,20),(3759,12,88,2,11.347826086957,'ras',4,19,21,33,0,'2021-10-16 22:51:30','2021-10-16 22:51:30',120,0,20),(3760,12,90,2,9.4621212121212,'ras',2,15,17,11,25,'2021-10-16 22:51:30','2021-10-16 22:51:30',120,0,20),(3761,12,81,2,12.047945205479,'ras',0,27,39,7,0,'2021-10-16 22:51:30','2021-10-16 22:51:30',120,0,20),(3762,12,82,2,4.8194444444444,'ras',1,2,5,66,0,'2021-10-16 22:51:30','2021-10-16 22:51:30',120,0,20),(3764,12,93,10,7.3076923076923,'ras',0,2,1,4,6,'2021-10-16 22:51:30','2021-10-16 22:51:30',120,0,20),(3765,12,234,4,9.5,'ras',0,0,2,0,2,'2021-10-16 22:51:30','2021-10-16 22:51:30',120,0,20),(3766,12,300,4,18,'le vivre ensemble',0,0,4,0,0,'2021-10-16 22:51:30','2021-10-16 22:51:30',120,0,20),(3767,12,260,4,12.25,'langue francaise',0,0,3,0,1,'2021-10-16 22:51:30','2021-10-16 22:51:30',120,0,20),(3768,12,261,4,10,'ras',0,0,3,0,1,'2021-10-16 22:51:30','2021-10-16 22:51:30',120,0,20),(3769,12,271,4,13,'ras',0,0,4,0,0,'2021-10-16 22:51:30','2021-10-16 22:51:30',120,0,20),(3770,12,272,4,12.25,'ras',0,0,4,0,0,'2021-10-16 22:51:30','2021-10-16 22:51:30',120,0,20),(3771,12,269,4,10,'ras',0,0,4,0,0,'2021-10-16 22:51:30','2021-10-16 22:51:30',120,0,20),(3772,12,270,4,10.5,'ras',0,0,3,0,1,'2021-10-16 22:51:30','2021-10-16 22:51:30',120,0,20),(3774,12,263,4,4,'ras',0,0,0,0,4,'2021-10-16 22:51:30','2021-10-16 22:51:30',120,0,20),(3775,12,266,4,4.75,'ras',0,0,0,0,4,'2021-10-16 22:51:30','2021-10-16 22:51:30',120,0,20),(3776,12,268,4,0,'ras',4,0,0,0,4,'2021-10-16 22:51:30','2021-10-16 22:51:30',120,0,20),(3777,12,233,4,13.125,'ras',0,0,4,0,0,'2021-10-16 22:51:30','2021-10-16 22:51:30',120,0,20),(3778,12,262,4,15.25,'ras',0,0,4,0,0,'2021-10-16 22:51:30','2021-10-16 22:51:30',120,0,20),(3779,12,267,4,0,'ras',4,0,0,0,4,'2021-10-16 22:51:30','2021-10-16 22:51:30',120,0,20),(3780,12,237,20,14.041666666667,'ras',1,8,28,13,0,'2021-10-16 22:51:30','2021-10-16 22:51:30',120,0,20),(3781,12,243,20,10.895833333333,'ras',1,12,28,9,0,'2021-10-16 22:51:30','2021-10-16 22:51:30',120,0,20),(3782,12,244,20,10.895833333333,'ras',1,12,28,9,0,'2021-10-16 22:51:30','2021-10-16 22:51:30',120,0,20),(3783,12,245,20,8.3125,'ras',1,2,15,32,0,'2021-10-16 22:51:30','2021-10-16 22:51:30',120,0,20),(3784,12,238,20,11.354166666667,'ras',0,9,27,6,6,'2021-10-16 22:51:30','2021-10-16 22:51:30',120,0,20),(3785,12,239,20,10.541666666667,'ras',1,8,22,19,0,'2021-10-16 22:51:30','2021-10-16 22:51:30',120,0,20),(3786,12,240,20,12.857142857143,'ras',0,8,25,16,0,'2021-10-16 22:51:30','2021-10-16 22:51:30',120,0,20),(3787,12,241,20,9.6530612244898,'ras',0,5,18,26,0,'2021-10-16 22:51:30','2021-10-16 22:51:30',120,0,20),(3788,12,229,20,10.625,'ras',1,11,26,12,0,'2021-10-16 22:51:30','2021-10-16 22:51:30',120,0,20),(3789,12,296,20,18,'ras',0,15,34,0,0,'2021-10-16 22:51:30','2021-10-16 22:51:30',120,0,20),(3790,12,297,19,18,'ras',0,5,31,0,0,'2021-10-16 22:51:30','2021-10-16 22:51:30',120,0,20),(3792,12,38,3,9.8571428571429,'ras',2,0,5,11,0,'2021-10-16 22:51:30','2021-10-16 22:51:30',120,0,20),(3793,12,60,3,12.333333333333,'ras',1,2,11,0,3,'2021-10-16 22:51:30','2021-10-16 22:51:30',120,0,20),(3794,12,42,3,11.9,'ras',1,2,11,0,3,'2021-10-16 22:51:30','2021-10-16 22:51:30',120,0,20),(3795,12,64,3,18,'ras',0,2,14,0,0,'2021-10-16 22:51:30','2021-10-16 22:51:30',120,0,20),(3796,12,39,17,8.4655172413793,'ras',0,1,10,4,14,'2021-10-16 22:51:30','2021-10-16 22:51:30',120,0,20),(3797,12,61,17,10.775862068966,'ras',0,3,18,2,6,'2021-10-16 22:51:30','2021-10-16 22:51:30',120,0,20),(3798,12,43,17,11.103448275862,'ras',0,4,21,1,3,'2021-10-16 22:51:30','2021-10-16 22:51:30',120,0,20),(3799,12,43,17,11.103448275862,'ras',0,8,42,2,6,'2021-10-16 22:51:30','2021-10-16 22:51:30',120,0,20),(3800,12,65,17,18,'ras',0,5,24,0,0,'2021-10-16 22:51:30','2021-10-16 22:51:30',120,0,20),(3801,12,68,1,14.269841269841,'ras',0,7,51,1,4,'2021-10-16 22:51:30','2021-10-16 22:51:30',120,0,20),(3802,12,78,1,18,'ras',0,8,55,0,0,'2021-10-16 22:51:30','2021-10-16 22:51:30',120,0,20),(3803,12,89,2,10.9,'ras',3,14,30,29,0,'2021-10-16 22:51:30','2021-10-16 22:51:30',120,0,20),(3805,12,91,2,18,'ras',1,31,41,1,0,'2021-10-16 22:51:30','2021-10-16 22:51:30',120,0,20),(3806,12,309,26,6.2105263157895,'',0,1,3,15,0,'2021-10-16 22:51:30','2021-10-16 22:51:30',120,0,20),(3807,12,122,11,3.5333333333333,'ras',1,0,0,16,0,'2021-10-16 22:51:30','2021-10-16 22:51:30',120,0,20),(3808,12,295,18,12.928571428571,'ras',1,3,21,0,5,'2021-10-16 22:51:30','2021-10-16 22:51:30',120,0,20),(3809,12,298,18,15.068965517241,'ras',0,3,21,0,5,'2021-10-16 22:51:30','2021-10-16 22:51:30',120,0,20),(3811,12,242,20,15.723404255319,'ras',1,15,32,0,1,'2021-10-16 22:51:30','2021-10-16 22:51:30',120,0,20),(3812,12,255,19,15.777777777778,'ras',0,5,31,0,0,'2021-10-16 22:51:30','2021-10-16 22:51:30',120,0,20),(3813,12,9,16,9.65625,'ras',2,3,18,3,10,'2021-10-16 22:51:30','2021-10-16 22:51:30',120,0,20),(3814,12,31,16,7.75,'ras',2,0,10,6,18,'2021-10-16 22:51:30','2021-10-16 22:51:30',120,0,20),(3815,12,11,16,7.90625,'ras',2,0,6,6,22,'2021-10-16 22:51:30','2021-10-16 22:51:30',120,0,20),(3816,12,23,16,7.0606060606061,'ras',1,1,6,5,22,'2021-10-16 22:51:30','2021-10-16 22:51:30',120,0,20),(3818,12,25,16,5.9921875,'ras',2,0,3,6,25,'2021-10-16 22:51:30','2021-10-16 22:51:30',120,0,20),(3819,12,13,16,8.5625,'ras',2,1,9,5,19,'2021-10-16 22:51:30','2021-10-16 22:51:30',120,0,20),(3820,12,29,16,11.279411764706,'ras',0,6,21,0,7,'2021-10-16 22:51:30','2021-10-16 22:51:30',120,0,20),(3821,12,15,16,8.515625,'ras',2,3,11,3,17,'2021-10-16 22:51:30','2021-10-16 22:51:30',120,0,20),(3823,12,7,16,10.80303030303,'ras',2,8,42,4,14,'2021-10-16 22:51:30','2021-10-16 22:51:30',120,0,20),(3824,12,19,16,12.220588235294,'ras',0,6,26,0,2,'2021-10-16 22:51:30','2021-10-16 22:51:30',120,0,20),(3825,12,33,16,7,'ras',0,0,8,6,20,'2021-10-16 22:51:30','2021-10-16 22:51:30',120,0,20),(3826,12,5,16,11.588235294118,'ras',0,2,22,4,6,'2021-10-16 22:51:30','2021-10-16 22:51:30',120,0,20),(3827,12,4,16,7.3712121212121,'ras',1,0,2,6,26,'2021-10-16 22:51:30','2021-10-16 22:51:30',120,0,20),(3829,12,27,16,17.5,'ras',0,6,27,0,1,'2021-10-16 22:51:30','2021-10-16 22:51:30',120,0,20),(3830,12,21,16,3.8484848484848,'ras',1,0,0,6,28,'2021-10-16 22:51:30','2021-10-16 22:51:30',120,0,20),(3831,12,30,5,7.5217391304348,'ras',0,1,5,17,0,'2021-10-16 22:51:30','2021-10-16 22:51:30',120,0,20),(3832,12,8,5,10.105263157895,'ras',4,1,12,10,0,'2021-10-16 22:51:30','2021-10-16 22:51:30',120,0,20),(3833,12,10,5,8.5217391304348,'ras',0,1,5,17,0,'2021-10-16 22:51:30','2021-10-16 22:51:30',120,0,20),(3834,12,12,5,8.7173913043478,'ras',0,2,4,17,0,'2021-10-16 22:51:30','2021-10-16 22:51:30',120,0,20),(3835,12,2,5,8.304347826087,'ras',0,1,3,19,0,'2021-10-16 22:51:30','2021-10-16 22:51:30',120,0,20),(3836,12,3,5,11.260869565217,'ras',0,1,15,7,0,'2021-10-16 22:51:30','2021-10-16 22:51:30',120,0,20),(3837,12,6,5,12.239130434783,'ras',0,2,19,2,0,'2021-10-16 22:51:30','2021-10-16 22:51:30',120,0,20),(3838,12,14,5,9.0869565217391,'ras',0,2,8,13,0,'2021-10-16 22:51:30','2021-10-16 22:51:30',120,0,20),(3839,12,18,5,14.217391304348,'ras',0,2,21,0,0,'2021-10-16 22:51:30','2021-10-16 22:51:30',120,0,20),(3840,12,20,5,5.1739130434783,'ras',0,1,0,22,0,'2021-10-16 22:51:30','2021-10-16 22:51:30',120,0,20),(3841,12,22,5,8,'ras',0,0,7,16,0,'2021-10-16 22:51:30','2021-10-16 22:51:30',120,0,20),(3842,12,24,5,6.6363636363636,'ras',1,1,2,20,0,'2021-10-16 22:51:30','2021-10-16 22:51:30',120,0,20),(3843,12,26,5,18,'ras',0,2,21,0,0,'2021-10-16 22:51:30','2021-10-16 22:51:30',120,0,20),(3844,12,28,5,13.35,'ras',3,2,17,4,0,'2021-10-16 22:51:30','2021-10-16 22:51:30',120,0,20),(3845,12,32,5,8.175,'ras',0,0,6,2,12,'2021-10-16 22:51:30','2021-10-16 22:51:30',120,0,20),(3846,12,299,23,18,'Entretient de l\'espace vert',0,3,9,0,0,'2021-10-16 22:51:30','2021-10-16 22:51:30',120,0,20),(3847,12,283,23,16.5,'ras',10,0,2,3,7,'2021-10-16 22:51:30','2021-10-16 22:51:30',120,0,20),(3848,12,284,23,10.666666666667,'langue francaise',0,2,6,1,3,'2021-10-16 22:51:30','2021-10-16 22:51:30',120,0,20),(3849,12,285,23,9.6666666666667,'ras',0,0,7,3,2,'2021-10-16 22:51:30','2021-10-16 22:51:30',120,0,20),(3850,12,286,23,15.166666666667,'ras',0,3,9,0,0,'2021-10-16 22:51:30','2021-10-16 22:51:30',120,0,20),(3852,12,293,23,11,'ras',0,3,8,0,1,'2021-10-16 22:51:30','2021-10-16 22:51:30',120,0,20),(3853,12,264,23,8.1666666666667,'ras',0,0,3,3,6,'2021-10-16 22:51:30','2021-10-16 22:51:30',120,0,20),(3854,12,265,23,10.708333333333,'ras',0,2,6,1,3,'2021-10-16 22:51:30','2021-10-16 22:51:30',120,0,20),(3855,12,290,23,8.5,'ras',0,1,4,2,5,'2021-10-16 22:51:30','2021-10-16 22:51:30',120,0,20),(3856,12,291,23,11.395833333333,'ras',0,1,8,2,1,'2021-10-16 22:51:30','2021-10-16 22:51:30',120,0,20),(3857,12,292,23,14.416666666667,'ras',0,3,9,0,0,'2021-10-16 22:51:30','2021-10-16 22:51:30',120,0,20),(3858,12,366,23,9.75,'ras',0,1,6,2,3,'2021-10-16 22:51:30','2021-10-16 22:51:30',120,0,20),(3859,12,288,23,8.7916666666667,'ras',0,0,8,3,1,'2021-10-16 22:51:30','2021-10-16 22:51:30',120,0,20),(3860,12,289,23,0,'ras',12,0,0,3,9,'2021-10-16 22:51:30','2021-10-16 22:51:30',120,0,20),(3861,12,320,24,13.545454545455,'ras',0,2,8,1,0,'2021-10-16 22:51:30','2021-10-16 22:51:30',120,0,20),(3862,12,331,24,7.8863636363636,'ras',0,0,3,2,6,'2021-10-16 22:51:30','2021-10-16 22:51:30',120,0,20),(3863,12,333,24,9.3636363636364,'ras',0,1,5,5,0,'2021-10-16 22:51:30','2021-10-16 22:51:30',120,0,20),(3864,12,334,24,11.7,'ras',1,2,6,0,3,'2021-10-16 22:51:30','2021-10-16 22:51:30',120,0,20),(3865,12,335,24,12,'ras',0,1,7,3,0,'2021-10-16 22:51:30','2021-10-16 22:51:30',120,0,20),(3866,12,337,24,10.7,'ras',1,2,5,0,4,'2021-10-16 22:51:30','2021-10-16 22:51:30',120,0,20),(3867,12,339,24,9.9090909090909,'ras',0,1,6,4,0,'2021-10-16 22:51:30','2021-10-16 22:51:30',120,0,20),(3868,12,357,24,12.681818181818,'ras',0,2,7,0,2,'2021-10-16 22:51:30','2021-10-16 22:51:30',120,0,20),(3869,12,329,24,7.9,'ras',1,0,4,2,5,'2021-10-16 22:51:30','2021-10-16 22:51:30',120,0,20),(3872,12,330,25,11.303571428571,'ras',0,2,9,3,0,'2021-10-16 22:51:30','2021-10-16 22:51:30',120,0,20),(3873,12,332,25,10.357142857143,'ras',0,2,7,0,5,'2021-10-16 22:51:30','2021-10-16 22:51:30',120,0,20),(3874,12,336,25,12.785714285714,'ras',0,2,10,2,0,'2021-10-16 22:51:30','2021-10-16 22:51:30',120,0,20),(3875,12,360,25,0,'ras',14,0,0,2,12,'2021-10-16 22:51:30','2021-10-16 22:51:30',120,0,20),(3876,12,338,25,14,'ras',11,0,3,11,0,'2021-10-16 22:51:30','2021-10-16 22:51:30',120,0,20),(3877,12,318,25,8.0714285714286,'ras',0,0,4,2,8,'2021-10-16 22:51:30','2021-10-16 22:51:30',120,0,20),(3878,12,326,25,9.7142857142857,'ras',0,1,8,5,0,'2021-10-16 22:51:30','2021-10-16 22:51:30',120,0,20),(3879,12,327,25,7.0357142857143,'ras',0,1,4,9,0,'2021-10-16 22:51:30','2021-10-16 22:51:30',120,0,20),(3880,12,328,25,12.571428571429,'ras',0,2,10,2,0,'2021-10-16 22:51:30','2021-10-16 22:51:30',120,0,20),(3881,12,367,25,10.1,'ras',9,0,2,2,10,'2021-10-16 22:51:30','2021-10-16 22:51:30',120,0,20),(3882,12,358,25,14.75,'ras',0,2,11,1,0,'2021-10-16 22:51:30','2021-10-16 22:51:30',120,0,20),(3884,12,359,25,11.090909090909,'ras',3,0,8,6,0,'2021-10-16 22:51:30','2021-10-16 22:51:30',120,0,20),(3885,12,219,12,18,'Entretient de l\'espace vert',0,1,3,0,0,'2021-10-16 22:51:30','2021-10-16 22:51:30',120,0,20),(3886,12,218,13,18,'Entretient de l\'espace vert',0,1,9,0,0,'2021-10-16 22:51:30','2021-10-16 22:51:30',120,0,20),(3887,12,220,15,18,'Entretient de l\'espace vert',0,2,17,0,0,'2021-10-16 22:51:30','2021-10-16 22:51:30',120,0,20),(3888,12,221,14,18,'Entretient de l\'espace vert',0,2,19,0,0,'2021-10-16 22:51:30','2021-10-16 22:51:30',120,0,20),(3889,12,177,12,9.375,'ras',0,0,1,1,2,'2021-10-16 22:51:30','2021-10-16 22:51:30',120,0,20),(3890,12,179,12,9.25,'ras',0,1,1,0,2,'2021-10-16 22:51:30','2021-10-16 22:51:30',120,0,20),(3891,12,187,12,9.25,'ras',0,1,1,0,2,'2021-10-16 22:51:30','2021-10-16 22:51:30',120,0,20),(3892,12,191,12,7.75,'ras',0,0,1,1,2,'2021-10-16 22:51:30','2021-10-16 22:51:30',120,0,20),(3893,12,195,12,10.875,'ras',0,0,3,1,0,'2021-10-16 22:51:30','2021-10-16 22:51:30',120,0,20),(3894,12,211,12,10.625,'ras',0,1,2,0,1,'2021-10-16 22:51:30','2021-10-16 22:51:30',120,0,20),(3895,12,223,12,10.75,'ras',1,0,2,1,1,'2021-10-16 22:51:30','2021-10-16 22:51:30',120,0,20),(3896,12,203,12,7.75,'ras',0,0,1,1,2,'2021-10-16 22:51:30','2021-10-16 22:51:30',120,0,20),(3897,12,365,12,12.75,'ras',1,0,2,1,1,'2021-10-16 22:51:30','2021-10-16 22:51:30',120,0,20),(3898,12,215,12,8.5,'ras',0,1,2,0,1,'2021-10-16 22:51:30','2021-10-16 22:51:30',120,0,20),(3900,12,176,13,9.75,'ras',0,0,4,0,2,'2021-10-16 22:51:30','2021-10-16 22:51:30',120,0,20),(3901,12,178,13,9.75,'ras',0,0,2,0,4,'2021-10-16 22:51:30','2021-10-16 22:51:30',120,0,20),(3902,12,186,13,9.75,'ras',0,0,2,0,4,'2021-10-16 22:51:30','2021-10-16 22:51:30',120,0,20),(3903,12,190,13,7.25,'ras',0,0,0,0,6,'2021-10-16 22:51:30','2021-10-16 22:51:30',120,0,20),(3904,12,194,13,10.416666666667,'ras',0,0,5,0,1,'2021-10-16 22:51:30','2021-10-16 22:51:30',120,0,20),(3905,12,222,13,11.666666666667,'ras',0,0,6,0,0,'2021-10-16 22:51:30','2021-10-16 22:51:30',120,0,20),(3906,12,210,13,11.166666666667,'ras',0,0,5,0,1,'2021-10-16 22:51:30','2021-10-16 22:51:30',120,0,20),(3907,12,198,13,9.7083333333333,'ras',0,0,1,0,5,'2021-10-16 22:51:30','2021-10-16 22:51:30',120,0,20),(3908,12,202,13,6.5,'ras',0,0,2,0,4,'2021-10-16 22:51:30','2021-10-16 22:51:30',120,0,20),(3909,12,362,13,10.041666666667,'ras',0,0,2,0,4,'2021-10-16 22:51:30','2021-10-16 22:51:30',120,0,20),(3910,12,214,13,13.083333333333,'ras',0,0,6,0,0,'2021-10-16 22:51:30','2021-10-16 22:51:30',120,0,20),(3913,12,189,14,7.75,'ras',0,0,0,0,2,'2021-10-16 22:51:30','2021-10-16 22:51:30',120,0,20),(3914,12,181,14,8,'ras',0,0,0,0,2,'2021-10-16 22:51:30','2021-10-16 22:51:30',120,0,20),(3915,12,184,14,8.5,'ras',0,0,1,0,1,'2021-10-16 22:51:30','2021-10-16 22:51:30',120,0,20),(3916,12,225,14,9.875,'ras',0,0,1,0,1,'2021-10-16 22:51:30','2021-10-16 22:51:30',120,0,20),(3917,12,193,14,13,'ras',0,0,2,0,0,'2021-10-16 22:51:30','2021-10-16 22:51:30',120,0,20),(3918,12,197,14,14.25,'ras',0,0,2,0,0,'2021-10-16 22:51:30','2021-10-16 22:51:30',120,0,20),(3919,12,213,14,12,'ras',0,0,2,0,0,'2021-10-16 22:51:30','2021-10-16 22:51:30',120,0,20),(3920,12,217,14,13.75,'ras',0,0,2,0,0,'2021-10-16 22:51:30','2021-10-16 22:51:30',120,0,20),(3921,12,207,14,5.5,'ras',0,0,0,0,2,'2021-10-16 22:51:30','2021-10-16 22:51:30',120,0,20),(3922,12,205,14,7.5,'ras',0,0,0,0,2,'2021-10-16 22:51:30','2021-10-16 22:51:30',120,0,20),(3923,12,209,14,6.5,'ras',0,0,0,0,2,'2021-10-16 22:51:30','2021-10-16 22:51:30',120,0,20),(3924,12,201,14,9,'ras',0,0,0,0,2,'2021-10-16 22:51:30','2021-10-16 22:51:30',120,0,20),(3925,12,188,15,7.7777777777778,'langue francaise',0,0,2,1,6,'2021-10-16 22:51:30','2021-10-16 22:51:30',120,0,20),(3926,12,180,15,6.2222222222222,'ras',0,0,1,1,7,'2021-10-16 22:51:30','2021-10-16 22:51:30',120,0,20),(3927,12,185,15,9.6111111111111,'ras',0,0,4,1,4,'2021-10-16 22:51:30','2021-10-16 22:51:30',120,0,20),(3928,12,192,15,7.5555555555556,'ras',0,0,2,1,6,'2021-10-16 22:51:30','2021-10-16 22:51:30',120,0,20),(3930,12,224,15,8.1666666666667,'ras',0,0,2,1,6,'2021-10-16 22:51:30','2021-10-16 22:51:30',120,0,20),(3931,12,196,15,8.9444444444444,'ras',0,0,5,1,3,'2021-10-16 22:51:30','2021-10-16 22:51:30',120,0,20),(3932,12,212,15,10.444444444444,'ras',0,1,3,0,5,'2021-10-16 22:51:30','2021-10-16 22:51:30',120,0,20),(3933,12,200,15,11.65,'ras',4,0,3,1,5,'2021-10-16 22:51:30','2021-10-16 22:51:30',120,0,20),(3934,12,206,15,4.2222222222222,'ras',0,0,0,1,8,'2021-10-16 22:51:30','2021-10-16 22:51:30',120,0,20),(3935,12,216,15,11.75,'ras',0,0,8,1,0,'2021-10-16 22:51:30','2021-10-16 22:51:30',120,0,20),(3936,12,204,15,3.8888888888889,'ras',0,0,0,1,8,'2021-10-16 22:51:30','2021-10-16 22:51:30',120,0,20),(3938,12,208,15,4.7142857142857,'ras',2,0,0,1,8,'2021-10-16 22:51:30','2021-10-16 22:51:30',120,0,20),(3940,12,163,7,18,'Entretient de l\'espace vert',0,3,4,0,0,'2021-10-16 22:51:30','2021-10-16 22:51:30',120,0,20),(3941,12,140,6,18,'ras',0,1,15,0,0,'2021-10-16 22:51:30','2021-10-16 22:51:30',120,0,20),(3943,12,175,8,18,'Entretient de l\'espace vert',0,2,37,0,0,'2021-10-16 22:51:30','2021-10-16 22:51:30',120,0,20),(3946,12,141,21,18,'ras',0,0,10,0,0,'2021-10-16 22:51:30','2021-10-16 22:51:30',120,0,20),(3947,12,157,7,7.2857142857143,'ras',0,0,2,3,2,'2021-10-16 22:51:30','2021-10-16 22:51:30',120,0,20),(3948,12,160,7,13.928571428571,'ras',0,2,4,1,0,'2021-10-16 22:51:30','2021-10-16 22:51:30',120,0,20),(3949,12,159,7,6.1428571428571,'ras',0,0,2,3,2,'2021-10-16 22:51:30','2021-10-16 22:51:30',120,0,20),(3950,12,158,7,4.6785714285714,'ras',0,0,0,3,4,'2021-10-16 22:51:30','2021-10-16 22:51:30',120,0,20),(3951,12,161,7,8.875,'ras',1,0,3,3,1,'2021-10-16 22:51:30','2021-10-16 22:51:30',120,0,20),(3952,12,152,7,5.4285714285714,'ras',0,0,1,3,3,'2021-10-16 22:51:30','2021-10-16 22:51:30',120,0,20),(3953,12,153,7,10.285714285714,'ras',0,2,4,1,0,'2021-10-16 22:51:30','2021-10-16 22:51:30',120,0,20),(3954,12,154,7,7.7857142857143,'ras',0,1,1,2,3,'2021-10-16 22:51:30','2021-10-16 22:51:30',120,0,20),(3955,12,155,7,6.6071428571429,'ras',0,0,1,3,3,'2021-10-16 22:51:30','2021-10-16 22:51:30',120,0,20),(3956,12,156,7,8.7857142857143,'ras',0,0,4,3,0,'2021-10-16 22:51:30','2021-10-16 22:51:30',120,0,20),(3957,12,162,7,10.964285714286,'ras',0,1,4,2,0,'2021-10-16 22:51:30','2021-10-16 22:51:30',120,0,20),(3958,12,35,6,4.75,'ras',0,0,1,1,14,'2021-10-16 22:51:30','2021-10-16 22:51:30',120,0,20),(3959,12,129,6,8.28125,'ras',0,0,5,1,10,'2021-10-16 22:51:30','2021-10-16 22:51:30',120,0,20),(3960,12,130,6,10.035714285714,'ras',2,1,10,0,5,'2021-10-16 22:51:30','2021-10-16 22:51:30',120,0,20),(3961,12,131,6,6.375,'ras',0,1,0,0,15,'2021-10-16 22:51:30','2021-10-16 22:51:30',120,0,20),(3962,12,132,6,5.2666666666667,'ras',1,0,0,1,15,'2021-10-16 22:51:30','2021-10-16 22:51:30',120,0,20),(3963,12,133,6,6.6333333333333,'ras',1,0,0,1,15,'2021-10-16 22:51:30','2021-10-16 22:51:30',120,0,20),(3964,12,314,6,4.4375,'ras',0,0,0,1,15,'2021-10-16 22:51:30','2021-10-16 22:51:30',120,0,20),(3965,12,136,6,7.6666666666667,'ras',1,0,5,1,10,'2021-10-16 22:51:30','2021-10-16 22:51:30',120,0,20),(3966,12,137,6,9.296875,'ras',0,0,8,1,7,'2021-10-16 22:51:30','2021-10-16 22:51:30',120,0,20),(3967,12,139,6,6.1875,'ras',0,0,5,1,10,'2021-10-16 22:51:30','2021-10-16 22:51:30',120,0,20),(3968,12,134,6,6.5625,'ras',0,0,3,1,12,'2021-10-16 22:51:30','2021-10-16 22:51:30',120,0,20),(3969,12,143,21,8.4,'les reseaux informatiques',0,0,5,0,5,'2021-10-16 22:51:30','2021-10-16 22:51:30',120,0,20),(3970,12,144,21,6.8,'ras',0,0,1,0,9,'2021-10-16 22:51:30','2021-10-16 22:51:30',120,0,20),(3971,12,226,21,11.25,'ras',0,0,8,0,2,'2021-10-16 22:51:30','2021-10-16 22:51:30',120,0,20),(3972,12,146,21,7.9,'ras',0,0,2,0,8,'2021-10-16 22:51:30','2021-10-16 22:51:30',120,0,20),(3974,12,147,21,6.05,'langue francaise',0,0,0,0,10,'2021-10-16 22:51:30','2021-10-16 22:51:30',120,0,20),(3975,12,148,21,7.35,'ras',0,0,2,0,8,'2021-10-16 22:51:30','2021-10-16 22:51:30',120,0,20),(3976,12,149,21,12.25,'ras',0,0,10,0,0,'2021-10-16 22:51:30','2021-10-16 22:51:30',120,0,20),(3977,12,150,21,9.15,'ras',0,0,5,0,5,'2021-10-16 22:51:30','2021-10-16 22:51:30',120,0,20),(3978,12,151,21,7.5,'ras',0,0,2,0,8,'2021-10-16 22:51:30','2021-10-16 22:51:30',120,0,20),(3979,12,315,21,7.2,'ras',0,0,2,0,8,'2021-10-16 22:51:30','2021-10-16 22:51:30',120,0,20),(3980,12,142,21,10.6,'ras',0,0,8,0,2,'2021-10-16 22:51:30','2021-10-16 22:51:30',120,0,20),(3981,12,164,8,9.1794871794872,'',0,1,16,1,21,'2021-10-16 22:51:30','2021-10-16 22:51:30',120,0,20),(3982,12,165,8,8.2948717948718,'langue francaise',0,0,12,2,25,'2021-10-16 22:51:30','2021-10-16 22:51:30',120,0,20),(3983,12,166,8,7.525641025641,'langue francaise',0,0,5,2,32,'2021-10-16 22:51:30','2021-10-16 22:51:30',120,0,20),(3984,12,167,8,7.974358974359,'',0,1,9,1,28,'2021-10-16 22:51:30','2021-10-16 22:51:30',120,0,20),(3985,12,168,8,10.540540540541,'ras',2,0,25,2,12,'2021-10-16 22:51:30','2021-10-16 22:51:30',120,0,20),(3987,12,340,25,0,'R A S',14,0,0,14,0,'2021-10-16 22:51:30','2021-10-16 22:51:30',120,0,20),(3988,12,341,24,1,' R A S',0,0,0,11,0,'2021-10-16 22:51:30','2021-10-16 22:51:30',120,0,20),(3989,11,367,25,8.6,'finding the image, compositive and domain',9,0,1,13,0,'2021-10-16 22:51:30','2021-10-16 22:51:30',120,0,20),(3990,11,277,18,12.96,'Atomic structure',4,3,15,11,0,'2021-10-16 22:51:30','2021-10-16 22:51:30',120,0,20),(3991,11,275,18,0,'speaking and learning',29,0,0,29,0,'2021-10-16 22:51:30','2021-10-16 22:51:30',120,0,20),(3992,12,259,19,0,'ras',36,0,0,5,31,'2021-10-16 22:51:30','2021-10-16 22:51:30',120,0,20),(3993,12,257,19,12.208333333333,'ras',0,4,25,1,6,'2021-10-16 22:51:30','2021-10-16 22:51:30',120,0,20),(3995,12,251,19,14.083333333333,'ras',0,10,62,0,0,'2021-10-16 22:51:30','2021-10-16 22:51:30',120,0,20),(3996,12,199,12,10,'ras',1,1,2,0,1,'2021-10-16 22:51:30','2021-10-16 22:51:30',120,0,20),(3997,12,127,11,18,'ras1',0,0,16,0,0,'2021-10-16 22:51:30','2021-10-16 22:51:30',120,0,20),(4000,12,94,9,12.666666666667,'ras',0,1,2,0,0,'2021-10-16 22:51:30','2021-10-16 22:51:30',120,0,20),(4002,11,20,5,8.0869565217391,'thales dans la vie pratique',0,1,7,15,0,'2021-10-16 22:51:30','2021-10-16 22:51:30',120,0,20),(4003,11,14,5,12.340909090909,'les bases de la démocratie',1,1,15,7,0,'2021-10-16 22:51:30','2021-10-16 22:51:30',120,0,20),(4004,11,12,5,8.9090909090909,'Maîtrise de  la langue française',1,1,8,14,0,'2021-10-16 22:51:30','2021-10-16 22:51:30',120,0,20),(4005,11,26,5,18,'entretenir l\'espace vert',0,2,21,0,0,'2021-10-16 22:51:30','2021-10-16 22:51:30',120,0,20),(4006,11,22,5,9.2826086956522,'determination du nombre de mole',0,1,8,14,0,'2021-10-16 22:51:30','2021-10-16 22:51:30',120,0,20),(4007,12,356,8,16.945945945946,'ras',2,1,36,1,1,'2021-10-16 22:51:30','2021-10-16 22:51:30',120,0,20),(4008,11,356,8,16.945945945946,'le maintien de l\'identité biologique',2,1,36,2,0,'2021-10-16 22:51:30','2021-10-16 22:51:30',120,0,20),(4009,12,169,8,4.6923076923077,'ras',0,0,0,2,37,'2021-10-16 22:51:30','2021-10-16 22:51:30',120,0,20),(4010,12,170,8,2.6987179487179,'ras',0,0,0,2,37,'2021-10-16 22:51:30','2021-10-16 22:51:30',120,0,20),(4011,12,172,8,6.5921052631579,'ras',1,1,2,1,35,'2021-10-16 22:51:30','2021-10-16 22:51:30',120,0,20),(4012,12,174,8,10.75641025641,'ras',0,0,30,2,7,'2021-10-16 22:51:30','2021-10-16 22:51:30',120,0,20),(4015,12,171,8,4.7051282051282,'ras',0,0,2,2,35,'2021-10-16 22:51:30','2021-10-16 22:51:30',120,0,20),(4016,12,355,7,0,'ras',7,0,0,3,4,'2021-10-16 22:51:30','2021-10-16 22:51:30',120,0,20),(4017,12,354,8,0,'ras',39,0,0,2,37,'2021-10-16 22:51:30','2021-10-16 22:51:30',120,0,20),(4018,12,173,8,12.435897435897,'LES AGORITHMES',0,1,32,6,0,'2021-10-16 22:51:30','2021-10-16 22:51:30',120,0,20),(4019,12,246,20,0,'ras',49,0,0,15,34,'2021-10-16 22:51:30','2021-10-16 22:51:30',120,0,20),(4020,12,235,20,14.571428571429,'langue francaise',0,12,34,3,0,'2021-10-16 22:51:30','2021-10-16 22:51:30',120,0,20),(4021,11,60,3,11,'les bases de la physique-chimie',0,0,10,2,4,'2021-10-16 22:51:30','2021-10-16 22:51:30',120,0,20),(4022,11,61,17,11.446428571429,'les bases de la physique-chimie',1,2,18,3,6,'2021-10-16 22:51:30','2021-10-16 22:51:30',120,0,20),(4023,11,91,2,17,'Entretient de l\'espace vert',67,26,42,0,0,'2021-10-16 22:51:30','2021-10-16 22:51:30',120,0,20),(4025,11,229,20,14.071428571429,'le vivre ensemble',7,14,25,1,9,'2021-10-16 22:51:30','2021-10-16 22:51:30',120,0,20),(4026,11,239,20,13.530612244898,'introduction and importance of chemistry',0,15,33,0,1,'2021-10-16 22:51:30','2021-10-16 22:51:30',120,0,20),(4027,11,237,20,11.673469387755,'ras',0,7,27,8,7,'2021-10-16 22:51:30','2021-10-16 22:51:30',120,0,20),(4029,11,236,20,13.34693877551,'making new acquintances and expressin feelings',0,11,28,4,6,'2021-10-16 22:51:30','2021-10-16 22:51:30',120,0,20),(4030,11,241,20,9.9795918367347,'introduction and importance of biology',0,12,29,3,5,'2021-10-16 22:51:30','2021-10-16 22:51:30',120,0,20),(4031,11,29,16,15.5625,'le vivre ensemble',2,5,25,1,3,'2021-10-16 22:51:30','2021-10-16 22:51:30',120,0,20),(4032,11,21,16,6.7941176470588,'THALES DANS LA VIE PRATIQUE',0,2,6,4,22,'2021-10-16 22:51:30','2021-10-16 22:51:30',120,0,20),(4033,11,15,16,11.838235294118,'les fondements de la démocratie',0,5,24,1,4,'2021-10-16 22:51:30','2021-10-16 22:51:30',120,0,20),(4035,11,13,16,11.59375,'langue française',2,5,22,1,6,'2021-10-16 22:51:30','2021-10-16 22:51:30',120,0,20),(4038,11,23,16,8.6470588235294,'Détermination du nombre de mole',0,2,13,4,15,'2021-10-16 22:51:30','2021-10-16 22:51:30',120,0,20),(4043,13,92,9,9.8333333333333,'parler de son environnement, ses causes, conséquences et solutions',0,0,2,1,0,'2021-10-16 22:51:30','2021-10-16 22:51:30',120,0,20),(4045,13,96,9,9.3333333333333,'RAS',0,0,1,1,1,'2021-10-16 22:51:30','2021-10-16 22:51:30',120,0,20),(4046,13,101,9,9.1666666666667,'maîtriser les outils de langue',0,0,1,1,1,'2021-10-16 22:51:30','2021-10-16 22:51:30',120,0,20),(4047,13,94,9,10.666666666667,'using language to elucidate purchases of good and services',0,0,2,1,0,'2021-10-16 22:51:30','2021-10-16 22:51:30',120,0,20),(4048,13,108,9,7.25,'usage du numerique',1,0,1,1,1,'2021-10-16 22:51:30','2021-10-16 22:51:30',120,0,20),(4050,13,106,9,10.666666666667,'decouvrir l\'organisation interne de la terre, les mouvements de l\'écorce terrestre et leurs conséquences sur le relief',0,1,1,0,1,'2021-10-16 22:51:30','2021-10-16 22:51:30',120,0,20),(4051,13,228,9,9,'assimiler l\'initiation philosophique',1,0,1,2,0,'2021-10-16 22:51:30','2021-10-16 22:51:30',120,0,20),(4053,13,102,9,10.666666666667,'maitriser les contours d\'une dissertation',0,0,1,2,0,'2021-10-16 22:51:30','2021-10-16 22:51:30',120,0,20),(4054,13,110,9,9,'maîtrise du taux d\'intérêt',0,0,2,1,0,'2021-10-16 22:51:30','2021-10-16 22:51:30',120,0,20),(4055,13,112,9,16.583333333333,'sensibiliser sur l\'apparition des maladies comme le cancer au sein d\'une famille.',0,1,2,0,0,'2021-10-16 22:51:30','2021-10-16 22:51:30',120,0,20),(4056,13,98,9,11.666666666667,'vivre ensemble',0,1,2,0,0,'2021-10-16 22:51:30','2021-10-16 22:51:30',120,0,20),(4057,13,79,2,8.0298507462687,'Economic life and occupations',6,5,9,59,0,'2021-10-16 22:51:30','2021-10-16 22:51:30',120,0,20),(4058,13,83,2,5.75,'mettre en application les enseignements du module',3,1,10,30,32,'2021-10-16 22:51:30','2021-10-16 22:51:30',120,0,20),(4059,13,84,2,7.865671641791,'mettre en application les enseignements du module',6,5,15,26,27,'2021-10-16 22:51:30','2021-10-16 22:51:30',120,0,20),(4062,13,86,2,9.8897058823529,'mettre en application les enseignements du module',5,16,24,15,18,'2021-10-16 22:51:30','2021-10-16 22:51:30',120,0,20),(4063,13,87,2,10.282608695652,'respecter les institutions traditionnelles',4,22,22,29,0,'2021-10-16 22:51:30','2021-10-16 22:51:30',120,0,20),(4066,13,88,2,13.838461538462,'utilisation des périphériques d\'ordinateur',8,25,32,16,0,'2021-10-16 22:51:30','2021-10-16 22:51:30',120,0,20),(4067,13,89,2,11.838235294118,'nombres décimaux et fractions dans la vie pratique',5,24,33,16,0,'2021-10-16 22:51:30','2021-10-16 22:51:30',120,0,20),(4068,13,80,2,12.484848484848,'être prudent en route afin d\'éviter les accidents de circulation ',7,25,34,14,0,'2021-10-16 22:51:30','2021-10-16 22:51:30',120,0,20),(4069,13,90,2,10.455882352941,'sensibiliser sur les parasites des animaux ',5,19,26,28,0,'2021-10-16 22:51:30','2021-10-16 22:51:30',120,0,20),(4070,13,81,2,13.684931506849,'vivre ensemble ',0,26,39,8,0,'2021-10-16 22:51:30','2021-10-16 22:51:30',120,0,20),(4072,13,75,1,10.205357142857,'les virus informatiques ',7,5,30,3,25,'2021-10-16 22:51:30','2021-10-16 22:51:30',120,0,20),(4073,13,76,1,8.7333333333333,'maîtrise des fractions ',3,3,21,5,34,'2021-10-16 22:51:30','2021-10-16 22:51:30',120,0,20),(4074,13,77,1,11.696428571429,'lutter contre les VIH/ SIDA ',7,8,37,0,18,'2021-10-16 22:51:30','2021-10-16 22:51:30',120,0,20),(4075,13,66,1,8.635593220339,'using  language to discuss on Jobs and professions ',4,2,19,42,0,'2021-10-16 22:51:30','2021-10-16 22:51:30',120,0,20),(4076,13,67,1,14.729508196721,'la promotion de l\'intégration nationale ',2,7,53,3,0,'2021-10-16 22:51:30','2021-10-16 22:51:30',120,0,20),(4077,13,70,1,4.8688524590164,'maîtriser les outils linguistiques ',2,1,10,52,0,'2021-10-16 22:51:30','2021-10-16 22:51:30',120,0,20),(4078,13,71,1,9.8688524590164,'maîtriser les outils linguistiques ',2,3,33,5,22,'2021-10-16 22:51:30','2021-10-16 22:51:30',120,0,20),(4079,13,72,1,10.934426229508,'maîtriser les outils linguistiques ',2,6,40,2,15,'2021-10-16 22:51:30','2021-10-16 22:51:30',120,0,20),(4080,13,73,1,9.0573770491803,'maîtriser les outils linguistiques ',2,3,22,5,33,'2021-10-16 22:51:30','2021-10-16 22:51:30',120,0,20),(4081,13,74,1,11.852459016393,'la promotion de l\'esprit de leadership et de bâtisseur ',2,5,44,14,0,'2021-10-16 22:51:30','2021-10-16 22:51:30',120,0,20),(4082,13,68,1,14.8,'vivre ensemble',8,6,49,8,0,'2021-10-16 22:51:30','2021-10-16 22:51:30',120,0,20),(4083,13,69,1,10.991525423729,'maîtriser les couleurs ',4,5,37,21,0,'2021-10-16 22:51:30','2021-10-16 22:51:30',120,0,20),(4084,13,177,12,8.8333333333333,'talk about  environment ',1,0,2,1,1,'2021-10-16 22:51:30','2021-10-16 22:51:30',120,0,20),(4085,13,179,12,9.3333333333333,'maîtrise de la langue française ',1,0,2,1,1,'2021-10-16 22:51:30','2021-10-16 22:51:30',120,0,20),(4086,13,187,12,9.1666666666667,'maîtrise de la langue française ',1,1,0,0,3,'2021-10-16 22:51:30','2021-10-16 22:51:30',120,0,20),(4087,13,191,12,8.5,'présentation de la guerre froide dans les relations internationales après la deuxième guerre mondiale',2,0,0,1,3,'2021-10-16 22:51:30','2021-10-16 22:51:30',120,0,20),(4088,13,195,12,9.75,'promouvoir notre identité culturelle ',2,0,1,1,2,'2021-10-16 22:51:30','2021-10-16 22:51:30',120,0,20),(4089,13,211,12,10.333333333333,'initiation à la logique et consolidation des requis de la méthodologie de la dissertation philosophique ',1,0,2,1,1,'2021-10-16 22:51:30','2021-10-16 22:51:30',120,0,20),(4090,13,223,12,5.6875,'RAS',0,0,0,1,3,'2021-10-16 22:51:30','2021-10-16 22:51:30',120,0,20),(4091,13,199,12,11.166666666667,'usage socio-culturel de l\'informatique ',1,1,2,0,1,'2021-10-16 22:51:30','2021-10-16 22:51:30',120,0,20),